{"id":10299,"date":"2026-01-19T18:34:03","date_gmt":"2026-01-19T21:34:03","guid":{"rendered":"https:\/\/varietieseym.com.uy\/?post_type=product&#038;p=10299"},"modified":"2026-01-20T12:27:38","modified_gmt":"2026-01-20T15:27:38","slug":"piedra-pomez-piedra-volcanica-para-pies-asperos-y-secos","status":"publish","type":"product","link":"https:\/\/varietieseym.com.uy\/index.php\/producto\/piedra-pomez-piedra-volcanica-para-pies-asperos-y-secos\/","title":{"rendered":"Piedra pomes\/ Piedra volc\u00e1nica para pies \u00e1speros y secos"},"content":{"rendered":"<p>La lima de piedra p\u00f3mez natural aprovecha el aut\u00e9ntico poder de la piedra volc\u00e1nica para transformar los pies \u00e1speros y secos en una piel sedosa y perfecta.<\/p>\n<p>Esta herramienta profesional elimina callos, piel muerta y zonas \u00e1speras dif\u00edciles con facilidad, este exfoliante reutilizable te ofrece resultados de spa en la comodidad de tu hogar.<\/p>\n<p>Beneficios clave<\/p>\n<p>Excelencia Volc\u00e1nica Natural<\/p>\n<p>Piedra p\u00f3mez volc\u00e1nica 100% aut\u00e9ntica<\/p>\n<p>La superficie porosa exfolia suave y eficazmente.<\/p>\n<p>Los minerales naturales promueven una textura de piel m\u00e1s saludable.<\/p>\n<p>Ecol\u00f3gico y de origen sostenible.<\/p>\n<p>Suaviza los talones agrietados y las zonas \u00e1speras.<\/p>\n<p>Mejora la absorci\u00f3n de humectantes.<\/p>\n<p>F\u00e1cil de aplicar: simplemente puedes remojar la parte de la piel con callos en agua tibia hasta que se ablande, luego pon nuestro depurador de pies en el agua jabonosa y limpiarlo suavemente sobre los callos en un movimiento circular, lo que puede quitar eficazmente los callos, lo que te brinda una buena experiencia de uso<br \/>\nSoporte para uso a largo plazo: nuestra esponja p\u00f3mez para pies est\u00e1 hecha principalmente de piedra p\u00f3mez, confiable y segura, se puede utilizar durante mucho tiempo con confianza; es normal tener una peque\u00f1a cantidad de ceniza flotante cuando se usa inicialmente<\/p>\n","protected":false},"excerpt":{"rendered":"<p>La lima de piedra p\u00f3mez natural aprovecha el aut\u00e9ntico poder de la piedra volc\u00e1nica para transformar los pies \u00e1speros y secos en una piel sedosa y perfecta. Esta herramienta profesional elimina callos, piel muerta y zonas \u00e1speras dif\u00edciles con facilidad, este exfoliante reutilizable te ofrece resultados de spa en la comodidad de tu hogar. Beneficios &hellip;<\/p>\n<p class=\"read-more\"> <a class=\"\" href=\"https:\/\/varietieseym.com.uy\/index.php\/producto\/piedra-pomez-piedra-volcanica-para-pies-asperos-y-secos\/\"> <span class=\"screen-reader-text\">Piedra pomes\/ Piedra volc\u00e1nica para pies \u00e1speros y secos<\/span> Leer m\u00e1s &raquo;<\/a><\/p>\n","protected":false},"featured_media":10301,"template":"","meta":{"_uag_custom_page_level_css":"","site-sidebar-layout":"default","site-content-layout":"","ast-site-content-layout":"default","site-content-style":"default","site-sidebar-style":"default","ast-global-header-display":"","ast-banner-title-visibility":"","ast-main-header-display":"","ast-hfb-above-header-display":"","ast-hfb-below-header-display":"","ast-hfb-mobile-header-display":"","site-post-title":"","ast-breadcrumbs-content":"","ast-featured-img":"","footer-sml-layout":"","theme-transparent-header-meta":"default","adv-header-id-meta":"","stick-header-meta":"","header-above-stick-meta":"","header-main-stick-meta":"","header-below-stick-meta":"","astra-migrate-meta-layouts":"set","_joinchat":[]},"product_brand":[],"product_cat":[15],"product_tag":[],"class_list":{"0":"post-10299","1":"product","2":"type-product","3":"status-publish","4":"has-post-thumbnail","6":"product_cat-sin-categorizar","7":"desktop-align-center","8":"tablet-align-left","9":"mobile-align-left","11":"first","12":"instock","13":"shipping-taxable","14":"purchasable","15":"product-type-simple"},"uagb_featured_image_src":{"full":["https:\/\/varietieseym.com.uy\/wp-content\/uploads\/2026\/01\/piedra-pomes6.jpg",564,566,false],"thumbnail":["https:\/\/varietieseym.com.uy\/wp-content\/uploads\/2026\/01\/piedra-pomes6-150x150.jpg",150,150,true],"medium":["https:\/\/varietieseym.com.uy\/wp-content\/uploads\/2026\/01\/piedra-pomes6-300x300.jpg",300,300,true],"medium_large":["https:\/\/varietieseym.com.uy\/wp-content\/uploads\/2026\/01\/piedra-pomes6.jpg",564,566,false],"large":["https:\/\/varietieseym.com.uy\/wp-content\/uploads\/2026\/01\/piedra-pomes6.jpg",564,566,false],"1536x1536":["https:\/\/varietieseym.com.uy\/wp-content\/uploads\/2026\/01\/piedra-pomes6.jpg",564,566,false],"2048x2048":["https:\/\/varietieseym.com.uy\/wp-content\/uploads\/2026\/01\/piedra-pomes6.jpg",564,566,false],"woocommerce_thumbnail":["https:\/\/varietieseym.com.uy\/wp-content\/uploads\/2026\/01\/piedra-pomes6-300x300.jpg",300,300,true],"woocommerce_single":["https:\/\/varietieseym.com.uy\/wp-content\/uploads\/2026\/01\/piedra-pomes6.jpg",564,566,false],"woocommerce_gallery_thumbnail":["https:\/\/varietieseym.com.uy\/wp-content\/uploads\/2026\/01\/piedra-pomes6-100x100.jpg",100,100,true]},"uagb_author_info":{"display_name":"Varietieseym","author_link":"https:\/\/varietieseym.com.uy\/index.php\/author\/"},"uagb_comment_info":0,"uagb_excerpt":"La lima de piedra p\u00f3mez natural aprovecha el aut\u00e9ntico poder de la piedra volc\u00e1nica para transformar los pies \u00e1speros y secos en una piel sedosa y perfecta. Esta herramienta profesional elimina callos, piel muerta y zonas \u00e1speras dif\u00edciles con facilidad, este exfoliante reutilizable te ofrece resultados de spa en la comodidad de tu hogar. Beneficios&hellip;","_links":{"self":[{"href":"https:\/\/varietieseym.com.uy\/index.php\/wp-json\/wp\/v2\/product\/10299","targetHints":{"allow":["GET"]}}],"collection":[{"href":"https:\/\/varietieseym.com.uy\/index.php\/wp-json\/wp\/v2\/product"}],"about":[{"href":"https:\/\/varietieseym.com.uy\/index.php\/wp-json\/wp\/v2\/types\/product"}],"wp:featuredmedia":[{"embeddable":true,"href":"https:\/\/varietieseym.com.uy\/index.php\/wp-json\/wp\/v2\/media\/10301"}],"wp:attachment":[{"href":"https:\/\/varietieseym.com.uy\/index.php\/wp-json\/wp\/v2\/media?parent=10299"}],"wp:term":[{"taxonomy":"product_brand","embeddable":true,"href":"https:\/\/varietieseym.com.uy\/index.php\/wp-json\/wp\/v2\/product_brand?post=10299"},{"taxonomy":"product_cat","embeddable":true,"href":"https:\/\/varietieseym.com.uy\/index.php\/wp-json\/wp\/v2\/product_cat?post=10299"},{"taxonomy":"product_tag","embeddable":true,"href":"https:\/\/varietieseym.com.uy\/index.php\/wp-json\/wp\/v2\/product_tag?post=10299"}],"curies":[{"name":"wp","href":"https:\/\/api.w.org\/{rel}","templated":true}]}}