{"id":10425,"date":"2026-02-02T18:42:57","date_gmt":"2026-02-02T21:42:57","guid":{"rendered":"https:\/\/varietieseym.com.uy\/?post_type=product&#038;p=10425"},"modified":"2026-02-02T18:45:00","modified_gmt":"2026-02-02T21:45:00","slug":"torno-para-unas-35000rpm-con-pantalla-tactil-lcd","status":"publish","type":"product","link":"https:\/\/varietieseym.com.uy\/index.php\/producto\/torno-para-unas-35000rpm-con-pantalla-tactil-lcd\/","title":{"rendered":"Torno Para U\u00f1as 35000rpm Con Pantalla T\u00e1ctil Lcd"},"content":{"rendered":"<p>Combina funcionalidad, comodidad y precisi\u00f3n para brindarte resultados profesionales desde la comodidad de tu hogar.<\/p>\n<p>Su pantalla LCD t\u00e1ctil te permite un control intuitivo y f\u00e1cil de usar.<\/p>\n<p>Puedes seleccionar el modo para manos o pies y ajustar la direcci\u00f3n de giro seg\u00fan tus necesidades. Con su funci\u00f3n de adelante\/retroceso, tendr\u00e1s un control total sobre el proceso de cuidado de tus u\u00f1as. La velocidad regulable te permite personalizar la potencia del torno, adapt\u00e1ndola a tus preferencias y al tipo de trabajo que est\u00e9s realizando. Adem\u00e1s, su funcionamiento silencioso te brinda una experiencia tranquila y relajante.<\/p>\n<p>Con su sistema de portapuntas intercambiables, podr\u00e1s utilizar diferentes brocas seg\u00fan tus necesidades. El set incluye 6 brocas de alta calidad que te permitir\u00e1n limar, pulir y dar forma a tus u\u00f1as de manera precisa. Con una velocidad ajustable de 0 a 35000 RPM, este torno para u\u00f1as te ofrece la potencia necesaria para lograr resultados profesionales.<\/p>\n","protected":false},"excerpt":{"rendered":"<p>Combina funcionalidad, comodidad y precisi\u00f3n para brindarte resultados profesionales desde la comodidad de tu hogar. Su pantalla LCD t\u00e1ctil te permite un control intuitivo y f\u00e1cil de usar. Puedes seleccionar el modo para manos o pies y ajustar la direcci\u00f3n de giro seg\u00fan tus necesidades. Con su funci\u00f3n de adelante\/retroceso, tendr\u00e1s un control total sobre &hellip;<\/p>\n<p class=\"read-more\"> <a class=\"\" href=\"https:\/\/varietieseym.com.uy\/index.php\/producto\/torno-para-unas-35000rpm-con-pantalla-tactil-lcd\/\"> <span class=\"screen-reader-text\">Torno Para U\u00f1as 35000rpm Con Pantalla T\u00e1ctil Lcd<\/span> Leer m\u00e1s &raquo;<\/a><\/p>\n","protected":false},"featured_media":10433,"template":"","meta":{"_uag_custom_page_level_css":"","site-sidebar-layout":"default","site-content-layout":"","ast-site-content-layout":"default","site-content-style":"default","site-sidebar-style":"default","ast-global-header-display":"","ast-banner-title-visibility":"","ast-main-header-display":"","ast-hfb-above-header-display":"","ast-hfb-below-header-display":"","ast-hfb-mobile-header-display":"","site-post-title":"","ast-breadcrumbs-content":"","ast-featured-img":"","footer-sml-layout":"","theme-transparent-header-meta":"default","adv-header-id-meta":"","stick-header-meta":"","header-above-stick-meta":"","header-main-stick-meta":"","header-below-stick-meta":"","astra-migrate-meta-layouts":"set","_joinchat":[]},"product_brand":[],"product_cat":[131,138],"product_tag":[],"class_list":{"0":"post-10425","1":"product","2":"type-product","3":"status-publish","4":"has-post-thumbnail","6":"product_cat-unas","7":"product_cat-tornos","8":"desktop-align-center","9":"tablet-align-left","10":"mobile-align-left","12":"first","13":"instock","14":"shipping-taxable","15":"purchasable","16":"product-type-simple"},"uagb_featured_image_src":{"full":["https:\/\/varietieseym.com.uy\/wp-content\/uploads\/2026\/02\/Torno-tr2130.jpg",613,605,false],"thumbnail":["https:\/\/varietieseym.com.uy\/wp-content\/uploads\/2026\/02\/Torno-tr2130-150x150.jpg",150,150,true],"medium":["https:\/\/varietieseym.com.uy\/wp-content\/uploads\/2026\/02\/Torno-tr2130-300x296.jpg",300,296,true],"medium_large":["https:\/\/varietieseym.com.uy\/wp-content\/uploads\/2026\/02\/Torno-tr2130.jpg",613,605,false],"large":["https:\/\/varietieseym.com.uy\/wp-content\/uploads\/2026\/02\/Torno-tr2130.jpg",613,605,false],"1536x1536":["https:\/\/varietieseym.com.uy\/wp-content\/uploads\/2026\/02\/Torno-tr2130.jpg",613,605,false],"2048x2048":["https:\/\/varietieseym.com.uy\/wp-content\/uploads\/2026\/02\/Torno-tr2130.jpg",613,605,false],"woocommerce_thumbnail":["https:\/\/varietieseym.com.uy\/wp-content\/uploads\/2026\/02\/Torno-tr2130-300x300.jpg",300,300,true],"woocommerce_single":["https:\/\/varietieseym.com.uy\/wp-content\/uploads\/2026\/02\/Torno-tr2130-600x592.jpg",600,592,true],"woocommerce_gallery_thumbnail":["https:\/\/varietieseym.com.uy\/wp-content\/uploads\/2026\/02\/Torno-tr2130-100x100.jpg",100,100,true]},"uagb_author_info":{"display_name":"Varietieseym","author_link":"https:\/\/varietieseym.com.uy\/index.php\/author\/"},"uagb_comment_info":0,"uagb_excerpt":"Combina funcionalidad, comodidad y precisi\u00f3n para brindarte resultados profesionales desde la comodidad de tu hogar. Su pantalla LCD t\u00e1ctil te permite un control intuitivo y f\u00e1cil de usar. Puedes seleccionar el modo para manos o pies y ajustar la direcci\u00f3n de giro seg\u00fan tus necesidades. Con su funci\u00f3n de adelante\/retroceso, tendr\u00e1s un control total sobre&hellip;","_links":{"self":[{"href":"https:\/\/varietieseym.com.uy\/index.php\/wp-json\/wp\/v2\/product\/10425","targetHints":{"allow":["GET"]}}],"collection":[{"href":"https:\/\/varietieseym.com.uy\/index.php\/wp-json\/wp\/v2\/product"}],"about":[{"href":"https:\/\/varietieseym.com.uy\/index.php\/wp-json\/wp\/v2\/types\/product"}],"wp:featuredmedia":[{"embeddable":true,"href":"https:\/\/varietieseym.com.uy\/index.php\/wp-json\/wp\/v2\/media\/10433"}],"wp:attachment":[{"href":"https:\/\/varietieseym.com.uy\/index.php\/wp-json\/wp\/v2\/media?parent=10425"}],"wp:term":[{"taxonomy":"product_brand","embeddable":true,"href":"https:\/\/varietieseym.com.uy\/index.php\/wp-json\/wp\/v2\/product_brand?post=10425"},{"taxonomy":"product_cat","embeddable":true,"href":"https:\/\/varietieseym.com.uy\/index.php\/wp-json\/wp\/v2\/product_cat?post=10425"},{"taxonomy":"product_tag","embeddable":true,"href":"https:\/\/varietieseym.com.uy\/index.php\/wp-json\/wp\/v2\/product_tag?post=10425"}],"curies":[{"name":"wp","href":"https:\/\/api.w.org\/{rel}","templated":true}]}}