{"id":10471,"date":"2026-02-19T15:55:44","date_gmt":"2026-02-19T18:55:44","guid":{"rendered":"https:\/\/varietieseym.com.uy\/?post_type=product&#038;p=10471"},"modified":"2026-02-19T15:56:04","modified_gmt":"2026-02-19T18:56:04","slug":"exfoliante-labial","status":"publish","type":"product","link":"https:\/\/varietieseym.com.uy\/index.php\/producto\/exfoliante-labial\/","title":{"rendered":"Exfoliante Labial"},"content":{"rendered":"<p>Un exfoliante labial ultra atractivo para unos labios ultra sexys. Este delicioso exfoliante labial org\u00e1nico exfolia y rehidrata suavemente con aceite de aguacate, aceite de jojoba, coco, az\u00facar, extracto de remolacha y extracto de fresa, dejando tus delicados labios suaves y tentadores.<\/p>\n<p>Para el tratamiento de labios secos, aplica una cantidad del tama\u00f1o de un guisante sobre los labios h\u00famedos con tu brocha de labios y exfolia con movimientos circulares. \u00dasalo por la noche antes de aplicar el b\u00e1lsamo labial, la crema hidratante, el acondicionador o el s\u00e9rum labial.<\/p>\n<p>Como exfoliante labial para fumadores, frota suavemente los labios tres veces por semana y aplica despu\u00e9s un b\u00e1lsamo labial.<\/p>\n<p>Como prebase de labios, \u00fasalo antes de aplicar el l\u00e1piz labial.<\/p>\n<p>Es ideal para mantener unos labios sanos e hidratados.<\/p>\n","protected":false},"excerpt":{"rendered":"<p>Un exfoliante labial ultra atractivo para unos labios ultra sexys. Este delicioso exfoliante labial org\u00e1nico exfolia y rehidrata suavemente con aceite de aguacate, aceite de jojoba, coco, az\u00facar, extracto de remolacha y extracto de fresa, dejando tus delicados labios suaves y tentadores. Para el tratamiento de labios secos, aplica una cantidad del tama\u00f1o de un &hellip;<\/p>\n<p class=\"read-more\"> <a class=\"\" href=\"https:\/\/varietieseym.com.uy\/index.php\/producto\/exfoliante-labial\/\"> <span class=\"screen-reader-text\">Exfoliante Labial<\/span> Leer m\u00e1s &raquo;<\/a><\/p>\n","protected":false},"featured_media":10485,"template":"","meta":{"_uag_custom_page_level_css":"","site-sidebar-layout":"default","site-content-layout":"","ast-site-content-layout":"default","site-content-style":"default","site-sidebar-style":"default","ast-global-header-display":"","ast-banner-title-visibility":"","ast-main-header-display":"","ast-hfb-above-header-display":"","ast-hfb-below-header-display":"","ast-hfb-mobile-header-display":"","site-post-title":"","ast-breadcrumbs-content":"","ast-featured-img":"","footer-sml-layout":"","theme-transparent-header-meta":"default","adv-header-id-meta":"","stick-header-meta":"","header-above-stick-meta":"","header-main-stick-meta":"","header-below-stick-meta":"","astra-migrate-meta-layouts":"set","_joinchat":[]},"product_brand":[],"product_cat":[253,145],"product_tag":[],"class_list":{"0":"post-10471","1":"product","2":"type-product","3":"status-publish","4":"has-post-thumbnail","6":"product_cat-hidratantes-labios","7":"product_cat-labios","8":"desktop-align-center","9":"tablet-align-left","10":"mobile-align-left","12":"first","13":"instock","14":"shipping-taxable","15":"purchasable","16":"product-type-variable"},"uagb_featured_image_src":{"full":["https:\/\/varietieseym.com.uy\/wp-content\/uploads\/2026\/02\/exfoliante-labial-1.jpg",626,544,false],"thumbnail":["https:\/\/varietieseym.com.uy\/wp-content\/uploads\/2026\/02\/exfoliante-labial-1-150x150.jpg",150,150,true],"medium":["https:\/\/varietieseym.com.uy\/wp-content\/uploads\/2026\/02\/exfoliante-labial-1-300x261.jpg",300,261,true],"medium_large":["https:\/\/varietieseym.com.uy\/wp-content\/uploads\/2026\/02\/exfoliante-labial-1.jpg",626,544,false],"large":["https:\/\/varietieseym.com.uy\/wp-content\/uploads\/2026\/02\/exfoliante-labial-1.jpg",626,544,false],"1536x1536":["https:\/\/varietieseym.com.uy\/wp-content\/uploads\/2026\/02\/exfoliante-labial-1.jpg",626,544,false],"2048x2048":["https:\/\/varietieseym.com.uy\/wp-content\/uploads\/2026\/02\/exfoliante-labial-1.jpg",626,544,false],"woocommerce_thumbnail":["https:\/\/varietieseym.com.uy\/wp-content\/uploads\/2026\/02\/exfoliante-labial-1-300x300.jpg",300,300,true],"woocommerce_single":["https:\/\/varietieseym.com.uy\/wp-content\/uploads\/2026\/02\/exfoliante-labial-1-600x521.jpg",600,521,true],"woocommerce_gallery_thumbnail":["https:\/\/varietieseym.com.uy\/wp-content\/uploads\/2026\/02\/exfoliante-labial-1-100x100.jpg",100,100,true]},"uagb_author_info":{"display_name":"Varietieseym","author_link":"https:\/\/varietieseym.com.uy\/index.php\/author\/"},"uagb_comment_info":0,"uagb_excerpt":"Un exfoliante labial ultra atractivo para unos labios ultra sexys. Este delicioso exfoliante labial org\u00e1nico exfolia y rehidrata suavemente con aceite de aguacate, aceite de jojoba, coco, az\u00facar, extracto de remolacha y extracto de fresa, dejando tus delicados labios suaves y tentadores. Para el tratamiento de labios secos, aplica una cantidad del tama\u00f1o de un&hellip;","_links":{"self":[{"href":"https:\/\/varietieseym.com.uy\/index.php\/wp-json\/wp\/v2\/product\/10471","targetHints":{"allow":["GET"]}}],"collection":[{"href":"https:\/\/varietieseym.com.uy\/index.php\/wp-json\/wp\/v2\/product"}],"about":[{"href":"https:\/\/varietieseym.com.uy\/index.php\/wp-json\/wp\/v2\/types\/product"}],"wp:featuredmedia":[{"embeddable":true,"href":"https:\/\/varietieseym.com.uy\/index.php\/wp-json\/wp\/v2\/media\/10485"}],"wp:attachment":[{"href":"https:\/\/varietieseym.com.uy\/index.php\/wp-json\/wp\/v2\/media?parent=10471"}],"wp:term":[{"taxonomy":"product_brand","embeddable":true,"href":"https:\/\/varietieseym.com.uy\/index.php\/wp-json\/wp\/v2\/product_brand?post=10471"},{"taxonomy":"product_cat","embeddable":true,"href":"https:\/\/varietieseym.com.uy\/index.php\/wp-json\/wp\/v2\/product_cat?post=10471"},{"taxonomy":"product_tag","embeddable":true,"href":"https:\/\/varietieseym.com.uy\/index.php\/wp-json\/wp\/v2\/product_tag?post=10471"}],"curies":[{"name":"wp","href":"https:\/\/api.w.org\/{rel}","templated":true}]}}