{"id":10792,"date":"2026-03-28T21:47:03","date_gmt":"2026-03-29T00:47:03","guid":{"rendered":"https:\/\/varietieseym.com.uy\/?post_type=product&#038;p=10792"},"modified":"2026-04-28T23:45:56","modified_gmt":"2026-04-29T02:45:56","slug":"mascarilla-facial-carbon-activado-50gr","status":"publish","type":"product","link":"https:\/\/varietieseym.com.uy\/index.php\/producto\/mascarilla-facial-carbon-activado-50gr\/","title":{"rendered":"Mascarilla Facial Carb\u00f3n Activado 50gr"},"content":{"rendered":"<p class=\"QN2lPu\"><span dir=\"auto\">La mascarilla facial peel-off de carb\u00f3n activado de Ph\u00e1lleBeauty limpia profundamente los poros sin irritar la piel, manteniendo la hidrataci\u00f3n y proporcionando un efecto desintoxicante.<\/span><\/p>\n<p class=\"QN2lPu\"><span dir=\"auto\"> Su f\u00f3rmula de f\u00e1cil aplicaci\u00f3n contiene ingredientes activos especiales que cuidan tu piel desde la primera aplicaci\u00f3n.<\/span><\/p>\n<p class=\"QN2lPu\"><span dir=\"auto\">Instrucciones de uso:<\/span><\/p>\n<p class=\"QN2lPu\"><span dir=\"auto\">&#8211; Sobre la piel limpia y seca, aplique una capa por todo el rostro, evitando el contorno de los ojos, las cejas y los labios.<\/span><\/p>\n<p class=\"QN2lPu\"><span dir=\"auto\">&#8211; D\u00e9jala secar durante 15-20 minutos. Sabr\u00e1s que est\u00e1 lista para retirar cuando la textura de la mascarilla comience a endurecerse en los bordes, o cuando comience a despegarse por s\u00ed sola y no deje ning\u00fan residuo al tocarla;<\/span><\/p>\n<p class=\"QN2lPu\"><span dir=\"auto\">&#8211; Al retirar la mascarilla, tambi\u00e9n se extraer\u00e1n las c\u00e9lulas muertas de la piel y las impurezas.<\/span><\/p>\n","protected":false},"excerpt":{"rendered":"<p>La mascarilla facial peel-off de carb\u00f3n activado de Ph\u00e1lleBeauty limpia profundamente los poros sin irritar la piel, manteniendo la hidrataci\u00f3n y proporcionando un efecto desintoxicante. Su f\u00f3rmula de f\u00e1cil aplicaci\u00f3n contiene ingredientes activos especiales que cuidan tu piel desde la primera aplicaci\u00f3n. Instrucciones de uso: &#8211; Sobre la piel limpia y seca, aplique una capa &hellip;<\/p>\n<p class=\"read-more\"> <a class=\"\" href=\"https:\/\/varietieseym.com.uy\/index.php\/producto\/mascarilla-facial-carbon-activado-50gr\/\"> <span class=\"screen-reader-text\">Mascarilla Facial Carb\u00f3n Activado 50gr<\/span> Leer m\u00e1s &raquo;<\/a><\/p>\n","protected":false},"featured_media":10793,"template":"","meta":{"_uag_custom_page_level_css":"","site-sidebar-layout":"default","site-content-layout":"","ast-site-content-layout":"default","site-content-style":"default","site-sidebar-style":"default","ast-global-header-display":"","ast-banner-title-visibility":"","ast-main-header-display":"","ast-hfb-above-header-display":"","ast-hfb-below-header-display":"","ast-hfb-mobile-header-display":"","site-post-title":"","ast-breadcrumbs-content":"","ast-featured-img":"","footer-sml-layout":"","theme-transparent-header-meta":"default","adv-header-id-meta":"","stick-header-meta":"","header-above-stick-meta":"","header-main-stick-meta":"","header-below-stick-meta":"","astra-migrate-meta-layouts":"set","_joinchat":[]},"product_brand":[],"product_cat":[245,144],"product_tag":[],"class_list":{"0":"post-10792","1":"product","2":"type-product","3":"status-publish","4":"has-post-thumbnail","6":"product_cat-mascarillas","7":"product_cat-skincare","8":"desktop-align-center","9":"tablet-align-left","10":"mobile-align-left","12":"first","13":"instock","14":"shipping-taxable","15":"purchasable","16":"product-type-simple"},"uagb_featured_image_src":{"full":["https:\/\/varietieseym.com.uy\/wp-content\/uploads\/2026\/03\/mascarilla-de-carbon1.jpg",858,864,false],"thumbnail":["https:\/\/varietieseym.com.uy\/wp-content\/uploads\/2026\/03\/mascarilla-de-carbon1-150x150.jpg",150,150,true],"medium":["https:\/\/varietieseym.com.uy\/wp-content\/uploads\/2026\/03\/mascarilla-de-carbon1-298x300.jpg",298,300,true],"medium_large":["https:\/\/varietieseym.com.uy\/wp-content\/uploads\/2026\/03\/mascarilla-de-carbon1-768x773.jpg",768,773,true],"large":["https:\/\/varietieseym.com.uy\/wp-content\/uploads\/2026\/03\/mascarilla-de-carbon1.jpg",858,864,false],"1536x1536":["https:\/\/varietieseym.com.uy\/wp-content\/uploads\/2026\/03\/mascarilla-de-carbon1.jpg",858,864,false],"2048x2048":["https:\/\/varietieseym.com.uy\/wp-content\/uploads\/2026\/03\/mascarilla-de-carbon1.jpg",858,864,false],"woocommerce_thumbnail":["https:\/\/varietieseym.com.uy\/wp-content\/uploads\/2026\/03\/mascarilla-de-carbon1-300x300.jpg",300,300,true],"woocommerce_single":["https:\/\/varietieseym.com.uy\/wp-content\/uploads\/2026\/03\/mascarilla-de-carbon1-600x604.jpg",600,604,true],"woocommerce_gallery_thumbnail":["https:\/\/varietieseym.com.uy\/wp-content\/uploads\/2026\/03\/mascarilla-de-carbon1-100x100.jpg",100,100,true]},"uagb_author_info":{"display_name":"Varietieseym","author_link":"https:\/\/varietieseym.com.uy\/index.php\/author\/"},"uagb_comment_info":0,"uagb_excerpt":"La mascarilla facial peel-off de carb\u00f3n activado de Ph\u00e1lleBeauty limpia profundamente los poros sin irritar la piel, manteniendo la hidrataci\u00f3n y proporcionando un efecto desintoxicante. Su f\u00f3rmula de f\u00e1cil aplicaci\u00f3n contiene ingredientes activos especiales que cuidan tu piel desde la primera aplicaci\u00f3n. Instrucciones de uso: &#8211; Sobre la piel limpia y seca, aplique una capa&hellip;","_links":{"self":[{"href":"https:\/\/varietieseym.com.uy\/index.php\/wp-json\/wp\/v2\/product\/10792","targetHints":{"allow":["GET"]}}],"collection":[{"href":"https:\/\/varietieseym.com.uy\/index.php\/wp-json\/wp\/v2\/product"}],"about":[{"href":"https:\/\/varietieseym.com.uy\/index.php\/wp-json\/wp\/v2\/types\/product"}],"wp:featuredmedia":[{"embeddable":true,"href":"https:\/\/varietieseym.com.uy\/index.php\/wp-json\/wp\/v2\/media\/10793"}],"wp:attachment":[{"href":"https:\/\/varietieseym.com.uy\/index.php\/wp-json\/wp\/v2\/media?parent=10792"}],"wp:term":[{"taxonomy":"product_brand","embeddable":true,"href":"https:\/\/varietieseym.com.uy\/index.php\/wp-json\/wp\/v2\/product_brand?post=10792"},{"taxonomy":"product_cat","embeddable":true,"href":"https:\/\/varietieseym.com.uy\/index.php\/wp-json\/wp\/v2\/product_cat?post=10792"},{"taxonomy":"product_tag","embeddable":true,"href":"https:\/\/varietieseym.com.uy\/index.php\/wp-json\/wp\/v2\/product_tag?post=10792"}],"curies":[{"name":"wp","href":"https:\/\/api.w.org\/{rel}","templated":true}]}}

Mascarilla Facial Carbón Activado 50gr

<p class="QN2lPu"><span dir="auto">La mascarilla facial peel-off de carbón activado de PhálleBeauty limpia profundamente los poros sin irritar la piel, manteniendo la hidratación y proporcionando un efecto desintoxicante.</span></p>
<p class="QN2lPu"><span dir="auto"> Su fórmula de fácil aplicación contiene ingredientes activos especiales que cuidan tu piel desde la primera aplicación.</span></p>
<p class="QN2lPu"><span dir="auto">Instrucciones de uso:</span></p>
<p class="QN2lPu"><span dir="auto">&#8211; Sobre la piel limpia y seca, aplique una capa por todo el rostro, evitando el contorno de los ojos, las cejas y los labios.</span></p>
<p class="QN2lPu"><span dir="auto">&#8211; Déjala secar durante 15-20 minutos. Sabrás que está lista para retirar cuando la textura de la mascarilla comience a endurecerse en los bordes, o cuando comience a despegarse por sí sola y no deje ningún residuo al tocarla;</span></p>
<p class="QN2lPu"><span dir="auto">&#8211; Al retirar la mascarilla, también se extraerán las células muertas de la piel y las impurezas.</span></p>

<p>La mascarilla facial peel-off de carbón activado de PhálleBeauty limpia profundamente los poros sin irritar la piel, manteniendo la hidratación y proporcionando un efecto desintoxicante. Su fórmula de fácil aplicación contiene ingredientes activos especiales que cuidan tu piel desde la primera aplicación. Instrucciones de uso: &#8211; Sobre la piel limpia y seca, aplique una capa &hellip;</p>
<p class="read-more"> <a class="" href="https://varietieseym.com.uy/index.php/producto/mascarilla-facial-carbon-activado-50gr/"> <span class="screen-reader-text">Mascarilla Facial Carbón Activado 50gr</span> Leer más &raquo;</a></p>

La mascarilla facial peel-off de carbón activado de PhálleBeauty limpia profundamente los poros sin irritar la piel, manteniendo la hidratación y proporcionando un efecto desintoxicante. Su fórmula de fácil aplicación contiene ingredientes activos especiales que cuidan tu piel desde la primera aplicación. Instrucciones de uso: &#8211; Sobre la piel limpia y seca, aplique una capa&hellip;
