{"id":10922,"date":"2026-04-03T19:24:22","date_gmt":"2026-04-03T22:24:22","guid":{"rendered":"https:\/\/varietieseym.com.uy\/?post_type=product&#038;p=10922"},"modified":"2026-04-03T19:24:27","modified_gmt":"2026-04-03T22:24:27","slug":"pegamento-solido-para-unas","status":"publish","type":"product","link":"https:\/\/varietieseym.com.uy\/index.php\/producto\/pegamento-solido-para-unas\/","title":{"rendered":"Pegamento s\u00f3lido para u\u00f1as"},"content":{"rendered":"<p><span dir=\"auto\">El pegamento para u\u00f1as en gel est\u00e1 hecho de ingredientes seguros, sin olor desagradable, respetuoso con el medio ambiente, para tu piel y u\u00f1as naturales, brind\u00e1ndote una experiencia de u\u00f1as c\u00f3moda y feliz.<\/span><\/p>\n<p><span dir=\"auto\">El pegamento s\u00f3lido para u\u00f1as en gel es un gel de estado duro y la textura parece goma, no da\u00f1a tus u\u00f1as, no fluye, no se pega a las manos, pero tiene m\u00e1s adherencia que el pegamento l\u00edquido, se cura bajo una l\u00e1mpara de u\u00f1as y es m\u00e1s f\u00e1cil de operar.<\/span><\/p>\n","protected":false},"excerpt":{"rendered":"<p>El pegamento para u\u00f1as en gel est\u00e1 hecho de ingredientes seguros, sin olor desagradable, respetuoso con el medio ambiente, para tu piel y u\u00f1as naturales, brind\u00e1ndote una experiencia de u\u00f1as c\u00f3moda y feliz. El pegamento s\u00f3lido para u\u00f1as en gel es un gel de estado duro y la textura parece goma, no da\u00f1a tus u\u00f1as, &hellip;<\/p>\n<p class=\"read-more\"> <a class=\"\" href=\"https:\/\/varietieseym.com.uy\/index.php\/producto\/pegamento-solido-para-unas\/\"> <span class=\"screen-reader-text\">Pegamento s\u00f3lido para u\u00f1as<\/span> Leer m\u00e1s &raquo;<\/a><\/p>\n","protected":false},"featured_media":10924,"template":"","meta":{"_uag_custom_page_level_css":"","site-sidebar-layout":"default","site-content-layout":"","ast-site-content-layout":"default","site-content-style":"default","site-sidebar-style":"default","ast-global-header-display":"","ast-banner-title-visibility":"","ast-main-header-display":"","ast-hfb-above-header-display":"","ast-hfb-below-header-display":"","ast-hfb-mobile-header-display":"","site-post-title":"","ast-breadcrumbs-content":"","ast-featured-img":"","footer-sml-layout":"","theme-transparent-header-meta":"default","adv-header-id-meta":"","stick-header-meta":"","header-above-stick-meta":"","header-main-stick-meta":"","header-below-stick-meta":"","astra-migrate-meta-layouts":"set","_joinchat":[]},"product_brand":[],"product_cat":[219,185,131],"product_tag":[],"class_list":{"0":"post-10922","1":"product","2":"type-product","3":"status-publish","4":"has-post-thumbnail","6":"product_cat-construccion-unas","7":"product_cat-gel-unas","8":"product_cat-unas","9":"desktop-align-center","10":"tablet-align-left","11":"mobile-align-left","13":"first","14":"instock","15":"shipping-taxable","16":"purchasable","17":"product-type-simple"},"uagb_featured_image_src":{"full":["https:\/\/varietieseym.com.uy\/wp-content\/uploads\/2026\/04\/pegamento-solido1.jpg",1002,874,false],"thumbnail":["https:\/\/varietieseym.com.uy\/wp-content\/uploads\/2026\/04\/pegamento-solido1-150x150.jpg",150,150,true],"medium":["https:\/\/varietieseym.com.uy\/wp-content\/uploads\/2026\/04\/pegamento-solido1-300x262.jpg",300,262,true],"medium_large":["https:\/\/varietieseym.com.uy\/wp-content\/uploads\/2026\/04\/pegamento-solido1-768x670.jpg",768,670,true],"large":["https:\/\/varietieseym.com.uy\/wp-content\/uploads\/2026\/04\/pegamento-solido1.jpg",1002,874,false],"1536x1536":["https:\/\/varietieseym.com.uy\/wp-content\/uploads\/2026\/04\/pegamento-solido1.jpg",1002,874,false],"2048x2048":["https:\/\/varietieseym.com.uy\/wp-content\/uploads\/2026\/04\/pegamento-solido1.jpg",1002,874,false],"woocommerce_thumbnail":["https:\/\/varietieseym.com.uy\/wp-content\/uploads\/2026\/04\/pegamento-solido1-300x300.jpg",300,300,true],"woocommerce_single":["https:\/\/varietieseym.com.uy\/wp-content\/uploads\/2026\/04\/pegamento-solido1-600x523.jpg",600,523,true],"woocommerce_gallery_thumbnail":["https:\/\/varietieseym.com.uy\/wp-content\/uploads\/2026\/04\/pegamento-solido1-100x100.jpg",100,100,true]},"uagb_author_info":{"display_name":"Varietieseym","author_link":"https:\/\/varietieseym.com.uy\/index.php\/author\/"},"uagb_comment_info":0,"uagb_excerpt":"El pegamento para u\u00f1as en gel est\u00e1 hecho de ingredientes seguros, sin olor desagradable, respetuoso con el medio ambiente, para tu piel y u\u00f1as naturales, brind\u00e1ndote una experiencia de u\u00f1as c\u00f3moda y feliz. El pegamento s\u00f3lido para u\u00f1as en gel es un gel de estado duro y la textura parece goma, no da\u00f1a tus u\u00f1as,&hellip;","_links":{"self":[{"href":"https:\/\/varietieseym.com.uy\/index.php\/wp-json\/wp\/v2\/product\/10922","targetHints":{"allow":["GET"]}}],"collection":[{"href":"https:\/\/varietieseym.com.uy\/index.php\/wp-json\/wp\/v2\/product"}],"about":[{"href":"https:\/\/varietieseym.com.uy\/index.php\/wp-json\/wp\/v2\/types\/product"}],"wp:featuredmedia":[{"embeddable":true,"href":"https:\/\/varietieseym.com.uy\/index.php\/wp-json\/wp\/v2\/media\/10924"}],"wp:attachment":[{"href":"https:\/\/varietieseym.com.uy\/index.php\/wp-json\/wp\/v2\/media?parent=10922"}],"wp:term":[{"taxonomy":"product_brand","embeddable":true,"href":"https:\/\/varietieseym.com.uy\/index.php\/wp-json\/wp\/v2\/product_brand?post=10922"},{"taxonomy":"product_cat","embeddable":true,"href":"https:\/\/varietieseym.com.uy\/index.php\/wp-json\/wp\/v2\/product_cat?post=10922"},{"taxonomy":"product_tag","embeddable":true,"href":"https:\/\/varietieseym.com.uy\/index.php\/wp-json\/wp\/v2\/product_tag?post=10922"}],"curies":[{"name":"wp","href":"https:\/\/api.w.org\/{rel}","templated":true}]}}