{"id":5048,"date":"2024-05-18T17:08:18","date_gmt":"2024-05-18T20:08:18","guid":{"rendered":"https:\/\/varietieseym.com.uy\/index.php\/producto\/cortaunas-grande\/"},"modified":"2024-11-18T17:44:32","modified_gmt":"2024-11-18T20:44:32","slug":"cortaunas-grande","status":"publish","type":"product","link":"https:\/\/varietieseym.com.uy\/index.php\/producto\/cortaunas-grande\/","title":{"rendered":"Cortau\u00f1as grande &#8211; 9024752"},"content":{"rendered":"<ul class=\"a-unordered-list a-vertical a-spacing-mini\">\n<li class=\"a-spacing-mini\"><span class=\"a-list-item\">Corta\u00fa\u00f1as esta hecho de acero inoxidable de alta calidad. Antioxidante y duradero.<\/span><\/li>\n<li class=\"a-spacing-mini\"><span class=\"a-list-item\">Corta\u00fa\u00f1as muy afilados. Puedes recortar f\u00e1cilmente tus u\u00f1as. Mant\u00e9n tus u\u00f1as limpias y ordenadas.<\/span><\/li>\n<li class=\"a-spacing-mini\"><span class=\"a-list-item\">El mango del corta\u00fa\u00f1as est\u00e1 dise\u00f1ado ergon\u00f3micamente para un f\u00e1cil agarre.\u00a0<\/span><\/li>\n<\/ul>\n","protected":false},"excerpt":{"rendered":"<p>Corta\u00fa\u00f1as esta hecho de acero inoxidable de alta calidad. Antioxidante y duradero. Corta\u00fa\u00f1as muy afilados. Puedes recortar f\u00e1cilmente tus u\u00f1as. Mant\u00e9n tus u\u00f1as limpias y ordenadas. El mango del corta\u00fa\u00f1as est\u00e1 dise\u00f1ado ergon\u00f3micamente para un f\u00e1cil agarre.\u00a0<\/p>\n","protected":false},"featured_media":5036,"template":"","meta":{"_uag_custom_page_level_css":"","site-sidebar-layout":"default","site-content-layout":"","ast-site-content-layout":"default","site-content-style":"default","site-sidebar-style":"default","ast-global-header-display":"","ast-banner-title-visibility":"","ast-main-header-display":"","ast-hfb-above-header-display":"","ast-hfb-below-header-display":"","ast-hfb-mobile-header-display":"","site-post-title":"","ast-breadcrumbs-content":"","ast-featured-img":"","footer-sml-layout":"","theme-transparent-header-meta":"default","adv-header-id-meta":"","stick-header-meta":"","header-above-stick-meta":"","header-main-stick-meta":"","header-below-stick-meta":"","astra-migrate-meta-layouts":"set","_joinchat":[]},"product_brand":[],"product_cat":[131,132],"product_tag":[],"class_list":{"0":"post-5048","1":"product","2":"type-product","3":"status-publish","4":"has-post-thumbnail","6":"product_cat-unas","7":"product_cat-herramientas","8":"desktop-align-center","9":"tablet-align-left","10":"mobile-align-left","12":"first","13":"instock","14":"shipping-taxable","15":"purchasable","16":"product-type-simple"},"uagb_featured_image_src":{"full":["https:\/\/varietieseym.com.uy\/wp-content\/uploads\/2024\/05\/1KU851LgTBgdbSr5r8_kvYMmjhwiHMqJMKV8w2-6pwQ.png",543,528,false],"thumbnail":["https:\/\/varietieseym.com.uy\/wp-content\/uploads\/2024\/05\/1KU851LgTBgdbSr5r8_kvYMmjhwiHMqJMKV8w2-6pwQ-150x150.png",150,150,true],"medium":["https:\/\/varietieseym.com.uy\/wp-content\/uploads\/2024\/05\/1KU851LgTBgdbSr5r8_kvYMmjhwiHMqJMKV8w2-6pwQ-300x292.png",300,292,true],"medium_large":["https:\/\/varietieseym.com.uy\/wp-content\/uploads\/2024\/05\/1KU851LgTBgdbSr5r8_kvYMmjhwiHMqJMKV8w2-6pwQ.png",543,528,false],"large":["https:\/\/varietieseym.com.uy\/wp-content\/uploads\/2024\/05\/1KU851LgTBgdbSr5r8_kvYMmjhwiHMqJMKV8w2-6pwQ.png",543,528,false],"1536x1536":["https:\/\/varietieseym.com.uy\/wp-content\/uploads\/2024\/05\/1KU851LgTBgdbSr5r8_kvYMmjhwiHMqJMKV8w2-6pwQ.png",543,528,false],"2048x2048":["https:\/\/varietieseym.com.uy\/wp-content\/uploads\/2024\/05\/1KU851LgTBgdbSr5r8_kvYMmjhwiHMqJMKV8w2-6pwQ.png",543,528,false],"woocommerce_thumbnail":["https:\/\/varietieseym.com.uy\/wp-content\/uploads\/2024\/05\/1KU851LgTBgdbSr5r8_kvYMmjhwiHMqJMKV8w2-6pwQ-300x300.png",300,300,true],"woocommerce_single":["https:\/\/varietieseym.com.uy\/wp-content\/uploads\/2024\/05\/1KU851LgTBgdbSr5r8_kvYMmjhwiHMqJMKV8w2-6pwQ.png",543,528,false],"woocommerce_gallery_thumbnail":["https:\/\/varietieseym.com.uy\/wp-content\/uploads\/2024\/05\/1KU851LgTBgdbSr5r8_kvYMmjhwiHMqJMKV8w2-6pwQ-100x100.png",100,100,true]},"uagb_author_info":{"display_name":"SyF Home","author_link":"https:\/\/varietieseym.com.uy\/index.php\/author\/"},"uagb_comment_info":0,"uagb_excerpt":"Corta\u00fa\u00f1as esta hecho de acero inoxidable de alta calidad. Antioxidante y duradero. Corta\u00fa\u00f1as muy afilados. Puedes recortar f\u00e1cilmente tus u\u00f1as. Mant\u00e9n tus u\u00f1as limpias y ordenadas. El mango del corta\u00fa\u00f1as est\u00e1 dise\u00f1ado ergon\u00f3micamente para un f\u00e1cil agarre.\u00a0","_links":{"self":[{"href":"https:\/\/varietieseym.com.uy\/index.php\/wp-json\/wp\/v2\/product\/5048","targetHints":{"allow":["GET"]}}],"collection":[{"href":"https:\/\/varietieseym.com.uy\/index.php\/wp-json\/wp\/v2\/product"}],"about":[{"href":"https:\/\/varietieseym.com.uy\/index.php\/wp-json\/wp\/v2\/types\/product"}],"wp:featuredmedia":[{"embeddable":true,"href":"https:\/\/varietieseym.com.uy\/index.php\/wp-json\/wp\/v2\/media\/5036"}],"wp:attachment":[{"href":"https:\/\/varietieseym.com.uy\/index.php\/wp-json\/wp\/v2\/media?parent=5048"}],"wp:term":[{"taxonomy":"product_brand","embeddable":true,"href":"https:\/\/varietieseym.com.uy\/index.php\/wp-json\/wp\/v2\/product_brand?post=5048"},{"taxonomy":"product_cat","embeddable":true,"href":"https:\/\/varietieseym.com.uy\/index.php\/wp-json\/wp\/v2\/product_cat?post=5048"},{"taxonomy":"product_tag","embeddable":true,"href":"https:\/\/varietieseym.com.uy\/index.php\/wp-json\/wp\/v2\/product_tag?post=5048"}],"curies":[{"name":"wp","href":"https:\/\/api.w.org\/{rel}","templated":true}]}}