{"id":5141,"date":"2024-05-28T15:01:18","date_gmt":"2024-05-28T18:01:18","guid":{"rendered":"https:\/\/varietieseym.com.uy\/?post_type=product&#038;p=5141"},"modified":"2025-12-22T11:01:05","modified_gmt":"2025-12-22T14:01:05","slug":"lampara-soft-gel-5w-512399","status":"publish","type":"product","link":"https:\/\/varietieseym.com.uy\/index.php\/producto\/lampara-soft-gel-5w-512399\/","title":{"rendered":"Lampara Soft Gel 5w &#8211; 512399"},"content":{"rendered":"<p>Lampara Soft Gel Esta l\u00e1mpara de u\u00f1as de gel UV est\u00e1 equipada con un cuello de cisne flexible y un clip fuerte, el cuello de cisne mide aproximadamente 26cm+ de largo y se puede ajustar libremente 360 \u00b0. Tiene la flexibilidad para ajustar el \u00e1ngulo y la altura que necesita. Admite todas las fuentes de alimentaci\u00f3n equipadas con carga USB, incluyendo host de computadora, cargador de tel\u00e9fono m\u00f3vil, etc. La l\u00e1mpara LED de curado con pegamento tiene propiedades \u00fanicas, r\u00e1pida, muy eficiente energ\u00e9ticamente y duradera, \u00a1le brinda una nueva experiencia de sal\u00f3n!<\/p>\n","protected":false},"excerpt":{"rendered":"<p>Lampara Soft Gel Esta l\u00e1mpara de u\u00f1as de gel UV est\u00e1 equipada con un cuello de cisne flexible y un clip fuerte, el cuello de cisne mide aproximadamente 26cm+ de largo y se puede ajustar libremente 360 \u00b0. Tiene la flexibilidad para ajustar el \u00e1ngulo y la altura que necesita. Admite todas las fuentes de &hellip;<\/p>\n<p class=\"read-more\"> <a class=\"\" href=\"https:\/\/varietieseym.com.uy\/index.php\/producto\/lampara-soft-gel-5w-512399\/\"> <span class=\"screen-reader-text\">Lampara Soft Gel 5w &#8211; 512399<\/span> Leer m\u00e1s &raquo;<\/a><\/p>\n","protected":false},"featured_media":8319,"template":"","meta":{"_uag_custom_page_level_css":"","site-sidebar-layout":"default","site-content-layout":"","ast-site-content-layout":"default","site-content-style":"default","site-sidebar-style":"default","ast-global-header-display":"","ast-banner-title-visibility":"","ast-main-header-display":"","ast-hfb-above-header-display":"","ast-hfb-below-header-display":"","ast-hfb-mobile-header-display":"","site-post-title":"","ast-breadcrumbs-content":"","ast-featured-img":"","footer-sml-layout":"","theme-transparent-header-meta":"default","adv-header-id-meta":"","stick-header-meta":"","header-above-stick-meta":"","header-main-stick-meta":"","header-below-stick-meta":"","astra-migrate-meta-layouts":"set","_joinchat":[]},"product_brand":[],"product_cat":[131,141],"product_tag":[],"class_list":{"0":"post-5141","1":"product","2":"type-product","3":"status-publish","4":"has-post-thumbnail","6":"product_cat-unas","7":"product_cat-lamparas","8":"desktop-align-center","9":"tablet-align-left","10":"mobile-align-left","12":"first","13":"instock","14":"sale","15":"shipping-taxable","16":"purchasable","17":"product-type-variable"},"uagb_featured_image_src":{"full":["https:\/\/varietieseym.com.uy\/wp-content\/uploads\/2025\/06\/lampara-soft-.jpg",886,877,false],"thumbnail":["https:\/\/varietieseym.com.uy\/wp-content\/uploads\/2025\/06\/lampara-soft--150x150.jpg",150,150,true],"medium":["https:\/\/varietieseym.com.uy\/wp-content\/uploads\/2025\/06\/lampara-soft--300x297.jpg",300,297,true],"medium_large":["https:\/\/varietieseym.com.uy\/wp-content\/uploads\/2025\/06\/lampara-soft--768x760.jpg",768,760,true],"large":["https:\/\/varietieseym.com.uy\/wp-content\/uploads\/2025\/06\/lampara-soft-.jpg",886,877,false],"1536x1536":["https:\/\/varietieseym.com.uy\/wp-content\/uploads\/2025\/06\/lampara-soft-.jpg",886,877,false],"2048x2048":["https:\/\/varietieseym.com.uy\/wp-content\/uploads\/2025\/06\/lampara-soft-.jpg",886,877,false],"woocommerce_thumbnail":["https:\/\/varietieseym.com.uy\/wp-content\/uploads\/2025\/06\/lampara-soft--300x300.jpg",300,300,true],"woocommerce_single":["https:\/\/varietieseym.com.uy\/wp-content\/uploads\/2025\/06\/lampara-soft--600x594.jpg",600,594,true],"woocommerce_gallery_thumbnail":["https:\/\/varietieseym.com.uy\/wp-content\/uploads\/2025\/06\/lampara-soft--100x100.jpg",100,100,true]},"uagb_author_info":{"display_name":"SyF Home","author_link":"https:\/\/varietieseym.com.uy\/index.php\/author\/"},"uagb_comment_info":0,"uagb_excerpt":"Lampara Soft Gel Esta l\u00e1mpara de u\u00f1as de gel UV est\u00e1 equipada con un cuello de cisne flexible y un clip fuerte, el cuello de cisne mide aproximadamente 26cm+ de largo y se puede ajustar libremente 360 \u00b0. Tiene la flexibilidad para ajustar el \u00e1ngulo y la altura que necesita. Admite todas las fuentes de&hellip;","_links":{"self":[{"href":"https:\/\/varietieseym.com.uy\/index.php\/wp-json\/wp\/v2\/product\/5141","targetHints":{"allow":["GET"]}}],"collection":[{"href":"https:\/\/varietieseym.com.uy\/index.php\/wp-json\/wp\/v2\/product"}],"about":[{"href":"https:\/\/varietieseym.com.uy\/index.php\/wp-json\/wp\/v2\/types\/product"}],"wp:featuredmedia":[{"embeddable":true,"href":"https:\/\/varietieseym.com.uy\/index.php\/wp-json\/wp\/v2\/media\/8319"}],"wp:attachment":[{"href":"https:\/\/varietieseym.com.uy\/index.php\/wp-json\/wp\/v2\/media?parent=5141"}],"wp:term":[{"taxonomy":"product_brand","embeddable":true,"href":"https:\/\/varietieseym.com.uy\/index.php\/wp-json\/wp\/v2\/product_brand?post=5141"},{"taxonomy":"product_cat","embeddable":true,"href":"https:\/\/varietieseym.com.uy\/index.php\/wp-json\/wp\/v2\/product_cat?post=5141"},{"taxonomy":"product_tag","embeddable":true,"href":"https:\/\/varietieseym.com.uy\/index.php\/wp-json\/wp\/v2\/product_tag?post=5141"}],"curies":[{"name":"wp","href":"https:\/\/api.w.org\/{rel}","templated":true}]}}