{"id":5289,"date":"2024-06-01T19:42:59","date_gmt":"2024-06-01T22:42:59","guid":{"rendered":"https:\/\/varietieseym.com.uy\/?post_type=product&#038;p=5289"},"modified":"2024-11-08T18:22:29","modified_gmt":"2024-11-08T21:22:29","slug":"separadores-358673","status":"publish","type":"product","link":"https:\/\/varietieseym.com.uy\/index.php\/producto\/separadores-358673\/","title":{"rendered":"Separadores &#8211; 358673"},"content":{"rendered":"<ul class=\"a-unordered-list a-vertical a-spacing-mini\">\n<li class=\"a-spacing-mini\"><span class=\"a-list-item\">Hecho de esponja EVA de alta calidad, suave y c\u00f3moda.<\/span><\/li>\n<li class=\"a-spacing-mini\"><span class=\"a-list-item\">Perfecto para separar y extender los dedos de los pies cuando se aplica esmalte de u\u00f1as.<\/span><\/li>\n<li class=\"a-spacing-mini\"><span class=\"a-list-item\">Tambi\u00e9n se puede utilizar para relajar los dedos de los pies y los dedos despu\u00e9s de un trabajo ocupado todos los d\u00edas y reducir el dolor.<\/span><\/li>\n<li class=\"a-spacing-mini\"><span class=\"a-list-item\">F\u00e1cil de usar, muy pr\u00e1ctico y conveniente.<\/span><\/li>\n<li class=\"a-spacing-mini\"><span class=\"a-list-item\">Perfecto para sal\u00f3n de belleza y uso profesional.<\/span><\/li>\n<\/ul>\n","protected":false},"excerpt":{"rendered":"<p>Hecho de esponja EVA de alta calidad, suave y c\u00f3moda. Perfecto para separar y extender los dedos de los pies cuando se aplica esmalte de u\u00f1as. Tambi\u00e9n se puede utilizar para relajar los dedos de los pies y los dedos despu\u00e9s de un trabajo ocupado todos los d\u00edas y reducir el dolor. F\u00e1cil de usar, &hellip;<\/p>\n<p class=\"read-more\"> <a class=\"\" href=\"https:\/\/varietieseym.com.uy\/index.php\/producto\/separadores-358673\/\"> <span class=\"screen-reader-text\">Separadores &#8211; 358673<\/span> Leer m\u00e1s &raquo;<\/a><\/p>\n","protected":false},"featured_media":5290,"template":"","meta":{"_uag_custom_page_level_css":"","site-sidebar-layout":"default","site-content-layout":"","ast-site-content-layout":"default","site-content-style":"default","site-sidebar-style":"default","ast-global-header-display":"","ast-banner-title-visibility":"","ast-main-header-display":"","ast-hfb-above-header-display":"","ast-hfb-below-header-display":"","ast-hfb-mobile-header-display":"","site-post-title":"","ast-breadcrumbs-content":"","ast-featured-img":"","footer-sml-layout":"","theme-transparent-header-meta":"default","adv-header-id-meta":"","stick-header-meta":"","header-above-stick-meta":"","header-main-stick-meta":"","header-below-stick-meta":"","astra-migrate-meta-layouts":"set","_joinchat":[]},"product_brand":[],"product_cat":[151,131],"product_tag":[],"class_list":{"0":"post-5289","1":"product","2":"type-product","3":"status-publish","4":"has-post-thumbnail","6":"product_cat-accesorios","7":"product_cat-unas","8":"desktop-align-center","9":"tablet-align-left","10":"mobile-align-left","12":"first","13":"instock","14":"shipping-taxable","15":"purchasable","16":"product-type-simple"},"uagb_featured_image_src":{"full":["https:\/\/varietieseym.com.uy\/wp-content\/uploads\/2024\/06\/1JiGhCVhzX0aIo1k8MwZ1lWrBTxFaHtoLKCBBoUvZpQ.jpg",629,577,false],"thumbnail":["https:\/\/varietieseym.com.uy\/wp-content\/uploads\/2024\/06\/1JiGhCVhzX0aIo1k8MwZ1lWrBTxFaHtoLKCBBoUvZpQ-150x150.jpg",150,150,true],"medium":["https:\/\/varietieseym.com.uy\/wp-content\/uploads\/2024\/06\/1JiGhCVhzX0aIo1k8MwZ1lWrBTxFaHtoLKCBBoUvZpQ-300x275.jpg",300,275,true],"medium_large":["https:\/\/varietieseym.com.uy\/wp-content\/uploads\/2024\/06\/1JiGhCVhzX0aIo1k8MwZ1lWrBTxFaHtoLKCBBoUvZpQ.jpg",629,577,false],"large":["https:\/\/varietieseym.com.uy\/wp-content\/uploads\/2024\/06\/1JiGhCVhzX0aIo1k8MwZ1lWrBTxFaHtoLKCBBoUvZpQ.jpg",629,577,false],"1536x1536":["https:\/\/varietieseym.com.uy\/wp-content\/uploads\/2024\/06\/1JiGhCVhzX0aIo1k8MwZ1lWrBTxFaHtoLKCBBoUvZpQ.jpg",629,577,false],"2048x2048":["https:\/\/varietieseym.com.uy\/wp-content\/uploads\/2024\/06\/1JiGhCVhzX0aIo1k8MwZ1lWrBTxFaHtoLKCBBoUvZpQ.jpg",629,577,false],"woocommerce_thumbnail":["https:\/\/varietieseym.com.uy\/wp-content\/uploads\/2024\/06\/1JiGhCVhzX0aIo1k8MwZ1lWrBTxFaHtoLKCBBoUvZpQ-300x300.jpg",300,300,true],"woocommerce_single":["https:\/\/varietieseym.com.uy\/wp-content\/uploads\/2024\/06\/1JiGhCVhzX0aIo1k8MwZ1lWrBTxFaHtoLKCBBoUvZpQ-600x550.jpg",600,550,true],"woocommerce_gallery_thumbnail":["https:\/\/varietieseym.com.uy\/wp-content\/uploads\/2024\/06\/1JiGhCVhzX0aIo1k8MwZ1lWrBTxFaHtoLKCBBoUvZpQ-100x100.jpg",100,100,true]},"uagb_author_info":{"display_name":"SyF Home","author_link":"https:\/\/varietieseym.com.uy\/index.php\/author\/"},"uagb_comment_info":0,"uagb_excerpt":"Hecho de esponja EVA de alta calidad, suave y c\u00f3moda. Perfecto para separar y extender los dedos de los pies cuando se aplica esmalte de u\u00f1as. Tambi\u00e9n se puede utilizar para relajar los dedos de los pies y los dedos despu\u00e9s de un trabajo ocupado todos los d\u00edas y reducir el dolor. F\u00e1cil de usar,&hellip;","_links":{"self":[{"href":"https:\/\/varietieseym.com.uy\/index.php\/wp-json\/wp\/v2\/product\/5289","targetHints":{"allow":["GET"]}}],"collection":[{"href":"https:\/\/varietieseym.com.uy\/index.php\/wp-json\/wp\/v2\/product"}],"about":[{"href":"https:\/\/varietieseym.com.uy\/index.php\/wp-json\/wp\/v2\/types\/product"}],"wp:featuredmedia":[{"embeddable":true,"href":"https:\/\/varietieseym.com.uy\/index.php\/wp-json\/wp\/v2\/media\/5290"}],"wp:attachment":[{"href":"https:\/\/varietieseym.com.uy\/index.php\/wp-json\/wp\/v2\/media?parent=5289"}],"wp:term":[{"taxonomy":"product_brand","embeddable":true,"href":"https:\/\/varietieseym.com.uy\/index.php\/wp-json\/wp\/v2\/product_brand?post=5289"},{"taxonomy":"product_cat","embeddable":true,"href":"https:\/\/varietieseym.com.uy\/index.php\/wp-json\/wp\/v2\/product_cat?post=5289"},{"taxonomy":"product_tag","embeddable":true,"href":"https:\/\/varietieseym.com.uy\/index.php\/wp-json\/wp\/v2\/product_tag?post=5289"}],"curies":[{"name":"wp","href":"https:\/\/api.w.org\/{rel}","templated":true}]}}