{"id":5295,"date":"2024-06-01T19:46:44","date_gmt":"2024-06-01T22:46:44","guid":{"rendered":"https:\/\/varietieseym.com.uy\/?post_type=product&#038;p=5295"},"modified":"2024-08-21T12:02:04","modified_gmt":"2024-08-21T15:02:04","slug":"set-5-pinceles-decoracion-con-puntero-149855","status":"publish","type":"product","link":"https:\/\/varietieseym.com.uy\/index.php\/producto\/set-5-pinceles-decoracion-con-puntero-149855\/","title":{"rendered":"Set 5 pinceles decoracion con puntero dotting  &#8211; 149855"},"content":{"rendered":"<p>Set 5 pinceles decoraci\u00f3n con puntero. \u2022 Material est\u00e1 hecho de aleaci\u00f3n de alta calidad lo suficientemente resistente para su uso diario. Con el pelo de pincel m\u00e1s fino y los diamantes de imitaci\u00f3n brillantes dentro del mango, dise\u00f1o de moda<\/p>\n","protected":false},"excerpt":{"rendered":"<p>Set 5 pinceles decoraci\u00f3n con puntero. \u2022 Material est\u00e1 hecho de aleaci\u00f3n de alta calidad lo suficientemente resistente para su uso diario. Con el pelo de pincel m\u00e1s fino y los diamantes de imitaci\u00f3n brillantes dentro del mango, dise\u00f1o de moda<\/p>\n","protected":false},"featured_media":5300,"template":"","meta":{"_uag_custom_page_level_css":"","site-sidebar-layout":"default","site-content-layout":"","ast-site-content-layout":"default","site-content-style":"default","site-sidebar-style":"default","ast-global-header-display":"","ast-banner-title-visibility":"","ast-main-header-display":"","ast-hfb-above-header-display":"","ast-hfb-below-header-display":"","ast-hfb-mobile-header-display":"","site-post-title":"","ast-breadcrumbs-content":"","ast-featured-img":"","footer-sml-layout":"","theme-transparent-header-meta":"default","adv-header-id-meta":"","stick-header-meta":"","header-above-stick-meta":"","header-main-stick-meta":"","header-below-stick-meta":"","astra-migrate-meta-layouts":"set","_joinchat":[]},"product_brand":[],"product_cat":[131,135],"product_tag":[],"class_list":{"0":"post-5295","1":"product","2":"type-product","3":"status-publish","4":"has-post-thumbnail","6":"product_cat-unas","7":"product_cat-pinceles","8":"desktop-align-center","9":"tablet-align-left","10":"mobile-align-left","12":"first","13":"instock","14":"shipping-taxable","15":"purchasable","16":"product-type-simple"},"uagb_featured_image_src":{"full":["https:\/\/varietieseym.com.uy\/wp-content\/uploads\/2024\/06\/1lEEpWPHyU-KaUStky8xsdEdmaubn7piNam3ohcklsA.png",642,630,false],"thumbnail":["https:\/\/varietieseym.com.uy\/wp-content\/uploads\/2024\/06\/1lEEpWPHyU-KaUStky8xsdEdmaubn7piNam3ohcklsA-150x150.png",150,150,true],"medium":["https:\/\/varietieseym.com.uy\/wp-content\/uploads\/2024\/06\/1lEEpWPHyU-KaUStky8xsdEdmaubn7piNam3ohcklsA-300x294.png",300,294,true],"medium_large":["https:\/\/varietieseym.com.uy\/wp-content\/uploads\/2024\/06\/1lEEpWPHyU-KaUStky8xsdEdmaubn7piNam3ohcklsA.png",642,630,false],"large":["https:\/\/varietieseym.com.uy\/wp-content\/uploads\/2024\/06\/1lEEpWPHyU-KaUStky8xsdEdmaubn7piNam3ohcklsA.png",642,630,false],"1536x1536":["https:\/\/varietieseym.com.uy\/wp-content\/uploads\/2024\/06\/1lEEpWPHyU-KaUStky8xsdEdmaubn7piNam3ohcklsA.png",642,630,false],"2048x2048":["https:\/\/varietieseym.com.uy\/wp-content\/uploads\/2024\/06\/1lEEpWPHyU-KaUStky8xsdEdmaubn7piNam3ohcklsA.png",642,630,false],"woocommerce_thumbnail":["https:\/\/varietieseym.com.uy\/wp-content\/uploads\/2024\/06\/1lEEpWPHyU-KaUStky8xsdEdmaubn7piNam3ohcklsA-300x300.png",300,300,true],"woocommerce_single":["https:\/\/varietieseym.com.uy\/wp-content\/uploads\/2024\/06\/1lEEpWPHyU-KaUStky8xsdEdmaubn7piNam3ohcklsA-600x589.png",600,589,true],"woocommerce_gallery_thumbnail":["https:\/\/varietieseym.com.uy\/wp-content\/uploads\/2024\/06\/1lEEpWPHyU-KaUStky8xsdEdmaubn7piNam3ohcklsA-100x100.png",100,100,true]},"uagb_author_info":{"display_name":"SyF Home","author_link":"https:\/\/varietieseym.com.uy\/index.php\/author\/"},"uagb_comment_info":0,"uagb_excerpt":"Set 5 pinceles decoraci\u00f3n con puntero. \u2022 Material est\u00e1 hecho de aleaci\u00f3n de alta calidad lo suficientemente resistente para su uso diario. Con el pelo de pincel m\u00e1s fino y los diamantes de imitaci\u00f3n brillantes dentro del mango, dise\u00f1o de moda","_links":{"self":[{"href":"https:\/\/varietieseym.com.uy\/index.php\/wp-json\/wp\/v2\/product\/5295","targetHints":{"allow":["GET"]}}],"collection":[{"href":"https:\/\/varietieseym.com.uy\/index.php\/wp-json\/wp\/v2\/product"}],"about":[{"href":"https:\/\/varietieseym.com.uy\/index.php\/wp-json\/wp\/v2\/types\/product"}],"wp:featuredmedia":[{"embeddable":true,"href":"https:\/\/varietieseym.com.uy\/index.php\/wp-json\/wp\/v2\/media\/5300"}],"wp:attachment":[{"href":"https:\/\/varietieseym.com.uy\/index.php\/wp-json\/wp\/v2\/media?parent=5295"}],"wp:term":[{"taxonomy":"product_brand","embeddable":true,"href":"https:\/\/varietieseym.com.uy\/index.php\/wp-json\/wp\/v2\/product_brand?post=5295"},{"taxonomy":"product_cat","embeddable":true,"href":"https:\/\/varietieseym.com.uy\/index.php\/wp-json\/wp\/v2\/product_cat?post=5295"},{"taxonomy":"product_tag","embeddable":true,"href":"https:\/\/varietieseym.com.uy\/index.php\/wp-json\/wp\/v2\/product_tag?post=5295"}],"curies":[{"name":"wp","href":"https:\/\/api.w.org\/{rel}","templated":true}]}}