{"id":5357,"date":"2024-06-01T20:19:01","date_gmt":"2024-06-01T23:19:01","guid":{"rendered":"https:\/\/varietieseym.com.uy\/?post_type=product&#038;p=5357"},"modified":"2025-02-10T12:28:28","modified_gmt":"2025-02-10T15:28:28","slug":"builder-gel-helen-color-395","status":"publish","type":"product","link":"https:\/\/varietieseym.com.uy\/index.php\/producto\/builder-gel-helen-color-395\/","title":{"rendered":"Builder gel helen color &#8211; 395"},"content":{"rendered":"<p>Builder Gel solido helen color Tiene una s\u00faper consistencia y se puede modelar con tus propias manos. Se puede utilizar para construir u\u00f1as y tambi\u00e9n se puede sustituir por polygel cuando se utiliza el molde f1.<\/p>\n","protected":false},"excerpt":{"rendered":"<p>Builder Gel solido helen color Tiene una s\u00faper consistencia y se puede modelar con tus propias manos. Se puede utilizar para construir u\u00f1as y tambi\u00e9n se puede sustituir por polygel cuando se utiliza el molde f1.<\/p>\n","protected":false},"featured_media":5360,"template":"","meta":{"_uag_custom_page_level_css":"","site-sidebar-layout":"default","site-content-layout":"","ast-site-content-layout":"default","site-content-style":"default","site-sidebar-style":"default","ast-global-header-display":"","ast-banner-title-visibility":"","ast-main-header-display":"","ast-hfb-above-header-display":"","ast-hfb-below-header-display":"","ast-hfb-mobile-header-display":"","site-post-title":"","ast-breadcrumbs-content":"","ast-featured-img":"","footer-sml-layout":"","theme-transparent-header-meta":"default","adv-header-id-meta":"","stick-header-meta":"","header-above-stick-meta":"","header-main-stick-meta":"","header-below-stick-meta":"","astra-migrate-meta-layouts":"set","_joinchat":[]},"product_brand":[],"product_cat":[185,131],"product_tag":[],"class_list":{"0":"post-5357","1":"product","2":"type-product","3":"status-publish","4":"has-post-thumbnail","6":"product_cat-gel-unas","7":"product_cat-unas","8":"desktop-align-center","9":"tablet-align-left","10":"mobile-align-left","12":"first","13":"outofstock","14":"shipping-taxable","15":"purchasable","16":"product-type-variable"},"uagb_featured_image_src":{"full":["https:\/\/varietieseym.com.uy\/wp-content\/uploads\/2024\/06\/1q1NQLymusXsp8hJWmYCcVJeBCaNVqS72KLJ2FpwFsA.png",449,447,false],"thumbnail":["https:\/\/varietieseym.com.uy\/wp-content\/uploads\/2024\/06\/1q1NQLymusXsp8hJWmYCcVJeBCaNVqS72KLJ2FpwFsA-150x150.png",150,150,true],"medium":["https:\/\/varietieseym.com.uy\/wp-content\/uploads\/2024\/06\/1q1NQLymusXsp8hJWmYCcVJeBCaNVqS72KLJ2FpwFsA-300x300.png",300,300,true],"medium_large":["https:\/\/varietieseym.com.uy\/wp-content\/uploads\/2024\/06\/1q1NQLymusXsp8hJWmYCcVJeBCaNVqS72KLJ2FpwFsA.png",449,447,false],"large":["https:\/\/varietieseym.com.uy\/wp-content\/uploads\/2024\/06\/1q1NQLymusXsp8hJWmYCcVJeBCaNVqS72KLJ2FpwFsA.png",449,447,false],"1536x1536":["https:\/\/varietieseym.com.uy\/wp-content\/uploads\/2024\/06\/1q1NQLymusXsp8hJWmYCcVJeBCaNVqS72KLJ2FpwFsA.png",449,447,false],"2048x2048":["https:\/\/varietieseym.com.uy\/wp-content\/uploads\/2024\/06\/1q1NQLymusXsp8hJWmYCcVJeBCaNVqS72KLJ2FpwFsA.png",449,447,false],"woocommerce_thumbnail":["https:\/\/varietieseym.com.uy\/wp-content\/uploads\/2024\/06\/1q1NQLymusXsp8hJWmYCcVJeBCaNVqS72KLJ2FpwFsA-300x300.png",300,300,true],"woocommerce_single":["https:\/\/varietieseym.com.uy\/wp-content\/uploads\/2024\/06\/1q1NQLymusXsp8hJWmYCcVJeBCaNVqS72KLJ2FpwFsA.png",449,447,false],"woocommerce_gallery_thumbnail":["https:\/\/varietieseym.com.uy\/wp-content\/uploads\/2024\/06\/1q1NQLymusXsp8hJWmYCcVJeBCaNVqS72KLJ2FpwFsA-100x100.png",100,100,true]},"uagb_author_info":{"display_name":"SyF Home","author_link":"https:\/\/varietieseym.com.uy\/index.php\/author\/"},"uagb_comment_info":0,"uagb_excerpt":"Builder Gel solido helen color Tiene una s\u00faper consistencia y se puede modelar con tus propias manos. Se puede utilizar para construir u\u00f1as y tambi\u00e9n se puede sustituir por polygel cuando se utiliza el molde f1.","_links":{"self":[{"href":"https:\/\/varietieseym.com.uy\/index.php\/wp-json\/wp\/v2\/product\/5357","targetHints":{"allow":["GET"]}}],"collection":[{"href":"https:\/\/varietieseym.com.uy\/index.php\/wp-json\/wp\/v2\/product"}],"about":[{"href":"https:\/\/varietieseym.com.uy\/index.php\/wp-json\/wp\/v2\/types\/product"}],"wp:featuredmedia":[{"embeddable":true,"href":"https:\/\/varietieseym.com.uy\/index.php\/wp-json\/wp\/v2\/media\/5360"}],"wp:attachment":[{"href":"https:\/\/varietieseym.com.uy\/index.php\/wp-json\/wp\/v2\/media?parent=5357"}],"wp:term":[{"taxonomy":"product_brand","embeddable":true,"href":"https:\/\/varietieseym.com.uy\/index.php\/wp-json\/wp\/v2\/product_brand?post=5357"},{"taxonomy":"product_cat","embeddable":true,"href":"https:\/\/varietieseym.com.uy\/index.php\/wp-json\/wp\/v2\/product_cat?post=5357"},{"taxonomy":"product_tag","embeddable":true,"href":"https:\/\/varietieseym.com.uy\/index.php\/wp-json\/wp\/v2\/product_tag?post=5357"}],"curies":[{"name":"wp","href":"https:\/\/api.w.org\/{rel}","templated":true}]}}