{"id":5412,"date":"2024-06-02T19:28:09","date_gmt":"2024-06-02T22:28:09","guid":{"rendered":"https:\/\/varietieseym.com.uy\/?post_type=product&#038;p=5412"},"modified":"2024-09-06T10:11:01","modified_gmt":"2024-09-06T13:11:01","slug":"kapping-dz-3756","status":"publish","type":"product","link":"https:\/\/varietieseym.com.uy\/index.php\/producto\/kapping-dz-3756\/","title":{"rendered":"kapping D&#038;Z &#8211; 3756"},"content":{"rendered":"<p>D&amp;Z Reinforcement Gel, un producto revolucionario, que aporta una capa extra de resistencia. Con su f\u00f3rmula innovadora, este gel fortalecedor ayuda a prevenir roturas y astillas, asegurando u\u00f1as m\u00e1s fuertes y saludables. Gel base nivelante y autonivelante.<\/p>\n","protected":false},"excerpt":{"rendered":"<p>D&amp;Z Reinforcement Gel, un producto revolucionario, que aporta una capa extra de resistencia. Con su f\u00f3rmula innovadora, este gel fortalecedor ayuda a prevenir roturas y astillas, asegurando u\u00f1as m\u00e1s fuertes y saludables. Gel base nivelante y autonivelante.<\/p>\n","protected":false},"featured_media":5415,"template":"","meta":{"_uag_custom_page_level_css":"","site-sidebar-layout":"default","site-content-layout":"","ast-site-content-layout":"default","site-content-style":"default","site-sidebar-style":"default","ast-global-header-display":"","ast-banner-title-visibility":"","ast-main-header-display":"","ast-hfb-above-header-display":"","ast-hfb-below-header-display":"","ast-hfb-mobile-header-display":"","site-post-title":"","ast-breadcrumbs-content":"","ast-featured-img":"","footer-sml-layout":"","theme-transparent-header-meta":"default","adv-header-id-meta":"","stick-header-meta":"","header-above-stick-meta":"","header-main-stick-meta":"","header-below-stick-meta":"","astra-migrate-meta-layouts":"set","_joinchat":[]},"product_brand":[],"product_cat":[197,131],"product_tag":[],"class_list":{"0":"post-5412","1":"product","2":"type-product","3":"status-publish","4":"has-post-thumbnail","6":"product_cat-preparadores","7":"product_cat-unas","8":"desktop-align-center","9":"tablet-align-left","10":"mobile-align-left","12":"first","13":"outofstock","14":"shipping-taxable","15":"purchasable","16":"product-type-simple"},"uagb_featured_image_src":{"full":["https:\/\/varietieseym.com.uy\/wp-content\/uploads\/2024\/06\/1ySFXCrNqaM1Ikiz_CF5WIugMjSIBWcRfkovLrxy04w.webp",1200,1600,false],"thumbnail":["https:\/\/varietieseym.com.uy\/wp-content\/uploads\/2024\/06\/1ySFXCrNqaM1Ikiz_CF5WIugMjSIBWcRfkovLrxy04w-150x150.webp",150,150,true],"medium":["https:\/\/varietieseym.com.uy\/wp-content\/uploads\/2024\/06\/1ySFXCrNqaM1Ikiz_CF5WIugMjSIBWcRfkovLrxy04w-225x300.webp",225,300,true],"medium_large":["https:\/\/varietieseym.com.uy\/wp-content\/uploads\/2024\/06\/1ySFXCrNqaM1Ikiz_CF5WIugMjSIBWcRfkovLrxy04w-768x1024.webp",768,1024,true],"large":["https:\/\/varietieseym.com.uy\/wp-content\/uploads\/2024\/06\/1ySFXCrNqaM1Ikiz_CF5WIugMjSIBWcRfkovLrxy04w-768x1024.webp",768,1024,true],"1536x1536":["https:\/\/varietieseym.com.uy\/wp-content\/uploads\/2024\/06\/1ySFXCrNqaM1Ikiz_CF5WIugMjSIBWcRfkovLrxy04w-1152x1536.webp",1152,1536,true],"2048x2048":["https:\/\/varietieseym.com.uy\/wp-content\/uploads\/2024\/06\/1ySFXCrNqaM1Ikiz_CF5WIugMjSIBWcRfkovLrxy04w.webp",1200,1600,false],"woocommerce_thumbnail":["https:\/\/varietieseym.com.uy\/wp-content\/uploads\/2024\/06\/1ySFXCrNqaM1Ikiz_CF5WIugMjSIBWcRfkovLrxy04w-300x300.webp",300,300,true],"woocommerce_single":["https:\/\/varietieseym.com.uy\/wp-content\/uploads\/2024\/06\/1ySFXCrNqaM1Ikiz_CF5WIugMjSIBWcRfkovLrxy04w-600x800.webp",600,800,true],"woocommerce_gallery_thumbnail":["https:\/\/varietieseym.com.uy\/wp-content\/uploads\/2024\/06\/1ySFXCrNqaM1Ikiz_CF5WIugMjSIBWcRfkovLrxy04w-100x100.webp",100,100,true]},"uagb_author_info":{"display_name":"SyF Home","author_link":"https:\/\/varietieseym.com.uy\/index.php\/author\/"},"uagb_comment_info":0,"uagb_excerpt":"D&amp;Z Reinforcement Gel, un producto revolucionario, que aporta una capa extra de resistencia. Con su f\u00f3rmula innovadora, este gel fortalecedor ayuda a prevenir roturas y astillas, asegurando u\u00f1as m\u00e1s fuertes y saludables. Gel base nivelante y autonivelante.","_links":{"self":[{"href":"https:\/\/varietieseym.com.uy\/index.php\/wp-json\/wp\/v2\/product\/5412","targetHints":{"allow":["GET"]}}],"collection":[{"href":"https:\/\/varietieseym.com.uy\/index.php\/wp-json\/wp\/v2\/product"}],"about":[{"href":"https:\/\/varietieseym.com.uy\/index.php\/wp-json\/wp\/v2\/types\/product"}],"wp:featuredmedia":[{"embeddable":true,"href":"https:\/\/varietieseym.com.uy\/index.php\/wp-json\/wp\/v2\/media\/5415"}],"wp:attachment":[{"href":"https:\/\/varietieseym.com.uy\/index.php\/wp-json\/wp\/v2\/media?parent=5412"}],"wp:term":[{"taxonomy":"product_brand","embeddable":true,"href":"https:\/\/varietieseym.com.uy\/index.php\/wp-json\/wp\/v2\/product_brand?post=5412"},{"taxonomy":"product_cat","embeddable":true,"href":"https:\/\/varietieseym.com.uy\/index.php\/wp-json\/wp\/v2\/product_cat?post=5412"},{"taxonomy":"product_tag","embeddable":true,"href":"https:\/\/varietieseym.com.uy\/index.php\/wp-json\/wp\/v2\/product_tag?post=5412"}],"curies":[{"name":"wp","href":"https:\/\/api.w.org\/{rel}","templated":true}]}}