{"id":5518,"date":"2024-06-03T15:15:21","date_gmt":"2024-06-03T18:15:21","guid":{"rendered":"https:\/\/varietieseym.com.uy\/?post_type=product&#038;p=5518"},"modified":"2025-08-25T13:14:47","modified_gmt":"2025-08-25T16:14:47","slug":"polygel-xd-4162","status":"publish","type":"product","link":"https:\/\/varietieseym.com.uy\/index.php\/producto\/polygel-xd-4162\/","title":{"rendered":"Polygel XD &#8211; 4162"},"content":{"rendered":"<p>Polygel XD &#8211; Esmalte en gel para u\u00f1as de construcci\u00f3n r\u00e1pida &#8211; Gel de alta densidad, especialmente desarrollado para la nueva t\u00e9cnica de construcci\u00f3n de u\u00f1as &#8211; Su alta densidad permite construcciones con mayores opciones de aplicaci\u00f3n.<\/p>\n","protected":false},"excerpt":{"rendered":"<p>Polygel XD &#8211; Esmalte en gel para u\u00f1as de construcci\u00f3n r\u00e1pida &#8211; Gel de alta densidad, especialmente desarrollado para la nueva t\u00e9cnica de construcci\u00f3n de u\u00f1as &#8211; Su alta densidad permite construcciones con mayores opciones de aplicaci\u00f3n.<\/p>\n","protected":false},"featured_media":7595,"template":"","meta":{"_uag_custom_page_level_css":"","site-sidebar-layout":"default","site-content-layout":"","ast-site-content-layout":"default","site-content-style":"default","site-sidebar-style":"default","ast-global-header-display":"","ast-banner-title-visibility":"","ast-main-header-display":"","ast-hfb-above-header-display":"","ast-hfb-below-header-display":"","ast-hfb-mobile-header-display":"","site-post-title":"","ast-breadcrumbs-content":"","ast-featured-img":"","footer-sml-layout":"","theme-transparent-header-meta":"default","adv-header-id-meta":"","stick-header-meta":"","header-above-stick-meta":"","header-main-stick-meta":"","header-below-stick-meta":"","astra-migrate-meta-layouts":"set","_joinchat":[]},"product_brand":[],"product_cat":[219,131],"product_tag":[],"class_list":{"0":"post-5518","1":"product","2":"type-product","3":"status-publish","4":"has-post-thumbnail","6":"product_cat-construccion-unas","7":"product_cat-unas","8":"desktop-align-center","9":"tablet-align-left","10":"mobile-align-left","12":"first","13":"outofstock","14":"shipping-taxable","15":"purchasable","16":"product-type-variable"},"uagb_featured_image_src":{"full":["https:\/\/varietieseym.com.uy\/wp-content\/uploads\/2024\/06\/polygel-xd-1.jpg",609,623,false],"thumbnail":["https:\/\/varietieseym.com.uy\/wp-content\/uploads\/2024\/06\/polygel-xd-1-150x150.jpg",150,150,true],"medium":["https:\/\/varietieseym.com.uy\/wp-content\/uploads\/2024\/06\/polygel-xd-1-293x300.jpg",293,300,true],"medium_large":["https:\/\/varietieseym.com.uy\/wp-content\/uploads\/2024\/06\/polygel-xd-1.jpg",609,623,false],"large":["https:\/\/varietieseym.com.uy\/wp-content\/uploads\/2024\/06\/polygel-xd-1.jpg",609,623,false],"1536x1536":["https:\/\/varietieseym.com.uy\/wp-content\/uploads\/2024\/06\/polygel-xd-1.jpg",609,623,false],"2048x2048":["https:\/\/varietieseym.com.uy\/wp-content\/uploads\/2024\/06\/polygel-xd-1.jpg",609,623,false],"woocommerce_thumbnail":["https:\/\/varietieseym.com.uy\/wp-content\/uploads\/2024\/06\/polygel-xd-1-300x300.jpg",300,300,true],"woocommerce_single":["https:\/\/varietieseym.com.uy\/wp-content\/uploads\/2024\/06\/polygel-xd-1-600x614.jpg",600,614,true],"woocommerce_gallery_thumbnail":["https:\/\/varietieseym.com.uy\/wp-content\/uploads\/2024\/06\/polygel-xd-1-100x100.jpg",100,100,true]},"uagb_author_info":{"display_name":"SyF Home","author_link":"https:\/\/varietieseym.com.uy\/index.php\/author\/"},"uagb_comment_info":0,"uagb_excerpt":"Polygel XD &#8211; Esmalte en gel para u\u00f1as de construcci\u00f3n r\u00e1pida &#8211; Gel de alta densidad, especialmente desarrollado para la nueva t\u00e9cnica de construcci\u00f3n de u\u00f1as &#8211; Su alta densidad permite construcciones con mayores opciones de aplicaci\u00f3n.","_links":{"self":[{"href":"https:\/\/varietieseym.com.uy\/index.php\/wp-json\/wp\/v2\/product\/5518","targetHints":{"allow":["GET"]}}],"collection":[{"href":"https:\/\/varietieseym.com.uy\/index.php\/wp-json\/wp\/v2\/product"}],"about":[{"href":"https:\/\/varietieseym.com.uy\/index.php\/wp-json\/wp\/v2\/types\/product"}],"wp:featuredmedia":[{"embeddable":true,"href":"https:\/\/varietieseym.com.uy\/index.php\/wp-json\/wp\/v2\/media\/7595"}],"wp:attachment":[{"href":"https:\/\/varietieseym.com.uy\/index.php\/wp-json\/wp\/v2\/media?parent=5518"}],"wp:term":[{"taxonomy":"product_brand","embeddable":true,"href":"https:\/\/varietieseym.com.uy\/index.php\/wp-json\/wp\/v2\/product_brand?post=5518"},{"taxonomy":"product_cat","embeddable":true,"href":"https:\/\/varietieseym.com.uy\/index.php\/wp-json\/wp\/v2\/product_cat?post=5518"},{"taxonomy":"product_tag","embeddable":true,"href":"https:\/\/varietieseym.com.uy\/index.php\/wp-json\/wp\/v2\/product_tag?post=5518"}],"curies":[{"name":"wp","href":"https:\/\/api.w.org\/{rel}","templated":true}]}}