{"id":5611,"date":"2024-06-03T20:28:52","date_gmt":"2024-06-03T23:28:52","guid":{"rendered":"https:\/\/varietieseym.com.uy\/?post_type=product&#038;p=5611"},"modified":"2026-04-01T18:42:51","modified_gmt":"2026-04-01T21:42:51","slug":"gel-de-construccion-xd-3859","status":"publish","type":"product","link":"https:\/\/varietieseym.com.uy\/index.php\/producto\/gel-de-construccion-xd-3859\/","title":{"rendered":"Gel de construccion XD &#8211; 3859"},"content":{"rendered":"<p>X&amp;D Professional GEL El nuevo gel de la marca X&amp;D es sencillamente maravilloso por su consistencia f\u00e1cil de aplicar y excelente ya que no se corre, se puede usar con todas las t\u00e9cnicas. Gel UV LED adecuado para aplicar sobre u\u00f1as acr\u00edlicas, naturales, etc. Ayuda a fortalecer las u\u00f1as con un recubrimiento brillante duradero<\/p>\n","protected":false},"excerpt":{"rendered":"<p>X&amp;D Professional GEL El nuevo gel de la marca X&amp;D es sencillamente maravilloso por su consistencia f\u00e1cil de aplicar y excelente ya que no se corre, se puede usar con todas las t\u00e9cnicas. Gel UV LED adecuado para aplicar sobre u\u00f1as acr\u00edlicas, naturales, etc. Ayuda a fortalecer las u\u00f1as con un recubrimiento brillante duradero<\/p>\n","protected":false},"featured_media":5618,"template":"","meta":{"_uag_custom_page_level_css":"","site-sidebar-layout":"default","site-content-layout":"","ast-site-content-layout":"default","site-content-style":"default","site-sidebar-style":"default","ast-global-header-display":"","ast-banner-title-visibility":"","ast-main-header-display":"","ast-hfb-above-header-display":"","ast-hfb-below-header-display":"","ast-hfb-mobile-header-display":"","site-post-title":"","ast-breadcrumbs-content":"","ast-featured-img":"","footer-sml-layout":"","theme-transparent-header-meta":"default","adv-header-id-meta":"","stick-header-meta":"","header-above-stick-meta":"","header-main-stick-meta":"","header-below-stick-meta":"","astra-migrate-meta-layouts":"set","_joinchat":[]},"product_brand":[],"product_cat":[219,131],"product_tag":[],"class_list":{"0":"post-5611","1":"product","2":"type-product","3":"status-publish","4":"has-post-thumbnail","6":"product_cat-construccion-unas","7":"product_cat-unas","8":"desktop-align-center","9":"tablet-align-left","10":"mobile-align-left","12":"first","13":"instock","14":"shipping-taxable","15":"purchasable","16":"product-type-variable"},"uagb_featured_image_src":{"full":["https:\/\/varietieseym.com.uy\/wp-content\/uploads\/2024\/06\/1VxCLMzVrvH8ZrpKTLyAy9JUM_l8U7RvrHAwovX8zgQ.jpg",480,480,false],"thumbnail":["https:\/\/varietieseym.com.uy\/wp-content\/uploads\/2024\/06\/1VxCLMzVrvH8ZrpKTLyAy9JUM_l8U7RvrHAwovX8zgQ-150x150.jpg",150,150,true],"medium":["https:\/\/varietieseym.com.uy\/wp-content\/uploads\/2024\/06\/1VxCLMzVrvH8ZrpKTLyAy9JUM_l8U7RvrHAwovX8zgQ-300x300.jpg",300,300,true],"medium_large":["https:\/\/varietieseym.com.uy\/wp-content\/uploads\/2024\/06\/1VxCLMzVrvH8ZrpKTLyAy9JUM_l8U7RvrHAwovX8zgQ.jpg",480,480,false],"large":["https:\/\/varietieseym.com.uy\/wp-content\/uploads\/2024\/06\/1VxCLMzVrvH8ZrpKTLyAy9JUM_l8U7RvrHAwovX8zgQ.jpg",480,480,false],"1536x1536":["https:\/\/varietieseym.com.uy\/wp-content\/uploads\/2024\/06\/1VxCLMzVrvH8ZrpKTLyAy9JUM_l8U7RvrHAwovX8zgQ.jpg",480,480,false],"2048x2048":["https:\/\/varietieseym.com.uy\/wp-content\/uploads\/2024\/06\/1VxCLMzVrvH8ZrpKTLyAy9JUM_l8U7RvrHAwovX8zgQ.jpg",480,480,false],"woocommerce_thumbnail":["https:\/\/varietieseym.com.uy\/wp-content\/uploads\/2024\/06\/1VxCLMzVrvH8ZrpKTLyAy9JUM_l8U7RvrHAwovX8zgQ-300x300.jpg",300,300,true],"woocommerce_single":["https:\/\/varietieseym.com.uy\/wp-content\/uploads\/2024\/06\/1VxCLMzVrvH8ZrpKTLyAy9JUM_l8U7RvrHAwovX8zgQ.jpg",480,480,false],"woocommerce_gallery_thumbnail":["https:\/\/varietieseym.com.uy\/wp-content\/uploads\/2024\/06\/1VxCLMzVrvH8ZrpKTLyAy9JUM_l8U7RvrHAwovX8zgQ-100x100.jpg",100,100,true]},"uagb_author_info":{"display_name":"SyF Home","author_link":"https:\/\/varietieseym.com.uy\/index.php\/author\/"},"uagb_comment_info":0,"uagb_excerpt":"X&amp;D Professional GEL El nuevo gel de la marca X&amp;D es sencillamente maravilloso por su consistencia f\u00e1cil de aplicar y excelente ya que no se corre, se puede usar con todas las t\u00e9cnicas. Gel UV LED adecuado para aplicar sobre u\u00f1as acr\u00edlicas, naturales, etc. Ayuda a fortalecer las u\u00f1as con un recubrimiento brillante duradero","_links":{"self":[{"href":"https:\/\/varietieseym.com.uy\/index.php\/wp-json\/wp\/v2\/product\/5611","targetHints":{"allow":["GET"]}}],"collection":[{"href":"https:\/\/varietieseym.com.uy\/index.php\/wp-json\/wp\/v2\/product"}],"about":[{"href":"https:\/\/varietieseym.com.uy\/index.php\/wp-json\/wp\/v2\/types\/product"}],"wp:featuredmedia":[{"embeddable":true,"href":"https:\/\/varietieseym.com.uy\/index.php\/wp-json\/wp\/v2\/media\/5618"}],"wp:attachment":[{"href":"https:\/\/varietieseym.com.uy\/index.php\/wp-json\/wp\/v2\/media?parent=5611"}],"wp:term":[{"taxonomy":"product_brand","embeddable":true,"href":"https:\/\/varietieseym.com.uy\/index.php\/wp-json\/wp\/v2\/product_brand?post=5611"},{"taxonomy":"product_cat","embeddable":true,"href":"https:\/\/varietieseym.com.uy\/index.php\/wp-json\/wp\/v2\/product_cat?post=5611"},{"taxonomy":"product_tag","embeddable":true,"href":"https:\/\/varietieseym.com.uy\/index.php\/wp-json\/wp\/v2\/product_tag?post=5611"}],"curies":[{"name":"wp","href":"https:\/\/api.w.org\/{rel}","templated":true}]}}