{"id":5632,"date":"2024-06-04T22:36:39","date_gmt":"2024-06-05T01:36:39","guid":{"rendered":"https:\/\/varietieseym.com.uy\/?post_type=product&#038;p=5632"},"modified":"2025-06-26T19:16:31","modified_gmt":"2025-06-26T22:16:31","slug":"progresivo-de-ducha-4934","status":"publish","type":"product","link":"https:\/\/varietieseym.com.uy\/index.php\/producto\/progresivo-de-ducha-4934\/","title":{"rendered":"Progresivo de ducha &#8211; 4934"},"content":{"rendered":"<p>PROGRESIVO DE DUCHA SIN FORMOL Ducha Progresiva Efecto Liso Instant\u00e1neo #superpoderes es una mascarilla capilar f\u00e1cil de usar con efecto instant\u00e1neo (cabello liso en 15 minutos). facilita la vida de las que quieren tener el pelo liso, pero no quieren perder el tiempo yendo a un sal\u00f3n de belleza Posee en su formulaci\u00f3n el Sistema Lumini, que brinda luminosidad,protege el color de los cabellos te\u00f1idos,tiene un efecto liso y acci\u00f3n anti frizz No contiene formol ni parabenos Modo de Empleo: 1-Lavar el cabello 2 veces con shampoo para que quede bien limpio. 2- aplicar el Progresivo en todo el largo del cabello y dejar actuar por 3 minutos 3-enjuague el cabello para que todo exceso de producto no sea absorbido por el cabello. 4- utiliza el secador para activar el alisado del cabello.<\/p>\n","protected":false},"excerpt":{"rendered":"<p>PROGRESIVO DE DUCHA SIN FORMOL Ducha Progresiva Efecto Liso Instant\u00e1neo #superpoderes es una mascarilla capilar f\u00e1cil de usar con efecto instant\u00e1neo (cabello liso en 15 minutos). facilita la vida de las que quieren tener el pelo liso, pero no quieren perder el tiempo yendo a un sal\u00f3n de belleza Posee en su formulaci\u00f3n el Sistema &hellip;<\/p>\n<p class=\"read-more\"> <a class=\"\" href=\"https:\/\/varietieseym.com.uy\/index.php\/producto\/progresivo-de-ducha-4934\/\"> <span class=\"screen-reader-text\">Progresivo de ducha &#8211; 4934<\/span> Leer m\u00e1s &raquo;<\/a><\/p>\n","protected":false},"featured_media":5627,"template":"","meta":{"_uag_custom_page_level_css":"","site-sidebar-layout":"default","site-content-layout":"","ast-site-content-layout":"default","site-content-style":"default","site-sidebar-style":"default","ast-global-header-display":"","ast-banner-title-visibility":"","ast-main-header-display":"","ast-hfb-above-header-display":"","ast-hfb-below-header-display":"","ast-hfb-mobile-header-display":"","site-post-title":"","ast-breadcrumbs-content":"","ast-featured-img":"","footer-sml-layout":"","theme-transparent-header-meta":"default","adv-header-id-meta":"","stick-header-meta":"","header-above-stick-meta":"","header-main-stick-meta":"","header-below-stick-meta":"","astra-migrate-meta-layouts":"set","_joinchat":[]},"product_brand":[],"product_cat":[240,143],"product_tag":[],"class_list":{"0":"post-5632","1":"product","2":"type-product","3":"status-publish","4":"has-post-thumbnail","6":"product_cat-alisados","7":"product_cat-cabello","8":"desktop-align-center","9":"tablet-align-left","10":"mobile-align-left","12":"first","13":"outofstock","14":"shipping-taxable","15":"purchasable","16":"product-type-simple"},"uagb_featured_image_src":{"full":["https:\/\/varietieseym.com.uy\/wp-content\/uploads\/2024\/06\/11qWHgeizxY3MXdT5w4HCLWvpEiAsj5I_5lTpRz6n3w.webp",472,617,false],"thumbnail":["https:\/\/varietieseym.com.uy\/wp-content\/uploads\/2024\/06\/11qWHgeizxY3MXdT5w4HCLWvpEiAsj5I_5lTpRz6n3w-150x150.webp",150,150,true],"medium":["https:\/\/varietieseym.com.uy\/wp-content\/uploads\/2024\/06\/11qWHgeizxY3MXdT5w4HCLWvpEiAsj5I_5lTpRz6n3w-229x300.webp",229,300,true],"medium_large":["https:\/\/varietieseym.com.uy\/wp-content\/uploads\/2024\/06\/11qWHgeizxY3MXdT5w4HCLWvpEiAsj5I_5lTpRz6n3w.webp",472,617,false],"large":["https:\/\/varietieseym.com.uy\/wp-content\/uploads\/2024\/06\/11qWHgeizxY3MXdT5w4HCLWvpEiAsj5I_5lTpRz6n3w.webp",472,617,false],"1536x1536":["https:\/\/varietieseym.com.uy\/wp-content\/uploads\/2024\/06\/11qWHgeizxY3MXdT5w4HCLWvpEiAsj5I_5lTpRz6n3w.webp",472,617,false],"2048x2048":["https:\/\/varietieseym.com.uy\/wp-content\/uploads\/2024\/06\/11qWHgeizxY3MXdT5w4HCLWvpEiAsj5I_5lTpRz6n3w.webp",472,617,false],"woocommerce_thumbnail":["https:\/\/varietieseym.com.uy\/wp-content\/uploads\/2024\/06\/11qWHgeizxY3MXdT5w4HCLWvpEiAsj5I_5lTpRz6n3w-300x300.webp",300,300,true],"woocommerce_single":["https:\/\/varietieseym.com.uy\/wp-content\/uploads\/2024\/06\/11qWHgeizxY3MXdT5w4HCLWvpEiAsj5I_5lTpRz6n3w.webp",472,617,false],"woocommerce_gallery_thumbnail":["https:\/\/varietieseym.com.uy\/wp-content\/uploads\/2024\/06\/11qWHgeizxY3MXdT5w4HCLWvpEiAsj5I_5lTpRz6n3w-100x100.webp",100,100,true]},"uagb_author_info":{"display_name":"SyF Home","author_link":"https:\/\/varietieseym.com.uy\/index.php\/author\/"},"uagb_comment_info":0,"uagb_excerpt":"PROGRESIVO DE DUCHA SIN FORMOL Ducha Progresiva Efecto Liso Instant\u00e1neo #superpoderes es una mascarilla capilar f\u00e1cil de usar con efecto instant\u00e1neo (cabello liso en 15 minutos). facilita la vida de las que quieren tener el pelo liso, pero no quieren perder el tiempo yendo a un sal\u00f3n de belleza Posee en su formulaci\u00f3n el Sistema&hellip;","_links":{"self":[{"href":"https:\/\/varietieseym.com.uy\/index.php\/wp-json\/wp\/v2\/product\/5632","targetHints":{"allow":["GET"]}}],"collection":[{"href":"https:\/\/varietieseym.com.uy\/index.php\/wp-json\/wp\/v2\/product"}],"about":[{"href":"https:\/\/varietieseym.com.uy\/index.php\/wp-json\/wp\/v2\/types\/product"}],"wp:featuredmedia":[{"embeddable":true,"href":"https:\/\/varietieseym.com.uy\/index.php\/wp-json\/wp\/v2\/media\/5627"}],"wp:attachment":[{"href":"https:\/\/varietieseym.com.uy\/index.php\/wp-json\/wp\/v2\/media?parent=5632"}],"wp:term":[{"taxonomy":"product_brand","embeddable":true,"href":"https:\/\/varietieseym.com.uy\/index.php\/wp-json\/wp\/v2\/product_brand?post=5632"},{"taxonomy":"product_cat","embeddable":true,"href":"https:\/\/varietieseym.com.uy\/index.php\/wp-json\/wp\/v2\/product_cat?post=5632"},{"taxonomy":"product_tag","embeddable":true,"href":"https:\/\/varietieseym.com.uy\/index.php\/wp-json\/wp\/v2\/product_tag?post=5632"}],"curies":[{"name":"wp","href":"https:\/\/api.w.org\/{rel}","templated":true}]}}