{"id":5642,"date":"2024-06-04T22:44:37","date_gmt":"2024-06-05T01:44:37","guid":{"rendered":"https:\/\/varietieseym.com.uy\/?post_type=product&#038;p=5642"},"modified":"2024-12-26T12:37:50","modified_gmt":"2024-12-26T15:37:50","slug":"kit-tratamiento-liso-intenso-1014","status":"publish","type":"product","link":"https:\/\/varietieseym.com.uy\/index.php\/producto\/kit-tratamiento-liso-intenso-1014\/","title":{"rendered":"Kit tratamiento Liso intenso &#8211; 1014"},"content":{"rendered":"<p>Kit shampo+acondicionador+mascara Liso Intenso &#8211; Begonia Gold La L\u00ednea Capilar Liso Intenso Beg\u00f4nia fue desarrollada con activos acondicionadores asociados a un complejo \u00e1cido que mantiene alineada la fibra capilar. Forma una capa protectora sobre el cabello, protegiendo las hebras de las agresiones cotidianas, como la humedad, el viento y la contaminaci\u00f3n. Reduce el encrespamiento y aporta un extra de brillo al cabello. Champ\u00fa Suave Intenso &#8211; Beg\u00f4nia Gold El Champ\u00fa Liso Intenso limpia suavemente el cabello, con activos acondicionadores asociados a un complejo \u00e1cido que mantiene alineada la fibra capilar. Forma una capa protectora sobre el cabello, reduce el encrespamiento y aporta un extra de brillo al cabello. Acondicionador Suave Intenso &#8211; Begonia Gold El Acondicionador Liso Intenso fue desarrollado con activos acondicionadores asociados a un complejo \u00e1cido que mantiene alineada la fibra capilar. Forma una capa protectora sobre el cabello, protegiendo las hebras de las agresiones cotidianas, como la humedad, el viento y la contaminaci\u00f3n. Reduce el encrespamiento y aporta un extra de brillo al cabello. Mascarilla Suave Intensa &#8211; Begonia Gold La Mascarilla Power Liss Liso Intenso fue desarrollada con activos acondicionadores asociados a un complejo \u00e1cido que mantiene alineada la fibra capilar. Forma una capa protectora sobre el cabello, protegiendo las hebras de las agresiones cotidianas, como la humedad, el viento y la contaminaci\u00f3n. Reduce el encrespamiento y aporta un extra de brillo al cabello. Kit que contiene: 1 Champ\u00fa Liso Intenso 400mL &#8211; Beg\u00f4nia Gold; 1 Acondicionador Suave Intenso de 400 ml &#8211; Beg\u00f4nia Gold; 1 Mascarilla Suave Intensa 300g &#8211; Begonia Gold. NO PROBADO EN ANIMALES.<\/p>\n","protected":false},"excerpt":{"rendered":"<p>Kit shampo+acondicionador+mascara Liso Intenso &#8211; Begonia Gold La L\u00ednea Capilar Liso Intenso Beg\u00f4nia fue desarrollada con activos acondicionadores asociados a un complejo \u00e1cido que mantiene alineada la fibra capilar. Forma una capa protectora sobre el cabello, protegiendo las hebras de las agresiones cotidianas, como la humedad, el viento y la contaminaci\u00f3n. Reduce el encrespamiento y &hellip;<\/p>\n<p class=\"read-more\"> <a class=\"\" href=\"https:\/\/varietieseym.com.uy\/index.php\/producto\/kit-tratamiento-liso-intenso-1014\/\"> <span class=\"screen-reader-text\">Kit tratamiento Liso intenso &#8211; 1014<\/span> Leer m\u00e1s &raquo;<\/a><\/p>\n","protected":false},"featured_media":5640,"template":"","meta":{"_uag_custom_page_level_css":"","site-sidebar-layout":"default","site-content-layout":"","ast-site-content-layout":"default","site-content-style":"default","site-sidebar-style":"default","ast-global-header-display":"","ast-banner-title-visibility":"","ast-main-header-display":"","ast-hfb-above-header-display":"","ast-hfb-below-header-display":"","ast-hfb-mobile-header-display":"","site-post-title":"","ast-breadcrumbs-content":"","ast-featured-img":"","footer-sml-layout":"","theme-transparent-header-meta":"default","adv-header-id-meta":"","stick-header-meta":"","header-above-stick-meta":"","header-main-stick-meta":"","header-below-stick-meta":"","astra-migrate-meta-layouts":"set","_joinchat":[]},"product_brand":[],"product_cat":[242,143],"product_tag":[],"class_list":{"0":"post-5642","1":"product","2":"type-product","3":"status-publish","4":"has-post-thumbnail","6":"product_cat-tratamientos-capilares","7":"product_cat-cabello","8":"desktop-align-center","9":"tablet-align-left","10":"mobile-align-left","12":"first","13":"outofstock","14":"sale","15":"shipping-taxable","16":"purchasable","17":"product-type-simple"},"uagb_featured_image_src":{"full":["https:\/\/varietieseym.com.uy\/wp-content\/uploads\/2024\/06\/1fdR-yx725hQcL-M1_jMEC-WWq6MWTIQop5dz2flenA.webp",620,606,false],"thumbnail":["https:\/\/varietieseym.com.uy\/wp-content\/uploads\/2024\/06\/1fdR-yx725hQcL-M1_jMEC-WWq6MWTIQop5dz2flenA-150x150.webp",150,150,true],"medium":["https:\/\/varietieseym.com.uy\/wp-content\/uploads\/2024\/06\/1fdR-yx725hQcL-M1_jMEC-WWq6MWTIQop5dz2flenA-300x293.webp",300,293,true],"medium_large":["https:\/\/varietieseym.com.uy\/wp-content\/uploads\/2024\/06\/1fdR-yx725hQcL-M1_jMEC-WWq6MWTIQop5dz2flenA.webp",620,606,false],"large":["https:\/\/varietieseym.com.uy\/wp-content\/uploads\/2024\/06\/1fdR-yx725hQcL-M1_jMEC-WWq6MWTIQop5dz2flenA.webp",620,606,false],"1536x1536":["https:\/\/varietieseym.com.uy\/wp-content\/uploads\/2024\/06\/1fdR-yx725hQcL-M1_jMEC-WWq6MWTIQop5dz2flenA.webp",620,606,false],"2048x2048":["https:\/\/varietieseym.com.uy\/wp-content\/uploads\/2024\/06\/1fdR-yx725hQcL-M1_jMEC-WWq6MWTIQop5dz2flenA.webp",620,606,false],"woocommerce_thumbnail":["https:\/\/varietieseym.com.uy\/wp-content\/uploads\/2024\/06\/1fdR-yx725hQcL-M1_jMEC-WWq6MWTIQop5dz2flenA-300x300.webp",300,300,true],"woocommerce_single":["https:\/\/varietieseym.com.uy\/wp-content\/uploads\/2024\/06\/1fdR-yx725hQcL-M1_jMEC-WWq6MWTIQop5dz2flenA-600x586.webp",600,586,true],"woocommerce_gallery_thumbnail":["https:\/\/varietieseym.com.uy\/wp-content\/uploads\/2024\/06\/1fdR-yx725hQcL-M1_jMEC-WWq6MWTIQop5dz2flenA-100x100.webp",100,100,true]},"uagb_author_info":{"display_name":"SyF Home","author_link":"https:\/\/varietieseym.com.uy\/index.php\/author\/"},"uagb_comment_info":0,"uagb_excerpt":"Kit shampo+acondicionador+mascara Liso Intenso &#8211; Begonia Gold La L\u00ednea Capilar Liso Intenso Beg\u00f4nia fue desarrollada con activos acondicionadores asociados a un complejo \u00e1cido que mantiene alineada la fibra capilar. Forma una capa protectora sobre el cabello, protegiendo las hebras de las agresiones cotidianas, como la humedad, el viento y la contaminaci\u00f3n. Reduce el encrespamiento y&hellip;","_links":{"self":[{"href":"https:\/\/varietieseym.com.uy\/index.php\/wp-json\/wp\/v2\/product\/5642","targetHints":{"allow":["GET"]}}],"collection":[{"href":"https:\/\/varietieseym.com.uy\/index.php\/wp-json\/wp\/v2\/product"}],"about":[{"href":"https:\/\/varietieseym.com.uy\/index.php\/wp-json\/wp\/v2\/types\/product"}],"wp:featuredmedia":[{"embeddable":true,"href":"https:\/\/varietieseym.com.uy\/index.php\/wp-json\/wp\/v2\/media\/5640"}],"wp:attachment":[{"href":"https:\/\/varietieseym.com.uy\/index.php\/wp-json\/wp\/v2\/media?parent=5642"}],"wp:term":[{"taxonomy":"product_brand","embeddable":true,"href":"https:\/\/varietieseym.com.uy\/index.php\/wp-json\/wp\/v2\/product_brand?post=5642"},{"taxonomy":"product_cat","embeddable":true,"href":"https:\/\/varietieseym.com.uy\/index.php\/wp-json\/wp\/v2\/product_cat?post=5642"},{"taxonomy":"product_tag","embeddable":true,"href":"https:\/\/varietieseym.com.uy\/index.php\/wp-json\/wp\/v2\/product_tag?post=5642"}],"curies":[{"name":"wp","href":"https:\/\/api.w.org\/{rel}","templated":true}]}}