{"id":5644,"date":"2024-06-04T22:46:10","date_gmt":"2024-06-05T01:46:10","guid":{"rendered":"https:\/\/varietieseym.com.uy\/?post_type=product&#038;p=5644"},"modified":"2024-08-26T15:42:28","modified_gmt":"2024-08-26T18:42:28","slug":"kit-alisado-progresivo-en-la-ducha-1016","status":"publish","type":"product","link":"https:\/\/varietieseym.com.uy\/index.php\/producto\/kit-alisado-progresivo-en-la-ducha-1016\/","title":{"rendered":"Kit alisado progresivo en la ducha &#8211; 1016"},"content":{"rendered":"<p>Alisado en 3 minutos La L\u00ednea Capilar 3 Minutos M\u00e1gicos tiene tres veces m\u00e1s ingredientes acondicionadores que los tradicionales, asociados a tensioactivos suaves, favorece la higiene del cabello y aporta fuerza y \u200b\u200bresistencia. Devuelve los elementos esenciales al bienestar de la Fibra Capilar. Kit contiene Shampoo acondicionador mascara<\/p>\n","protected":false},"excerpt":{"rendered":"<p>Alisado en 3 minutos La L\u00ednea Capilar 3 Minutos M\u00e1gicos tiene tres veces m\u00e1s ingredientes acondicionadores que los tradicionales, asociados a tensioactivos suaves, favorece la higiene del cabello y aporta fuerza y \u200b\u200bresistencia. Devuelve los elementos esenciales al bienestar de la Fibra Capilar. Kit contiene Shampoo acondicionador mascara<\/p>\n","protected":false},"featured_media":5648,"template":"","meta":{"_uag_custom_page_level_css":"","site-sidebar-layout":"default","site-content-layout":"","ast-site-content-layout":"default","site-content-style":"default","site-sidebar-style":"default","ast-global-header-display":"","ast-banner-title-visibility":"","ast-main-header-display":"","ast-hfb-above-header-display":"","ast-hfb-below-header-display":"","ast-hfb-mobile-header-display":"","site-post-title":"","ast-breadcrumbs-content":"","ast-featured-img":"","footer-sml-layout":"","theme-transparent-header-meta":"default","adv-header-id-meta":"","stick-header-meta":"","header-above-stick-meta":"","header-main-stick-meta":"","header-below-stick-meta":"","astra-migrate-meta-layouts":"set","_joinchat":[]},"product_brand":[],"product_cat":[242,143],"product_tag":[],"class_list":{"0":"post-5644","1":"product","2":"type-product","3":"status-publish","4":"has-post-thumbnail","6":"product_cat-tratamientos-capilares","7":"product_cat-cabello","8":"desktop-align-center","9":"tablet-align-left","10":"mobile-align-left","12":"first","13":"outofstock","14":"sale","15":"shipping-taxable","16":"purchasable","17":"product-type-simple"},"uagb_featured_image_src":{"full":["https:\/\/varietieseym.com.uy\/wp-content\/uploads\/2024\/06\/157A2wKN3GTGQ5caHRFfTlIXWY5g9LM4JdqjFhtRaig.png",606,609,false],"thumbnail":["https:\/\/varietieseym.com.uy\/wp-content\/uploads\/2024\/06\/157A2wKN3GTGQ5caHRFfTlIXWY5g9LM4JdqjFhtRaig-150x150.png",150,150,true],"medium":["https:\/\/varietieseym.com.uy\/wp-content\/uploads\/2024\/06\/157A2wKN3GTGQ5caHRFfTlIXWY5g9LM4JdqjFhtRaig-300x300.png",300,300,true],"medium_large":["https:\/\/varietieseym.com.uy\/wp-content\/uploads\/2024\/06\/157A2wKN3GTGQ5caHRFfTlIXWY5g9LM4JdqjFhtRaig.png",606,609,false],"large":["https:\/\/varietieseym.com.uy\/wp-content\/uploads\/2024\/06\/157A2wKN3GTGQ5caHRFfTlIXWY5g9LM4JdqjFhtRaig.png",606,609,false],"1536x1536":["https:\/\/varietieseym.com.uy\/wp-content\/uploads\/2024\/06\/157A2wKN3GTGQ5caHRFfTlIXWY5g9LM4JdqjFhtRaig.png",606,609,false],"2048x2048":["https:\/\/varietieseym.com.uy\/wp-content\/uploads\/2024\/06\/157A2wKN3GTGQ5caHRFfTlIXWY5g9LM4JdqjFhtRaig.png",606,609,false],"woocommerce_thumbnail":["https:\/\/varietieseym.com.uy\/wp-content\/uploads\/2024\/06\/157A2wKN3GTGQ5caHRFfTlIXWY5g9LM4JdqjFhtRaig-300x300.png",300,300,true],"woocommerce_single":["https:\/\/varietieseym.com.uy\/wp-content\/uploads\/2024\/06\/157A2wKN3GTGQ5caHRFfTlIXWY5g9LM4JdqjFhtRaig-600x603.png",600,603,true],"woocommerce_gallery_thumbnail":["https:\/\/varietieseym.com.uy\/wp-content\/uploads\/2024\/06\/157A2wKN3GTGQ5caHRFfTlIXWY5g9LM4JdqjFhtRaig-100x100.png",100,100,true]},"uagb_author_info":{"display_name":"SyF Home","author_link":"https:\/\/varietieseym.com.uy\/index.php\/author\/"},"uagb_comment_info":0,"uagb_excerpt":"Alisado en 3 minutos La L\u00ednea Capilar 3 Minutos M\u00e1gicos tiene tres veces m\u00e1s ingredientes acondicionadores que los tradicionales, asociados a tensioactivos suaves, favorece la higiene del cabello y aporta fuerza y \u200b\u200bresistencia. Devuelve los elementos esenciales al bienestar de la Fibra Capilar. Kit contiene Shampoo acondicionador mascara","_links":{"self":[{"href":"https:\/\/varietieseym.com.uy\/index.php\/wp-json\/wp\/v2\/product\/5644","targetHints":{"allow":["GET"]}}],"collection":[{"href":"https:\/\/varietieseym.com.uy\/index.php\/wp-json\/wp\/v2\/product"}],"about":[{"href":"https:\/\/varietieseym.com.uy\/index.php\/wp-json\/wp\/v2\/types\/product"}],"wp:featuredmedia":[{"embeddable":true,"href":"https:\/\/varietieseym.com.uy\/index.php\/wp-json\/wp\/v2\/media\/5648"}],"wp:attachment":[{"href":"https:\/\/varietieseym.com.uy\/index.php\/wp-json\/wp\/v2\/media?parent=5644"}],"wp:term":[{"taxonomy":"product_brand","embeddable":true,"href":"https:\/\/varietieseym.com.uy\/index.php\/wp-json\/wp\/v2\/product_brand?post=5644"},{"taxonomy":"product_cat","embeddable":true,"href":"https:\/\/varietieseym.com.uy\/index.php\/wp-json\/wp\/v2\/product_cat?post=5644"},{"taxonomy":"product_tag","embeddable":true,"href":"https:\/\/varietieseym.com.uy\/index.php\/wp-json\/wp\/v2\/product_tag?post=5644"}],"curies":[{"name":"wp","href":"https:\/\/api.w.org\/{rel}","templated":true}]}}

<p>Alisado en 3 minutos La Línea Capilar 3 Minutos Mágicos tiene tres veces más ingredientes acondicionadores que los tradicionales, asociados a tensioactivos suaves, favorece la higiene del cabello y aporta fuerza y ​​resistencia. Devuelve los elementos esenciales al bienestar de la Fibra Capilar. Kit contiene Shampoo acondicionador mascara</p>

Alisado en 3 minutos La Línea Capilar 3 Minutos Mágicos tiene tres veces más ingredientes acondicionadores que los tradicionales, asociados a tensioactivos suaves, favorece la higiene del cabello y aporta fuerza y ​​resistencia. Devuelve los elementos esenciales al bienestar de la Fibra Capilar. Kit contiene Shampoo acondicionador mascara
