{"id":5649,"date":"2024-06-04T22:46:39","date_gmt":"2024-06-05T01:46:39","guid":{"rendered":"https:\/\/varietieseym.com.uy\/?post_type=product&#038;p=5649"},"modified":"2024-11-20T10:04:01","modified_gmt":"2024-11-20T13:04:01","slug":"kit-tratamiento-capilar-completo-botox-1017","status":"publish","type":"product","link":"https:\/\/varietieseym.com.uy\/index.php\/producto\/kit-tratamiento-capilar-completo-botox-1017\/","title":{"rendered":"Kit tratamiento capilar completo Botox &#8211; 1017"},"content":{"rendered":"<p>Botox en la Ducha es un tratamiento cuyo principal objetivo es actuar en el interior de la fibra capilar, permitiendo una reconstrucci\u00f3n completa, recuperando todos los nutrientes perdidos, promoviendo el realineamiento total de las hebras indisciplinadas, reduciendo el frizz y el volumen no deseado. Contiene Champ\u00fa 400ml Acondicionador 400ml Mascarilla Reparadora 280g Acabador reparador 200ml C\u00f3mo utilizar Paso 1: Moja tu cabello, retira el exceso de agua con las manos. Aplicar una cantidad generosa de champ\u00fa, masajeando el cuero cabelludo y aplicando la espuma en largos y puntas del tallo del cabello. Enjuague r\u00e1pidamente y repita la aplicaci\u00f3n. Paso 2: Elimina el exceso de humedad con las manos y aplica una cantidad generosa de acondicionador desde la mitad de los mechones hasta las puntas. Peina r\u00e1pidamente con un peine de dientes anchos y luego enjuaga. Paso 3: Elimina el exceso de humedad con las manos y aplica una cantidad generosa de mascarilla de tratamiento. Aplicar lo suficiente para cubrir todos los mechones. Dar un descanso de 5 a 10 minutos y luego enjuagar. CONSEJO: La mascarilla de tratamiento Rhenuks se puede utilizar antes del acondicionador para obtener un resultado m\u00e1s intenso. Paso 4: Aplica una porci\u00f3n de acabado Rhenuks en tus manos, activa el producto frot\u00e1ndote las manos y exti\u00e9ndelo uniformemente a lo largo y punta de los mechones de cabello. No enjuagar. Se puede utilizar con secador o plancha, si lo prefieres.<\/p>\n","protected":false},"excerpt":{"rendered":"<p>Botox en la Ducha es un tratamiento cuyo principal objetivo es actuar en el interior de la fibra capilar, permitiendo una reconstrucci\u00f3n completa, recuperando todos los nutrientes perdidos, promoviendo el realineamiento total de las hebras indisciplinadas, reduciendo el frizz y el volumen no deseado. Contiene Champ\u00fa 400ml Acondicionador 400ml Mascarilla Reparadora 280g Acabador reparador 200ml &hellip;<\/p>\n<p class=\"read-more\"> <a class=\"\" href=\"https:\/\/varietieseym.com.uy\/index.php\/producto\/kit-tratamiento-capilar-completo-botox-1017\/\"> <span class=\"screen-reader-text\">Kit tratamiento capilar completo Botox &#8211; 1017<\/span> Leer m\u00e1s &raquo;<\/a><\/p>\n","protected":false},"featured_media":5647,"template":"","meta":{"_uag_custom_page_level_css":"","site-sidebar-layout":"default","site-content-layout":"","ast-site-content-layout":"default","site-content-style":"default","site-sidebar-style":"default","ast-global-header-display":"","ast-banner-title-visibility":"","ast-main-header-display":"","ast-hfb-above-header-display":"","ast-hfb-below-header-display":"","ast-hfb-mobile-header-display":"","site-post-title":"","ast-breadcrumbs-content":"","ast-featured-img":"","footer-sml-layout":"","theme-transparent-header-meta":"default","adv-header-id-meta":"","stick-header-meta":"","header-above-stick-meta":"","header-main-stick-meta":"","header-below-stick-meta":"","astra-migrate-meta-layouts":"set","_joinchat":[]},"product_brand":[],"product_cat":[242,143],"product_tag":[],"class_list":{"0":"post-5649","1":"product","2":"type-product","3":"status-publish","4":"has-post-thumbnail","6":"product_cat-tratamientos-capilares","7":"product_cat-cabello","8":"desktop-align-center","9":"tablet-align-left","10":"mobile-align-left","12":"first","13":"outofstock","14":"sale","15":"shipping-taxable","16":"purchasable","17":"product-type-simple"},"uagb_featured_image_src":{"full":["https:\/\/varietieseym.com.uy\/wp-content\/uploads\/2024\/06\/14-xluHao3Kbxok1ZzYV7HulYUkf7lPsSoEuaW90xqQ.jpg",1080,1080,false],"thumbnail":["https:\/\/varietieseym.com.uy\/wp-content\/uploads\/2024\/06\/14-xluHao3Kbxok1ZzYV7HulYUkf7lPsSoEuaW90xqQ-150x150.jpg",150,150,true],"medium":["https:\/\/varietieseym.com.uy\/wp-content\/uploads\/2024\/06\/14-xluHao3Kbxok1ZzYV7HulYUkf7lPsSoEuaW90xqQ-300x300.jpg",300,300,true],"medium_large":["https:\/\/varietieseym.com.uy\/wp-content\/uploads\/2024\/06\/14-xluHao3Kbxok1ZzYV7HulYUkf7lPsSoEuaW90xqQ-768x768.jpg",768,768,true],"large":["https:\/\/varietieseym.com.uy\/wp-content\/uploads\/2024\/06\/14-xluHao3Kbxok1ZzYV7HulYUkf7lPsSoEuaW90xqQ-1024x1024.jpg",1024,1024,true],"1536x1536":["https:\/\/varietieseym.com.uy\/wp-content\/uploads\/2024\/06\/14-xluHao3Kbxok1ZzYV7HulYUkf7lPsSoEuaW90xqQ.jpg",1080,1080,false],"2048x2048":["https:\/\/varietieseym.com.uy\/wp-content\/uploads\/2024\/06\/14-xluHao3Kbxok1ZzYV7HulYUkf7lPsSoEuaW90xqQ.jpg",1080,1080,false],"woocommerce_thumbnail":["https:\/\/varietieseym.com.uy\/wp-content\/uploads\/2024\/06\/14-xluHao3Kbxok1ZzYV7HulYUkf7lPsSoEuaW90xqQ-300x300.jpg",300,300,true],"woocommerce_single":["https:\/\/varietieseym.com.uy\/wp-content\/uploads\/2024\/06\/14-xluHao3Kbxok1ZzYV7HulYUkf7lPsSoEuaW90xqQ-600x600.jpg",600,600,true],"woocommerce_gallery_thumbnail":["https:\/\/varietieseym.com.uy\/wp-content\/uploads\/2024\/06\/14-xluHao3Kbxok1ZzYV7HulYUkf7lPsSoEuaW90xqQ-100x100.jpg",100,100,true]},"uagb_author_info":{"display_name":"SyF Home","author_link":"https:\/\/varietieseym.com.uy\/index.php\/author\/"},"uagb_comment_info":0,"uagb_excerpt":"Botox en la Ducha es un tratamiento cuyo principal objetivo es actuar en el interior de la fibra capilar, permitiendo una reconstrucci\u00f3n completa, recuperando todos los nutrientes perdidos, promoviendo el realineamiento total de las hebras indisciplinadas, reduciendo el frizz y el volumen no deseado. Contiene Champ\u00fa 400ml Acondicionador 400ml Mascarilla Reparadora 280g Acabador reparador 200ml&hellip;","_links":{"self":[{"href":"https:\/\/varietieseym.com.uy\/index.php\/wp-json\/wp\/v2\/product\/5649","targetHints":{"allow":["GET"]}}],"collection":[{"href":"https:\/\/varietieseym.com.uy\/index.php\/wp-json\/wp\/v2\/product"}],"about":[{"href":"https:\/\/varietieseym.com.uy\/index.php\/wp-json\/wp\/v2\/types\/product"}],"wp:featuredmedia":[{"embeddable":true,"href":"https:\/\/varietieseym.com.uy\/index.php\/wp-json\/wp\/v2\/media\/5647"}],"wp:attachment":[{"href":"https:\/\/varietieseym.com.uy\/index.php\/wp-json\/wp\/v2\/media?parent=5649"}],"wp:term":[{"taxonomy":"product_brand","embeddable":true,"href":"https:\/\/varietieseym.com.uy\/index.php\/wp-json\/wp\/v2\/product_brand?post=5649"},{"taxonomy":"product_cat","embeddable":true,"href":"https:\/\/varietieseym.com.uy\/index.php\/wp-json\/wp\/v2\/product_cat?post=5649"},{"taxonomy":"product_tag","embeddable":true,"href":"https:\/\/varietieseym.com.uy\/index.php\/wp-json\/wp\/v2\/product_tag?post=5649"}],"curies":[{"name":"wp","href":"https:\/\/api.w.org\/{rel}","templated":true}]}}