{"id":5750,"date":"2024-06-05T14:23:12","date_gmt":"2024-06-05T17:23:12","guid":{"rendered":"https:\/\/varietieseym.com.uy\/?post_type=product&#038;p=5750"},"modified":"2026-04-28T23:59:12","modified_gmt":"2026-04-29T02:59:12","slug":"mascarilla-facial-gold-2636","status":"publish","type":"product","link":"https:\/\/varietieseym.com.uy\/index.php\/producto\/mascarilla-facial-gold-2636\/","title":{"rendered":"Mascarilla Facial Gold &#8211; 2636"},"content":{"rendered":"<p>La Mascarilla Facial de oro es extremadamente eficaz en la regeneraci\u00f3n celular y la protecci\u00f3n contra los radicales libres. Gracias a sus beneficios, la piel se energiza y revitaliza. El resultado es una piel m\u00e1s clara, sedosa, radiante y profundamente hidratada. Tambi\u00e9n tiene gran acci\u00f3n sobre arrugas y l\u00edneas de expresi\u00f3n.<\/p>\n","protected":false},"excerpt":{"rendered":"<p>La Mascarilla Facial de oro es extremadamente eficaz en la regeneraci\u00f3n celular y la protecci\u00f3n contra los radicales libres. Gracias a sus beneficios, la piel se energiza y revitaliza. El resultado es una piel m\u00e1s clara, sedosa, radiante y profundamente hidratada. Tambi\u00e9n tiene gran acci\u00f3n sobre arrugas y l\u00edneas de expresi\u00f3n.<\/p>\n","protected":false},"featured_media":5712,"template":"","meta":{"_uag_custom_page_level_css":"","site-sidebar-layout":"default","site-content-layout":"","ast-site-content-layout":"default","site-content-style":"default","site-sidebar-style":"default","ast-global-header-display":"","ast-banner-title-visibility":"","ast-main-header-display":"","ast-hfb-above-header-display":"","ast-hfb-below-header-display":"","ast-hfb-mobile-header-display":"","site-post-title":"","ast-breadcrumbs-content":"","ast-featured-img":"","footer-sml-layout":"","theme-transparent-header-meta":"default","adv-header-id-meta":"","stick-header-meta":"","header-above-stick-meta":"","header-main-stick-meta":"","header-below-stick-meta":"","astra-migrate-meta-layouts":"set","_joinchat":[]},"product_brand":[],"product_cat":[245,144],"product_tag":[],"class_list":{"0":"post-5750","1":"product","2":"type-product","3":"status-publish","4":"has-post-thumbnail","6":"product_cat-mascarillas","7":"product_cat-skincare","8":"desktop-align-center","9":"tablet-align-left","10":"mobile-align-left","12":"first","13":"outofstock","14":"shipping-taxable","15":"purchasable","16":"product-type-simple"},"uagb_featured_image_src":{"full":["https:\/\/varietieseym.com.uy\/wp-content\/uploads\/2024\/06\/1-WAIK0vPlO-Cd30pV3PCtb9oEsmWvGnVVKVX1b-RNQ.png",625,629,false],"thumbnail":["https:\/\/varietieseym.com.uy\/wp-content\/uploads\/2024\/06\/1-WAIK0vPlO-Cd30pV3PCtb9oEsmWvGnVVKVX1b-RNQ-150x150.png",150,150,true],"medium":["https:\/\/varietieseym.com.uy\/wp-content\/uploads\/2024\/06\/1-WAIK0vPlO-Cd30pV3PCtb9oEsmWvGnVVKVX1b-RNQ-298x300.png",298,300,true],"medium_large":["https:\/\/varietieseym.com.uy\/wp-content\/uploads\/2024\/06\/1-WAIK0vPlO-Cd30pV3PCtb9oEsmWvGnVVKVX1b-RNQ.png",625,629,false],"large":["https:\/\/varietieseym.com.uy\/wp-content\/uploads\/2024\/06\/1-WAIK0vPlO-Cd30pV3PCtb9oEsmWvGnVVKVX1b-RNQ.png",625,629,false],"1536x1536":["https:\/\/varietieseym.com.uy\/wp-content\/uploads\/2024\/06\/1-WAIK0vPlO-Cd30pV3PCtb9oEsmWvGnVVKVX1b-RNQ.png",625,629,false],"2048x2048":["https:\/\/varietieseym.com.uy\/wp-content\/uploads\/2024\/06\/1-WAIK0vPlO-Cd30pV3PCtb9oEsmWvGnVVKVX1b-RNQ.png",625,629,false],"woocommerce_thumbnail":["https:\/\/varietieseym.com.uy\/wp-content\/uploads\/2024\/06\/1-WAIK0vPlO-Cd30pV3PCtb9oEsmWvGnVVKVX1b-RNQ-300x300.png",300,300,true],"woocommerce_single":["https:\/\/varietieseym.com.uy\/wp-content\/uploads\/2024\/06\/1-WAIK0vPlO-Cd30pV3PCtb9oEsmWvGnVVKVX1b-RNQ-600x604.png",600,604,true],"woocommerce_gallery_thumbnail":["https:\/\/varietieseym.com.uy\/wp-content\/uploads\/2024\/06\/1-WAIK0vPlO-Cd30pV3PCtb9oEsmWvGnVVKVX1b-RNQ-100x100.png",100,100,true]},"uagb_author_info":{"display_name":"SyF Home","author_link":"https:\/\/varietieseym.com.uy\/index.php\/author\/"},"uagb_comment_info":0,"uagb_excerpt":"La Mascarilla Facial de oro es extremadamente eficaz en la regeneraci\u00f3n celular y la protecci\u00f3n contra los radicales libres. Gracias a sus beneficios, la piel se energiza y revitaliza. El resultado es una piel m\u00e1s clara, sedosa, radiante y profundamente hidratada. Tambi\u00e9n tiene gran acci\u00f3n sobre arrugas y l\u00edneas de expresi\u00f3n.","_links":{"self":[{"href":"https:\/\/varietieseym.com.uy\/index.php\/wp-json\/wp\/v2\/product\/5750","targetHints":{"allow":["GET"]}}],"collection":[{"href":"https:\/\/varietieseym.com.uy\/index.php\/wp-json\/wp\/v2\/product"}],"about":[{"href":"https:\/\/varietieseym.com.uy\/index.php\/wp-json\/wp\/v2\/types\/product"}],"wp:featuredmedia":[{"embeddable":true,"href":"https:\/\/varietieseym.com.uy\/index.php\/wp-json\/wp\/v2\/media\/5712"}],"wp:attachment":[{"href":"https:\/\/varietieseym.com.uy\/index.php\/wp-json\/wp\/v2\/media?parent=5750"}],"wp:term":[{"taxonomy":"product_brand","embeddable":true,"href":"https:\/\/varietieseym.com.uy\/index.php\/wp-json\/wp\/v2\/product_brand?post=5750"},{"taxonomy":"product_cat","embeddable":true,"href":"https:\/\/varietieseym.com.uy\/index.php\/wp-json\/wp\/v2\/product_cat?post=5750"},{"taxonomy":"product_tag","embeddable":true,"href":"https:\/\/varietieseym.com.uy\/index.php\/wp-json\/wp\/v2\/product_tag?post=5750"}],"curies":[{"name":"wp","href":"https:\/\/api.w.org\/{rel}","templated":true}]}}

<p>La Mascarilla Facial de oro es extremadamente eficaz en la regeneración celular y la protección contra los radicales libres. Gracias a sus beneficios, la piel se energiza y revitaliza. El resultado es una piel más clara, sedosa, radiante y profundamente hidratada. También tiene gran acción sobre arrugas y líneas de expresión.</p>

La Mascarilla Facial de oro es extremadamente eficaz en la regeneración celular y la protección contra los radicales libres. Gracias a sus beneficios, la piel se energiza y revitaliza. El resultado es una piel más clara, sedosa, radiante y profundamente hidratada. También tiene gran acción sobre arrugas y líneas de expresión.
