{"id":5816,"date":"2024-06-05T14:56:20","date_gmt":"2024-06-05T17:56:20","guid":{"rendered":"https:\/\/varietieseym.com.uy\/?post_type=product&#038;p=5816"},"modified":"2024-06-13T15:04:31","modified_gmt":"2024-06-13T18:04:31","slug":"balsamo-labial-con-protector-solar-344439","status":"publish","type":"product","link":"https:\/\/varietieseym.com.uy\/index.php\/producto\/balsamo-labial-con-protector-solar-344439\/","title":{"rendered":"Balsamo Labial con protector solar &#8211; 344439"},"content":{"rendered":"<p>B\u00e1lsamo Labial Ruby Skin Ruby Rose Urban con protector solar \u00a1Dile adi\u00f3s a los labios secos! Con el querido B\u00c1LSAMO LABIAL de la l\u00ednea Ruby Skin Urban Protection conseguir\u00e1s dejar tus labios m\u00e1s protegidos e hidratados. Su f\u00f3rmula promueve una acci\u00f3n antioxidante e hidratante, adem\u00e1s de tener protecci\u00f3n solar SPF 15, ayudando a prevenir y proteger tus labios de los agentes contaminantes contenidos en el aire. Beneficios: &#8211; Tiene SPF15 &#8211; Hidratante &#8211; Promueve la acci\u00f3n antioxidante &#8211; Previene y protege tus labios de los agentes contaminantes contenidos en el aire Testado dermatol\u00f3gicamente No testado en animales<\/p>\n","protected":false},"excerpt":{"rendered":"<p>B\u00e1lsamo Labial Ruby Skin Ruby Rose Urban con protector solar \u00a1Dile adi\u00f3s a los labios secos! Con el querido B\u00c1LSAMO LABIAL de la l\u00ednea Ruby Skin Urban Protection conseguir\u00e1s dejar tus labios m\u00e1s protegidos e hidratados. Su f\u00f3rmula promueve una acci\u00f3n antioxidante e hidratante, adem\u00e1s de tener protecci\u00f3n solar SPF 15, ayudando a prevenir y &hellip;<\/p>\n<p class=\"read-more\"> <a class=\"\" href=\"https:\/\/varietieseym.com.uy\/index.php\/producto\/balsamo-labial-con-protector-solar-344439\/\"> <span class=\"screen-reader-text\">Balsamo Labial con protector solar &#8211; 344439<\/span> Leer m\u00e1s &raquo;<\/a><\/p>\n","protected":false},"featured_media":5795,"template":"","meta":{"_uag_custom_page_level_css":"","site-sidebar-layout":"default","site-content-layout":"","ast-site-content-layout":"default","site-content-style":"default","site-sidebar-style":"default","ast-global-header-display":"","ast-banner-title-visibility":"","ast-main-header-display":"","ast-hfb-above-header-display":"","ast-hfb-below-header-display":"","ast-hfb-mobile-header-display":"","site-post-title":"","ast-breadcrumbs-content":"","ast-featured-img":"","footer-sml-layout":"","theme-transparent-header-meta":"default","adv-header-id-meta":"","stick-header-meta":"","header-above-stick-meta":"","header-main-stick-meta":"","header-below-stick-meta":"","astra-migrate-meta-layouts":"set","_joinchat":[]},"product_brand":[],"product_cat":[253,145],"product_tag":[],"class_list":{"0":"post-5816","1":"product","2":"type-product","3":"status-publish","4":"has-post-thumbnail","6":"product_cat-hidratantes-labios","7":"product_cat-labios","8":"desktop-align-center","9":"tablet-align-left","10":"mobile-align-left","12":"first","13":"instock","14":"shipping-taxable","15":"purchasable","16":"product-type-simple"},"uagb_featured_image_src":{"full":["https:\/\/varietieseym.com.uy\/wp-content\/uploads\/2024\/06\/1GVmgaoBoVPFnO3zLdsGs_dIqa1hWMi1b1KkOVKTXbw.png",631,628,false],"thumbnail":["https:\/\/varietieseym.com.uy\/wp-content\/uploads\/2024\/06\/1GVmgaoBoVPFnO3zLdsGs_dIqa1hWMi1b1KkOVKTXbw-150x150.png",150,150,true],"medium":["https:\/\/varietieseym.com.uy\/wp-content\/uploads\/2024\/06\/1GVmgaoBoVPFnO3zLdsGs_dIqa1hWMi1b1KkOVKTXbw-300x300.png",300,300,true],"medium_large":["https:\/\/varietieseym.com.uy\/wp-content\/uploads\/2024\/06\/1GVmgaoBoVPFnO3zLdsGs_dIqa1hWMi1b1KkOVKTXbw.png",631,628,false],"large":["https:\/\/varietieseym.com.uy\/wp-content\/uploads\/2024\/06\/1GVmgaoBoVPFnO3zLdsGs_dIqa1hWMi1b1KkOVKTXbw.png",631,628,false],"1536x1536":["https:\/\/varietieseym.com.uy\/wp-content\/uploads\/2024\/06\/1GVmgaoBoVPFnO3zLdsGs_dIqa1hWMi1b1KkOVKTXbw.png",631,628,false],"2048x2048":["https:\/\/varietieseym.com.uy\/wp-content\/uploads\/2024\/06\/1GVmgaoBoVPFnO3zLdsGs_dIqa1hWMi1b1KkOVKTXbw.png",631,628,false],"woocommerce_thumbnail":["https:\/\/varietieseym.com.uy\/wp-content\/uploads\/2024\/06\/1GVmgaoBoVPFnO3zLdsGs_dIqa1hWMi1b1KkOVKTXbw-300x300.png",300,300,true],"woocommerce_single":["https:\/\/varietieseym.com.uy\/wp-content\/uploads\/2024\/06\/1GVmgaoBoVPFnO3zLdsGs_dIqa1hWMi1b1KkOVKTXbw-600x597.png",600,597,true],"woocommerce_gallery_thumbnail":["https:\/\/varietieseym.com.uy\/wp-content\/uploads\/2024\/06\/1GVmgaoBoVPFnO3zLdsGs_dIqa1hWMi1b1KkOVKTXbw-100x100.png",100,100,true]},"uagb_author_info":{"display_name":"SyF Home","author_link":"https:\/\/varietieseym.com.uy\/index.php\/author\/"},"uagb_comment_info":0,"uagb_excerpt":"B\u00e1lsamo Labial Ruby Skin Ruby Rose Urban con protector solar \u00a1Dile adi\u00f3s a los labios secos! Con el querido B\u00c1LSAMO LABIAL de la l\u00ednea Ruby Skin Urban Protection conseguir\u00e1s dejar tus labios m\u00e1s protegidos e hidratados. Su f\u00f3rmula promueve una acci\u00f3n antioxidante e hidratante, adem\u00e1s de tener protecci\u00f3n solar SPF 15, ayudando a prevenir y&hellip;","_links":{"self":[{"href":"https:\/\/varietieseym.com.uy\/index.php\/wp-json\/wp\/v2\/product\/5816","targetHints":{"allow":["GET"]}}],"collection":[{"href":"https:\/\/varietieseym.com.uy\/index.php\/wp-json\/wp\/v2\/product"}],"about":[{"href":"https:\/\/varietieseym.com.uy\/index.php\/wp-json\/wp\/v2\/types\/product"}],"wp:featuredmedia":[{"embeddable":true,"href":"https:\/\/varietieseym.com.uy\/index.php\/wp-json\/wp\/v2\/media\/5795"}],"wp:attachment":[{"href":"https:\/\/varietieseym.com.uy\/index.php\/wp-json\/wp\/v2\/media?parent=5816"}],"wp:term":[{"taxonomy":"product_brand","embeddable":true,"href":"https:\/\/varietieseym.com.uy\/index.php\/wp-json\/wp\/v2\/product_brand?post=5816"},{"taxonomy":"product_cat","embeddable":true,"href":"https:\/\/varietieseym.com.uy\/index.php\/wp-json\/wp\/v2\/product_cat?post=5816"},{"taxonomy":"product_tag","embeddable":true,"href":"https:\/\/varietieseym.com.uy\/index.php\/wp-json\/wp\/v2\/product_tag?post=5816"}],"curies":[{"name":"wp","href":"https:\/\/api.w.org\/{rel}","templated":true}]}}