{"id":5975,"date":"2024-06-12T16:01:39","date_gmt":"2024-06-12T19:01:39","guid":{"rendered":"https:\/\/varietieseym.com.uy\/?post_type=product&#038;p=5975"},"modified":"2025-09-12T20:36:43","modified_gmt":"2025-09-12T23:36:43","slug":"base-coat-sioux-3738","status":"publish","type":"product","link":"https:\/\/varietieseym.com.uy\/index.php\/producto\/base-coat-sioux-3738\/","title":{"rendered":"Base Coat Sioux &#8211; 3738"},"content":{"rendered":"<p>15 ml Se aplica antes del esmalte para proteger la u\u00f1a natural, la base coat evitara que el pigmento de color del esmalte amarillee la u\u00f1a y al retirar el esmalte la u\u00f1a quede con un aspecto sano y siga luciendo su color de inicio. \u00a0La capa de base coat tambi\u00e9n funciona como una base excelente para tus esmaltes ya que crea una superficie uniforme a la que pueden adherirse y donde pueden extenderse f\u00e1cilmente los colores. Act\u00faa como una barrera entre la u\u00f1a y el esmalte de color para evitar que queden restos o manchas, adem\u00e1s de garantizar una mejor superficie de adherencia, lo que permite que el color se mantenga brillante durante m\u00e1s tiempo.<\/p>\n","protected":false},"excerpt":{"rendered":"<p>15 ml Se aplica antes del esmalte para proteger la u\u00f1a natural, la base coat evitara que el pigmento de color del esmalte amarillee la u\u00f1a y al retirar el esmalte la u\u00f1a quede con un aspecto sano y siga luciendo su color de inicio. \u00a0La capa de base coat tambi\u00e9n funciona como una base &hellip;<\/p>\n<p class=\"read-more\"> <a class=\"\" href=\"https:\/\/varietieseym.com.uy\/index.php\/producto\/base-coat-sioux-3738\/\"> <span class=\"screen-reader-text\">Base Coat Sioux &#8211; 3738<\/span> Leer m\u00e1s &raquo;<\/a><\/p>\n","protected":false},"featured_media":5982,"template":"","meta":{"_uag_custom_page_level_css":"","site-sidebar-layout":"default","site-content-layout":"","ast-site-content-layout":"default","site-content-style":"default","site-sidebar-style":"default","ast-global-header-display":"","ast-banner-title-visibility":"","ast-main-header-display":"","ast-hfb-above-header-display":"","ast-hfb-below-header-display":"","ast-hfb-mobile-header-display":"","site-post-title":"","ast-breadcrumbs-content":"","ast-featured-img":"","footer-sml-layout":"","theme-transparent-header-meta":"default","adv-header-id-meta":"","stick-header-meta":"","header-above-stick-meta":"","header-main-stick-meta":"","header-below-stick-meta":"","astra-migrate-meta-layouts":"set","_joinchat":[]},"product_brand":[],"product_cat":[197,131],"product_tag":[],"class_list":{"0":"post-5975","1":"product","2":"type-product","3":"status-publish","4":"has-post-thumbnail","6":"product_cat-preparadores","7":"product_cat-unas","8":"desktop-align-center","9":"tablet-align-left","10":"mobile-align-left","12":"first","13":"outofstock","14":"shipping-taxable","15":"purchasable","16":"product-type-simple"},"uagb_featured_image_src":{"full":["https:\/\/varietieseym.com.uy\/wp-content\/uploads\/2024\/06\/1-VZ24Wwh6ovLIeDGWhSKfyLlJ6sDnq0xUNziK6MhQ.png",437,494,false],"thumbnail":["https:\/\/varietieseym.com.uy\/wp-content\/uploads\/2024\/06\/1-VZ24Wwh6ovLIeDGWhSKfyLlJ6sDnq0xUNziK6MhQ-150x150.png",150,150,true],"medium":["https:\/\/varietieseym.com.uy\/wp-content\/uploads\/2024\/06\/1-VZ24Wwh6ovLIeDGWhSKfyLlJ6sDnq0xUNziK6MhQ-265x300.png",265,300,true],"medium_large":["https:\/\/varietieseym.com.uy\/wp-content\/uploads\/2024\/06\/1-VZ24Wwh6ovLIeDGWhSKfyLlJ6sDnq0xUNziK6MhQ.png",437,494,false],"large":["https:\/\/varietieseym.com.uy\/wp-content\/uploads\/2024\/06\/1-VZ24Wwh6ovLIeDGWhSKfyLlJ6sDnq0xUNziK6MhQ.png",437,494,false],"1536x1536":["https:\/\/varietieseym.com.uy\/wp-content\/uploads\/2024\/06\/1-VZ24Wwh6ovLIeDGWhSKfyLlJ6sDnq0xUNziK6MhQ.png",437,494,false],"2048x2048":["https:\/\/varietieseym.com.uy\/wp-content\/uploads\/2024\/06\/1-VZ24Wwh6ovLIeDGWhSKfyLlJ6sDnq0xUNziK6MhQ.png",437,494,false],"woocommerce_thumbnail":["https:\/\/varietieseym.com.uy\/wp-content\/uploads\/2024\/06\/1-VZ24Wwh6ovLIeDGWhSKfyLlJ6sDnq0xUNziK6MhQ-300x300.png",300,300,true],"woocommerce_single":["https:\/\/varietieseym.com.uy\/wp-content\/uploads\/2024\/06\/1-VZ24Wwh6ovLIeDGWhSKfyLlJ6sDnq0xUNziK6MhQ.png",437,494,false],"woocommerce_gallery_thumbnail":["https:\/\/varietieseym.com.uy\/wp-content\/uploads\/2024\/06\/1-VZ24Wwh6ovLIeDGWhSKfyLlJ6sDnq0xUNziK6MhQ-100x100.png",100,100,true]},"uagb_author_info":{"display_name":"SyF Home","author_link":"https:\/\/varietieseym.com.uy\/index.php\/author\/"},"uagb_comment_info":0,"uagb_excerpt":"15 ml Se aplica antes del esmalte para proteger la u\u00f1a natural, la base coat evitara que el pigmento de color del esmalte amarillee la u\u00f1a y al retirar el esmalte la u\u00f1a quede con un aspecto sano y siga luciendo su color de inicio. \u00a0La capa de base coat tambi\u00e9n funciona como una base&hellip;","_links":{"self":[{"href":"https:\/\/varietieseym.com.uy\/index.php\/wp-json\/wp\/v2\/product\/5975","targetHints":{"allow":["GET"]}}],"collection":[{"href":"https:\/\/varietieseym.com.uy\/index.php\/wp-json\/wp\/v2\/product"}],"about":[{"href":"https:\/\/varietieseym.com.uy\/index.php\/wp-json\/wp\/v2\/types\/product"}],"wp:featuredmedia":[{"embeddable":true,"href":"https:\/\/varietieseym.com.uy\/index.php\/wp-json\/wp\/v2\/media\/5982"}],"wp:attachment":[{"href":"https:\/\/varietieseym.com.uy\/index.php\/wp-json\/wp\/v2\/media?parent=5975"}],"wp:term":[{"taxonomy":"product_brand","embeddable":true,"href":"https:\/\/varietieseym.com.uy\/index.php\/wp-json\/wp\/v2\/product_brand?post=5975"},{"taxonomy":"product_cat","embeddable":true,"href":"https:\/\/varietieseym.com.uy\/index.php\/wp-json\/wp\/v2\/product_cat?post=5975"},{"taxonomy":"product_tag","embeddable":true,"href":"https:\/\/varietieseym.com.uy\/index.php\/wp-json\/wp\/v2\/product_tag?post=5975"}],"curies":[{"name":"wp","href":"https:\/\/api.w.org\/{rel}","templated":true}]}}