{"id":5984,"date":"2024-06-12T16:02:29","date_gmt":"2024-06-12T19:02:29","guid":{"rendered":"https:\/\/varietieseym.com.uy\/?post_type=product&#038;p=5984"},"modified":"2025-10-26T15:50:11","modified_gmt":"2025-10-26T18:50:11","slug":"ultrabond-sioux-3741","status":"publish","type":"product","link":"https:\/\/varietieseym.com.uy\/index.php\/producto\/ultrabond-sioux-3741\/","title":{"rendered":"Ultrabond Sioux &#8211; 3741"},"content":{"rendered":"<p>15 ml Son productos que se aplican en la u\u00f1a natural y que sirven para que se adhieran mejor los productos como la base de esmalte, el acr\u00edlico, polygel o el gel. El\u00a0primer ultrabond\u00a0crea una\u00a0capa de pegamento\u00a0que ayuda a\u00a0fijar la u\u00f1a natural\u00a0a las extensiones o a tu esmaltado permanente. Incrementa la adherencia y la duraci\u00f3n de tus u\u00f1as artificiales o de tu manicura permanente. Su f\u00f3rmula especial garantiza una adhesi\u00f3n fuerte, eficaz y evita que el material se desprenda. Seca sin necesidad de curar.<\/p>\n","protected":false},"excerpt":{"rendered":"<p>15 ml Son productos que se aplican en la u\u00f1a natural y que sirven para que se adhieran mejor los productos como la base de esmalte, el acr\u00edlico, polygel o el gel. El\u00a0primer ultrabond\u00a0crea una\u00a0capa de pegamento\u00a0que ayuda a\u00a0fijar la u\u00f1a natural\u00a0a las extensiones o a tu esmaltado permanente. Incrementa la adherencia y la duraci\u00f3n &hellip;<\/p>\n<p class=\"read-more\"> <a class=\"\" href=\"https:\/\/varietieseym.com.uy\/index.php\/producto\/ultrabond-sioux-3741\/\"> <span class=\"screen-reader-text\">Ultrabond Sioux &#8211; 3741<\/span> Leer m\u00e1s &raquo;<\/a><\/p>\n","protected":false},"featured_media":5980,"template":"","meta":{"_uag_custom_page_level_css":"","site-sidebar-layout":"default","site-content-layout":"","ast-site-content-layout":"default","site-content-style":"default","site-sidebar-style":"default","ast-global-header-display":"","ast-banner-title-visibility":"","ast-main-header-display":"","ast-hfb-above-header-display":"","ast-hfb-below-header-display":"","ast-hfb-mobile-header-display":"","site-post-title":"","ast-breadcrumbs-content":"","ast-featured-img":"","footer-sml-layout":"","theme-transparent-header-meta":"default","adv-header-id-meta":"","stick-header-meta":"","header-above-stick-meta":"","header-main-stick-meta":"","header-below-stick-meta":"","astra-migrate-meta-layouts":"set","_joinchat":[]},"product_brand":[],"product_cat":[197,131],"product_tag":[],"class_list":{"0":"post-5984","1":"product","2":"type-product","3":"status-publish","4":"has-post-thumbnail","6":"product_cat-preparadores","7":"product_cat-unas","8":"desktop-align-center","9":"tablet-align-left","10":"mobile-align-left","12":"first","13":"outofstock","14":"shipping-taxable","15":"purchasable","16":"product-type-simple"},"uagb_featured_image_src":{"full":["https:\/\/varietieseym.com.uy\/wp-content\/uploads\/2024\/06\/1fbsM2zyrCbAWx1PMJdY2Bn1I_OClWUgu1RuYsZc9oA.jpg",1024,1024,false],"thumbnail":["https:\/\/varietieseym.com.uy\/wp-content\/uploads\/2024\/06\/1fbsM2zyrCbAWx1PMJdY2Bn1I_OClWUgu1RuYsZc9oA-150x150.jpg",150,150,true],"medium":["https:\/\/varietieseym.com.uy\/wp-content\/uploads\/2024\/06\/1fbsM2zyrCbAWx1PMJdY2Bn1I_OClWUgu1RuYsZc9oA-300x300.jpg",300,300,true],"medium_large":["https:\/\/varietieseym.com.uy\/wp-content\/uploads\/2024\/06\/1fbsM2zyrCbAWx1PMJdY2Bn1I_OClWUgu1RuYsZc9oA-768x768.jpg",768,768,true],"large":["https:\/\/varietieseym.com.uy\/wp-content\/uploads\/2024\/06\/1fbsM2zyrCbAWx1PMJdY2Bn1I_OClWUgu1RuYsZc9oA.jpg",1024,1024,false],"1536x1536":["https:\/\/varietieseym.com.uy\/wp-content\/uploads\/2024\/06\/1fbsM2zyrCbAWx1PMJdY2Bn1I_OClWUgu1RuYsZc9oA.jpg",1024,1024,false],"2048x2048":["https:\/\/varietieseym.com.uy\/wp-content\/uploads\/2024\/06\/1fbsM2zyrCbAWx1PMJdY2Bn1I_OClWUgu1RuYsZc9oA.jpg",1024,1024,false],"woocommerce_thumbnail":["https:\/\/varietieseym.com.uy\/wp-content\/uploads\/2024\/06\/1fbsM2zyrCbAWx1PMJdY2Bn1I_OClWUgu1RuYsZc9oA-300x300.jpg",300,300,true],"woocommerce_single":["https:\/\/varietieseym.com.uy\/wp-content\/uploads\/2024\/06\/1fbsM2zyrCbAWx1PMJdY2Bn1I_OClWUgu1RuYsZc9oA-600x600.jpg",600,600,true],"woocommerce_gallery_thumbnail":["https:\/\/varietieseym.com.uy\/wp-content\/uploads\/2024\/06\/1fbsM2zyrCbAWx1PMJdY2Bn1I_OClWUgu1RuYsZc9oA-100x100.jpg",100,100,true]},"uagb_author_info":{"display_name":"SyF Home","author_link":"https:\/\/varietieseym.com.uy\/index.php\/author\/"},"uagb_comment_info":0,"uagb_excerpt":"15 ml Son productos que se aplican en la u\u00f1a natural y que sirven para que se adhieran mejor los productos como la base de esmalte, el acr\u00edlico, polygel o el gel. El\u00a0primer ultrabond\u00a0crea una\u00a0capa de pegamento\u00a0que ayuda a\u00a0fijar la u\u00f1a natural\u00a0a las extensiones o a tu esmaltado permanente. Incrementa la adherencia y la duraci\u00f3n&hellip;","_links":{"self":[{"href":"https:\/\/varietieseym.com.uy\/index.php\/wp-json\/wp\/v2\/product\/5984","targetHints":{"allow":["GET"]}}],"collection":[{"href":"https:\/\/varietieseym.com.uy\/index.php\/wp-json\/wp\/v2\/product"}],"about":[{"href":"https:\/\/varietieseym.com.uy\/index.php\/wp-json\/wp\/v2\/types\/product"}],"wp:featuredmedia":[{"embeddable":true,"href":"https:\/\/varietieseym.com.uy\/index.php\/wp-json\/wp\/v2\/media\/5980"}],"wp:attachment":[{"href":"https:\/\/varietieseym.com.uy\/index.php\/wp-json\/wp\/v2\/media?parent=5984"}],"wp:term":[{"taxonomy":"product_brand","embeddable":true,"href":"https:\/\/varietieseym.com.uy\/index.php\/wp-json\/wp\/v2\/product_brand?post=5984"},{"taxonomy":"product_cat","embeddable":true,"href":"https:\/\/varietieseym.com.uy\/index.php\/wp-json\/wp\/v2\/product_cat?post=5984"},{"taxonomy":"product_tag","embeddable":true,"href":"https:\/\/varietieseym.com.uy\/index.php\/wp-json\/wp\/v2\/product_tag?post=5984"}],"curies":[{"name":"wp","href":"https:\/\/api.w.org\/{rel}","templated":true}]}}