{"id":6029,"date":"2024-06-13T15:10:45","date_gmt":"2024-06-13T18:10:45","guid":{"rendered":"https:\/\/varietieseym.com.uy\/?post_type=product&#038;p=6029"},"modified":"2025-12-26T20:27:34","modified_gmt":"2025-12-26T23:27:34","slug":"oleo-reparador-de-puntas-coco-1030","status":"publish","type":"product","link":"https:\/\/varietieseym.com.uy\/index.php\/producto\/oleo-reparador-de-puntas-coco-1030\/","title":{"rendered":"Oleo reparador de puntas Coco &#8211; 1030"},"content":{"rendered":"<p><a href=\"https:\/\/begoniacosmeticos.com.br\/blog\/blog-begonissima\/oleo-reparador-com-argan\/\">El aceite reparador<\/a>\u00a0de coco de Begonia\u00a0es el producto esencial para quienes buscan un\u00a0<a href=\"https:\/\/begoniacosmeticos.com.br\/blog\/blog-begonissima\/oleo-reparador-com-argan\/\">cabello revitalizado, saludable<\/a>\u00a0y con un brillo natural. Con una f\u00f3rmula ligera enriquecida con\u00a0<a href=\"https:\/\/begoniacosmeticos.com.br\/blog\/rapidinhas-da-be\/oleo-de-coco-descubra-suas-mil-e-uma-utilidades-em-cosmeticos\/\">aceite puro de coco<\/a>\u00a0, este agente reparador act\u00faa profundamente en las zonas m\u00e1s da\u00f1adas, favoreciendo la nutrici\u00f3n y recuperaci\u00f3n del cabello. El aceite de coco es conocido por sus propiedades emolientes y protectoras, lo que lo hace ideal para cabellos secos, deshidratados o expuestos a tratamientos qu\u00edmicos.<\/p>\n<p>Este aceite reparador es f\u00e1cil de aplicar y ofrece resultados visibles desde los primeros usos, aportando una textura m\u00e1s suave y sedosa. La f\u00f3rmula se absorbe r\u00e1pidamente, eliminando el encrespamiento y mejorando la definici\u00f3n del cabello, sin dejar residuos pesados. Es perfecto para uso diario o para acabados especiales, garantizando protecci\u00f3n, nutrici\u00f3n y un toque de ligereza. Con un uso regular, el aceite reparador de coco Begonia act\u00faa fortaleciendo el cabello, previniendo nuevas roturas y puntas abiertas.<\/p>\n<p><strong>C\u00f3mo utilizar:<\/strong><br \/>\nPara garantizar los m\u00e1ximos beneficios, aplique el aceite reparador de coco Begonia sobre el cabello seco. Coloca una peque\u00f1a cantidad en tus palmas, fr\u00f3talas para calentar el aceite y distrib\u00fayelo con cuidado en las puntas de tu cabello, evitando las ra\u00edces para una apariencia ligera y natural. Este m\u00e9todo de aplicaci\u00f3n ayuda a maximizar la absorci\u00f3n en las zonas m\u00e1s secas y da\u00f1adas, aportando un brillo duradero y un tacto suave.<\/p>\n<p><strong>Beneficios adicionales del aceite de coco para el cabello:<\/strong><\/p>\n<ol class=\"wp-block-list\">\n<li><strong>Hidrataci\u00f3n Intensa:<\/strong>\u00a0Ayuda a retener la humedad, manteniendo el cabello hidratado y seco.<\/li>\n<li><strong>Brillo Natural:<\/strong>\u00a0Deja el cabello con un brillo radiante y saludable.<\/li>\n<li><strong>Fortalecimiento:<\/strong>\u00a0Trabaja para reparar las puntas da\u00f1adas, reduciendo la rotura.<\/li>\n<li><strong>Frizz Control:<\/strong>\u00a0Minimiza el frizz y ofrece un acabado m\u00e1s suave.<\/li>\n<\/ol>\n","protected":false},"excerpt":{"rendered":"<p>El aceite reparador\u00a0de coco de Begonia\u00a0es el producto esencial para quienes buscan un\u00a0cabello revitalizado, saludable\u00a0y con un brillo natural. Con una f\u00f3rmula ligera enriquecida con\u00a0aceite puro de coco\u00a0, este agente reparador act\u00faa profundamente en las zonas m\u00e1s da\u00f1adas, favoreciendo la nutrici\u00f3n y recuperaci\u00f3n del cabello. El aceite de coco es conocido por sus propiedades emolientes &hellip;<\/p>\n<p class=\"read-more\"> <a class=\"\" href=\"https:\/\/varietieseym.com.uy\/index.php\/producto\/oleo-reparador-de-puntas-coco-1030\/\"> <span class=\"screen-reader-text\">Oleo reparador de puntas Coco &#8211; 1030<\/span> Leer m\u00e1s &raquo;<\/a><\/p>\n","protected":false},"featured_media":6030,"template":"","meta":{"_uag_custom_page_level_css":"","site-sidebar-layout":"default","site-content-layout":"","ast-site-content-layout":"default","site-content-style":"default","site-sidebar-style":"default","ast-global-header-display":"","ast-banner-title-visibility":"","ast-main-header-display":"","ast-hfb-above-header-display":"","ast-hfb-below-header-display":"","ast-hfb-mobile-header-display":"","site-post-title":"","ast-breadcrumbs-content":"","ast-featured-img":"","footer-sml-layout":"","theme-transparent-header-meta":"default","adv-header-id-meta":"","stick-header-meta":"","header-above-stick-meta":"","header-main-stick-meta":"","header-below-stick-meta":"","astra-migrate-meta-layouts":"set","_joinchat":[]},"product_brand":[],"product_cat":[244,143],"product_tag":[],"class_list":{"0":"post-6029","1":"product","2":"type-product","3":"status-publish","4":"has-post-thumbnail","6":"product_cat-oleos","7":"product_cat-cabello","8":"desktop-align-center","9":"tablet-align-left","10":"mobile-align-left","12":"first","13":"instock","14":"shipping-taxable","15":"purchasable","16":"product-type-simple"},"uagb_featured_image_src":{"full":["https:\/\/varietieseym.com.uy\/wp-content\/uploads\/2024\/06\/1p7Dy-mGQxnysmCNtisxtc8RYv9LpvwbXQmBPNmAEfw-1.png",587,602,false],"thumbnail":["https:\/\/varietieseym.com.uy\/wp-content\/uploads\/2024\/06\/1p7Dy-mGQxnysmCNtisxtc8RYv9LpvwbXQmBPNmAEfw-1-150x150.png",150,150,true],"medium":["https:\/\/varietieseym.com.uy\/wp-content\/uploads\/2024\/06\/1p7Dy-mGQxnysmCNtisxtc8RYv9LpvwbXQmBPNmAEfw-1-293x300.png",293,300,true],"medium_large":["https:\/\/varietieseym.com.uy\/wp-content\/uploads\/2024\/06\/1p7Dy-mGQxnysmCNtisxtc8RYv9LpvwbXQmBPNmAEfw-1.png",587,602,false],"large":["https:\/\/varietieseym.com.uy\/wp-content\/uploads\/2024\/06\/1p7Dy-mGQxnysmCNtisxtc8RYv9LpvwbXQmBPNmAEfw-1.png",587,602,false],"1536x1536":["https:\/\/varietieseym.com.uy\/wp-content\/uploads\/2024\/06\/1p7Dy-mGQxnysmCNtisxtc8RYv9LpvwbXQmBPNmAEfw-1.png",587,602,false],"2048x2048":["https:\/\/varietieseym.com.uy\/wp-content\/uploads\/2024\/06\/1p7Dy-mGQxnysmCNtisxtc8RYv9LpvwbXQmBPNmAEfw-1.png",587,602,false],"woocommerce_thumbnail":["https:\/\/varietieseym.com.uy\/wp-content\/uploads\/2024\/06\/1p7Dy-mGQxnysmCNtisxtc8RYv9LpvwbXQmBPNmAEfw-1-300x300.png",300,300,true],"woocommerce_single":["https:\/\/varietieseym.com.uy\/wp-content\/uploads\/2024\/06\/1p7Dy-mGQxnysmCNtisxtc8RYv9LpvwbXQmBPNmAEfw-1.png",587,602,false],"woocommerce_gallery_thumbnail":["https:\/\/varietieseym.com.uy\/wp-content\/uploads\/2024\/06\/1p7Dy-mGQxnysmCNtisxtc8RYv9LpvwbXQmBPNmAEfw-1-100x100.png",100,100,true]},"uagb_author_info":{"display_name":"SyF Home","author_link":"https:\/\/varietieseym.com.uy\/index.php\/author\/"},"uagb_comment_info":0,"uagb_excerpt":"El aceite reparador\u00a0de coco de Begonia\u00a0es el producto esencial para quienes buscan un\u00a0cabello revitalizado, saludable\u00a0y con un brillo natural. Con una f\u00f3rmula ligera enriquecida con\u00a0aceite puro de coco\u00a0, este agente reparador act\u00faa profundamente en las zonas m\u00e1s da\u00f1adas, favoreciendo la nutrici\u00f3n y recuperaci\u00f3n del cabello. El aceite de coco es conocido por sus propiedades emolientes&hellip;","_links":{"self":[{"href":"https:\/\/varietieseym.com.uy\/index.php\/wp-json\/wp\/v2\/product\/6029","targetHints":{"allow":["GET"]}}],"collection":[{"href":"https:\/\/varietieseym.com.uy\/index.php\/wp-json\/wp\/v2\/product"}],"about":[{"href":"https:\/\/varietieseym.com.uy\/index.php\/wp-json\/wp\/v2\/types\/product"}],"wp:featuredmedia":[{"embeddable":true,"href":"https:\/\/varietieseym.com.uy\/index.php\/wp-json\/wp\/v2\/media\/6030"}],"wp:attachment":[{"href":"https:\/\/varietieseym.com.uy\/index.php\/wp-json\/wp\/v2\/media?parent=6029"}],"wp:term":[{"taxonomy":"product_brand","embeddable":true,"href":"https:\/\/varietieseym.com.uy\/index.php\/wp-json\/wp\/v2\/product_brand?post=6029"},{"taxonomy":"product_cat","embeddable":true,"href":"https:\/\/varietieseym.com.uy\/index.php\/wp-json\/wp\/v2\/product_cat?post=6029"},{"taxonomy":"product_tag","embeddable":true,"href":"https:\/\/varietieseym.com.uy\/index.php\/wp-json\/wp\/v2\/product_tag?post=6029"}],"curies":[{"name":"wp","href":"https:\/\/api.w.org\/{rel}","templated":true}]}}