{"id":6063,"date":"2024-06-18T15:10:29","date_gmt":"2024-06-18T18:10:29","guid":{"rendered":"https:\/\/varietieseym.com.uy\/?post_type=product&#038;p=6063"},"modified":"2026-01-31T11:37:45","modified_gmt":"2026-01-31T14:37:45","slug":"torno-unas-manos-pies-50000-rpm-profesional-c-pedalera","status":"publish","type":"product","link":"https:\/\/varietieseym.com.uy\/index.php\/producto\/torno-unas-manos-pies-50000-rpm-profesional-c-pedalera\/","title":{"rendered":"Torno U\u00f1as Manos Pies 35000 Rpm Profesional C\/pedalera"},"content":{"rendered":"<p>Taladro de u\u00f1as acr\u00edlico de alta tecnolog\u00eda de 35000 RPM: la lima electr\u00f3nica de alta tecnolog\u00eda est\u00e1 dise\u00f1ada para profesionales, puede quitar las u\u00f1as acr\u00edlicas m\u00e1s gruesas. Baja vibraci\u00f3n, bajo ruido, bajo calor, cero molestias.<br \/>\nControl de velocidades para servicios r\u00e1pidos y profesionales.<\/p>\n<p>Alta calidad y uso confiable el taladro de u\u00f1as de 35000 RPM est\u00e1 dise\u00f1ado para soportar un uso intensivo, con una construcci\u00f3n duradera.<\/p>\n","protected":false},"excerpt":{"rendered":"<p>Taladro de u\u00f1as acr\u00edlico de alta tecnolog\u00eda de 35000 RPM: la lima electr\u00f3nica de alta tecnolog\u00eda est\u00e1 dise\u00f1ada para profesionales, puede quitar las u\u00f1as acr\u00edlicas m\u00e1s gruesas. Baja vibraci\u00f3n, bajo ruido, bajo calor, cero molestias. Control de velocidades para servicios r\u00e1pidos y profesionales. Alta calidad y uso confiable el taladro de u\u00f1as de 35000 RPM &hellip;<\/p>\n<p class=\"read-more\"> <a class=\"\" href=\"https:\/\/varietieseym.com.uy\/index.php\/producto\/torno-unas-manos-pies-50000-rpm-profesional-c-pedalera\/\"> <span class=\"screen-reader-text\">Torno U\u00f1as Manos Pies 35000 Rpm Profesional C\/pedalera<\/span> Leer m\u00e1s &raquo;<\/a><\/p>\n","protected":false},"featured_media":6067,"template":"","meta":{"_uag_custom_page_level_css":"","site-sidebar-layout":"default","site-content-layout":"","ast-site-content-layout":"default","site-content-style":"default","site-sidebar-style":"default","ast-global-header-display":"","ast-banner-title-visibility":"","ast-main-header-display":"","ast-hfb-above-header-display":"","ast-hfb-below-header-display":"","ast-hfb-mobile-header-display":"","site-post-title":"","ast-breadcrumbs-content":"","ast-featured-img":"","footer-sml-layout":"","theme-transparent-header-meta":"default","adv-header-id-meta":"","stick-header-meta":"","header-above-stick-meta":"","header-main-stick-meta":"","header-below-stick-meta":"","astra-migrate-meta-layouts":"set","_joinchat":[]},"product_brand":[],"product_cat":[131,138],"product_tag":[],"class_list":{"0":"post-6063","1":"product","2":"type-product","3":"status-publish","4":"has-post-thumbnail","6":"product_cat-unas","7":"product_cat-tornos","8":"desktop-align-center","9":"tablet-align-left","10":"mobile-align-left","12":"first","13":"instock","14":"sale","15":"shipping-taxable","16":"purchasable","17":"product-type-variable"},"uagb_featured_image_src":{"full":["https:\/\/varietieseym.com.uy\/wp-content\/uploads\/2024\/06\/torno-50000rpm-1.jpg",638,600,false],"thumbnail":["https:\/\/varietieseym.com.uy\/wp-content\/uploads\/2024\/06\/torno-50000rpm-1-150x150.jpg",150,150,true],"medium":["https:\/\/varietieseym.com.uy\/wp-content\/uploads\/2024\/06\/torno-50000rpm-1-300x282.jpg",300,282,true],"medium_large":["https:\/\/varietieseym.com.uy\/wp-content\/uploads\/2024\/06\/torno-50000rpm-1.jpg",638,600,false],"large":["https:\/\/varietieseym.com.uy\/wp-content\/uploads\/2024\/06\/torno-50000rpm-1.jpg",638,600,false],"1536x1536":["https:\/\/varietieseym.com.uy\/wp-content\/uploads\/2024\/06\/torno-50000rpm-1.jpg",638,600,false],"2048x2048":["https:\/\/varietieseym.com.uy\/wp-content\/uploads\/2024\/06\/torno-50000rpm-1.jpg",638,600,false],"woocommerce_thumbnail":["https:\/\/varietieseym.com.uy\/wp-content\/uploads\/2024\/06\/torno-50000rpm-1-300x300.jpg",300,300,true],"woocommerce_single":["https:\/\/varietieseym.com.uy\/wp-content\/uploads\/2024\/06\/torno-50000rpm-1-600x564.jpg",600,564,true],"woocommerce_gallery_thumbnail":["https:\/\/varietieseym.com.uy\/wp-content\/uploads\/2024\/06\/torno-50000rpm-1-100x100.jpg",100,100,true]},"uagb_author_info":{"display_name":"Varietieseym","author_link":"https:\/\/varietieseym.com.uy\/index.php\/author\/"},"uagb_comment_info":0,"uagb_excerpt":"Taladro de u\u00f1as acr\u00edlico de alta tecnolog\u00eda de 35000 RPM: la lima electr\u00f3nica de alta tecnolog\u00eda est\u00e1 dise\u00f1ada para profesionales, puede quitar las u\u00f1as acr\u00edlicas m\u00e1s gruesas. Baja vibraci\u00f3n, bajo ruido, bajo calor, cero molestias. Control de velocidades para servicios r\u00e1pidos y profesionales. Alta calidad y uso confiable el taladro de u\u00f1as de 35000 RPM&hellip;","_links":{"self":[{"href":"https:\/\/varietieseym.com.uy\/index.php\/wp-json\/wp\/v2\/product\/6063","targetHints":{"allow":["GET"]}}],"collection":[{"href":"https:\/\/varietieseym.com.uy\/index.php\/wp-json\/wp\/v2\/product"}],"about":[{"href":"https:\/\/varietieseym.com.uy\/index.php\/wp-json\/wp\/v2\/types\/product"}],"wp:featuredmedia":[{"embeddable":true,"href":"https:\/\/varietieseym.com.uy\/index.php\/wp-json\/wp\/v2\/media\/6067"}],"wp:attachment":[{"href":"https:\/\/varietieseym.com.uy\/index.php\/wp-json\/wp\/v2\/media?parent=6063"}],"wp:term":[{"taxonomy":"product_brand","embeddable":true,"href":"https:\/\/varietieseym.com.uy\/index.php\/wp-json\/wp\/v2\/product_brand?post=6063"},{"taxonomy":"product_cat","embeddable":true,"href":"https:\/\/varietieseym.com.uy\/index.php\/wp-json\/wp\/v2\/product_cat?post=6063"},{"taxonomy":"product_tag","embeddable":true,"href":"https:\/\/varietieseym.com.uy\/index.php\/wp-json\/wp\/v2\/product_tag?post=6063"}],"curies":[{"name":"wp","href":"https:\/\/api.w.org\/{rel}","templated":true}]}}