{"id":6295,"date":"2024-07-30T16:00:10","date_gmt":"2024-07-30T19:00:10","guid":{"rendered":"https:\/\/varietieseym.com.uy\/?post_type=product&#038;p=6295"},"modified":"2024-07-30T18:20:49","modified_gmt":"2024-07-30T21:20:49","slug":"dijes-decoracion","status":"publish","type":"product","link":"https:\/\/varietieseym.com.uy\/index.php\/producto\/dijes-decoracion\/","title":{"rendered":"Dijes decoracion"},"content":{"rendered":"<ul class=\"a-unordered-list a-vertical a-spacing-mini\">\n<li class=\"a-spacing-mini\"><span class=\"a-list-item\">decoraci\u00f3n de u\u00f1as est\u00e1 dise\u00f1ada con la tecnolog\u00eda avanzada y el dise\u00f1o exquisito, lo que har\u00e1 que tus u\u00f1as sean m\u00e1s encantadoras y brillantes.<\/span><\/li>\n<li class=\"a-spacing-mini\"><span class=\"a-list-item\">Los adornos de u\u00f1as est\u00e1n hechos de materiales respetuosos con el medio ambiente, no t\u00f3xicos, elegantes y encantadores, suficientes para el dise\u00f1o diario.<\/span><\/li>\n<li class=\"a-spacing-mini\"><span class=\"a-list-item\">Amplia gama de aplicaciones: decoraci\u00f3n de u\u00f1as perfecta, se puede utilizar para decoraci\u00f3n de u\u00f1as, decoraci\u00f3n de fotos.<\/span><\/li>\n<\/ul>\n","protected":false},"excerpt":{"rendered":"<p>decoraci\u00f3n de u\u00f1as est\u00e1 dise\u00f1ada con la tecnolog\u00eda avanzada y el dise\u00f1o exquisito, lo que har\u00e1 que tus u\u00f1as sean m\u00e1s encantadoras y brillantes. Los adornos de u\u00f1as est\u00e1n hechos de materiales respetuosos con el medio ambiente, no t\u00f3xicos, elegantes y encantadores, suficientes para el dise\u00f1o diario. Amplia gama de aplicaciones: decoraci\u00f3n de u\u00f1as perfecta, &hellip;<\/p>\n<p class=\"read-more\"> <a class=\"\" href=\"https:\/\/varietieseym.com.uy\/index.php\/producto\/dijes-decoracion\/\"> <span class=\"screen-reader-text\">Dijes decoracion<\/span> Leer m\u00e1s &raquo;<\/a><\/p>\n","protected":false},"featured_media":6309,"template":"","meta":{"_uag_custom_page_level_css":"","site-sidebar-layout":"default","site-content-layout":"","ast-site-content-layout":"default","site-content-style":"default","site-sidebar-style":"default","ast-global-header-display":"","ast-banner-title-visibility":"","ast-main-header-display":"","ast-hfb-above-header-display":"","ast-hfb-below-header-display":"","ast-hfb-mobile-header-display":"","site-post-title":"","ast-breadcrumbs-content":"","ast-featured-img":"","footer-sml-layout":"","theme-transparent-header-meta":"default","adv-header-id-meta":"","stick-header-meta":"","header-above-stick-meta":"","header-main-stick-meta":"","header-below-stick-meta":"","astra-migrate-meta-layouts":"set","_joinchat":[]},"product_brand":[],"product_cat":[151,131,139],"product_tag":[],"class_list":{"0":"post-6295","1":"product","2":"type-product","3":"status-publish","4":"has-post-thumbnail","6":"product_cat-accesorios","7":"product_cat-unas","8":"product_cat-decoracion","9":"desktop-align-center","10":"tablet-align-left","11":"mobile-align-left","13":"first","14":"instock","15":"shipping-taxable","16":"purchasable","17":"product-type-variable"},"uagb_featured_image_src":{"full":["https:\/\/varietieseym.com.uy\/wp-content\/uploads\/2024\/07\/dijes-.jpg",490,591,false],"thumbnail":["https:\/\/varietieseym.com.uy\/wp-content\/uploads\/2024\/07\/dijes--150x150.jpg",150,150,true],"medium":["https:\/\/varietieseym.com.uy\/wp-content\/uploads\/2024\/07\/dijes--249x300.jpg",249,300,true],"medium_large":["https:\/\/varietieseym.com.uy\/wp-content\/uploads\/2024\/07\/dijes-.jpg",490,591,false],"large":["https:\/\/varietieseym.com.uy\/wp-content\/uploads\/2024\/07\/dijes-.jpg",490,591,false],"1536x1536":["https:\/\/varietieseym.com.uy\/wp-content\/uploads\/2024\/07\/dijes-.jpg",490,591,false],"2048x2048":["https:\/\/varietieseym.com.uy\/wp-content\/uploads\/2024\/07\/dijes-.jpg",490,591,false],"woocommerce_thumbnail":["https:\/\/varietieseym.com.uy\/wp-content\/uploads\/2024\/07\/dijes--300x300.jpg",300,300,true],"woocommerce_single":["https:\/\/varietieseym.com.uy\/wp-content\/uploads\/2024\/07\/dijes-.jpg",490,591,false],"woocommerce_gallery_thumbnail":["https:\/\/varietieseym.com.uy\/wp-content\/uploads\/2024\/07\/dijes--100x100.jpg",100,100,true]},"uagb_author_info":{"display_name":"Varietieseym","author_link":"https:\/\/varietieseym.com.uy\/index.php\/author\/"},"uagb_comment_info":0,"uagb_excerpt":"decoraci\u00f3n de u\u00f1as est\u00e1 dise\u00f1ada con la tecnolog\u00eda avanzada y el dise\u00f1o exquisito, lo que har\u00e1 que tus u\u00f1as sean m\u00e1s encantadoras y brillantes. Los adornos de u\u00f1as est\u00e1n hechos de materiales respetuosos con el medio ambiente, no t\u00f3xicos, elegantes y encantadores, suficientes para el dise\u00f1o diario. Amplia gama de aplicaciones: decoraci\u00f3n de u\u00f1as perfecta,&hellip;","_links":{"self":[{"href":"https:\/\/varietieseym.com.uy\/index.php\/wp-json\/wp\/v2\/product\/6295","targetHints":{"allow":["GET"]}}],"collection":[{"href":"https:\/\/varietieseym.com.uy\/index.php\/wp-json\/wp\/v2\/product"}],"about":[{"href":"https:\/\/varietieseym.com.uy\/index.php\/wp-json\/wp\/v2\/types\/product"}],"wp:featuredmedia":[{"embeddable":true,"href":"https:\/\/varietieseym.com.uy\/index.php\/wp-json\/wp\/v2\/media\/6309"}],"wp:attachment":[{"href":"https:\/\/varietieseym.com.uy\/index.php\/wp-json\/wp\/v2\/media?parent=6295"}],"wp:term":[{"taxonomy":"product_brand","embeddable":true,"href":"https:\/\/varietieseym.com.uy\/index.php\/wp-json\/wp\/v2\/product_brand?post=6295"},{"taxonomy":"product_cat","embeddable":true,"href":"https:\/\/varietieseym.com.uy\/index.php\/wp-json\/wp\/v2\/product_cat?post=6295"},{"taxonomy":"product_tag","embeddable":true,"href":"https:\/\/varietieseym.com.uy\/index.php\/wp-json\/wp\/v2\/product_tag?post=6295"}],"curies":[{"name":"wp","href":"https:\/\/api.w.org\/{rel}","templated":true}]}}