{"id":6340,"date":"2024-07-31T23:13:35","date_gmt":"2024-08-01T02:13:35","guid":{"rendered":"https:\/\/varietieseym.com.uy\/?post_type=product&#038;p=6340"},"modified":"2025-12-02T19:45:44","modified_gmt":"2025-12-02T22:45:44","slug":"esterilizador-rayos-uv-multiuso","status":"publish","type":"product","link":"https:\/\/varietieseym.com.uy\/index.php\/producto\/esterilizador-rayos-uv-multiuso\/","title":{"rendered":"Esterilizador Rayos Uv Multiuso"},"content":{"rendered":"<div class=\"_12vNY\">\n<section class=\"_2h_HC\">\n<div class=\"_1FTz3 fggS- cell\">\n<section class=\"_2RbVQ\" data-hook=\"description-wrapper\">\n<div class=\"_3nbVj\">\n<div class=\"_3cRjW\" data-hook=\"content-wrapper\">\n<p>\u00a1Nuestro esterilizador UV es una forma sencilla y efectiva de esterilizar sus herramientas despu\u00e9s de cada uso!<\/p>\n<p>Su tecnolog\u00eda produce rayos UV bilaterales de gran alcance a 360 grados para garantizar que cada art\u00edculo est\u00e9 esterilizado a la perfecci\u00f3n. \u00a1Es port\u00e1til, se carga por USB y es completamente seguro!<\/p>\n<p>Desinfecci\u00f3n de los art\u00edculos necesarios: joyas, llaves del coche, m\u00e1scaras y otros art\u00edculos, art\u00edculos electr\u00f3nicos como tel\u00e9fonos m\u00f3viles, ratones, controles remotos, cepillos de dientes, cepillos cosm\u00e9ticos, art\u00edculos de aseo personal, herramientas de trabajo manicura, pedicura.<\/p>\n<\/div>\n<\/div>\n<\/section>\n<\/div>\n<\/section>\n<\/div>\n<div class=\"fggS- cell\">\n<div data-hook=\"bottom-placeholder\">Notas<br \/>\n1. Cierre la tapa antes de comenzar, no permita que la luz ultravioleta golpee directamente el cuerpo humano.<br \/>\n2. Despu\u00e9s de la desinfecci\u00f3n, abra la tapa durante 5 minutos o m\u00e1s.<br \/>\n3. Mantener alejado de los ni\u00f1os.<\/div>\n<div data-hook=\"bottom-placeholder\"><\/div>\n<\/div>\n","protected":false},"excerpt":{"rendered":"<p>\u00a1Nuestro esterilizador UV es una forma sencilla y efectiva de esterilizar sus herramientas despu\u00e9s de cada uso! Su tecnolog\u00eda produce rayos UV bilaterales de gran alcance a 360 grados para garantizar que cada art\u00edculo est\u00e9 esterilizado a la perfecci\u00f3n. \u00a1Es port\u00e1til, se carga por USB y es completamente seguro! Desinfecci\u00f3n de los art\u00edculos necesarios: joyas, &hellip;<\/p>\n<p class=\"read-more\"> <a class=\"\" href=\"https:\/\/varietieseym.com.uy\/index.php\/producto\/esterilizador-rayos-uv-multiuso\/\"> <span class=\"screen-reader-text\">Esterilizador Rayos Uv Multiuso<\/span> Leer m\u00e1s &raquo;<\/a><\/p>\n","protected":false},"featured_media":6344,"template":"","meta":{"_uag_custom_page_level_css":"","site-sidebar-layout":"default","site-content-layout":"","ast-site-content-layout":"default","site-content-style":"default","site-sidebar-style":"default","ast-global-header-display":"","ast-banner-title-visibility":"","ast-main-header-display":"","ast-hfb-above-header-display":"","ast-hfb-below-header-display":"","ast-hfb-mobile-header-display":"","site-post-title":"","ast-breadcrumbs-content":"","ast-featured-img":"","footer-sml-layout":"","theme-transparent-header-meta":"default","adv-header-id-meta":"","stick-header-meta":"","header-above-stick-meta":"","header-main-stick-meta":"","header-below-stick-meta":"","astra-migrate-meta-layouts":"set","_joinchat":[]},"product_brand":[],"product_cat":[151,131,132,137],"product_tag":[],"class_list":{"0":"post-6340","1":"product","2":"type-product","3":"status-publish","4":"has-post-thumbnail","6":"product_cat-accesorios","7":"product_cat-unas","8":"product_cat-herramientas","9":"product_cat-otros","10":"desktop-align-center","11":"tablet-align-left","12":"mobile-align-left","14":"first","15":"outofstock","16":"shipping-taxable","17":"purchasable","18":"product-type-simple"},"uagb_featured_image_src":{"full":["https:\/\/varietieseym.com.uy\/wp-content\/uploads\/2024\/07\/esterilizador4.jpg",630,600,false],"thumbnail":["https:\/\/varietieseym.com.uy\/wp-content\/uploads\/2024\/07\/esterilizador4-150x150.jpg",150,150,true],"medium":["https:\/\/varietieseym.com.uy\/wp-content\/uploads\/2024\/07\/esterilizador4-300x286.jpg",300,286,true],"medium_large":["https:\/\/varietieseym.com.uy\/wp-content\/uploads\/2024\/07\/esterilizador4.jpg",630,600,false],"large":["https:\/\/varietieseym.com.uy\/wp-content\/uploads\/2024\/07\/esterilizador4.jpg",630,600,false],"1536x1536":["https:\/\/varietieseym.com.uy\/wp-content\/uploads\/2024\/07\/esterilizador4.jpg",630,600,false],"2048x2048":["https:\/\/varietieseym.com.uy\/wp-content\/uploads\/2024\/07\/esterilizador4.jpg",630,600,false],"woocommerce_thumbnail":["https:\/\/varietieseym.com.uy\/wp-content\/uploads\/2024\/07\/esterilizador4-300x300.jpg",300,300,true],"woocommerce_single":["https:\/\/varietieseym.com.uy\/wp-content\/uploads\/2024\/07\/esterilizador4-600x571.jpg",600,571,true],"woocommerce_gallery_thumbnail":["https:\/\/varietieseym.com.uy\/wp-content\/uploads\/2024\/07\/esterilizador4-100x100.jpg",100,100,true]},"uagb_author_info":{"display_name":"Varietieseym","author_link":"https:\/\/varietieseym.com.uy\/index.php\/author\/"},"uagb_comment_info":0,"uagb_excerpt":"\u00a1Nuestro esterilizador UV es una forma sencilla y efectiva de esterilizar sus herramientas despu\u00e9s de cada uso! Su tecnolog\u00eda produce rayos UV bilaterales de gran alcance a 360 grados para garantizar que cada art\u00edculo est\u00e9 esterilizado a la perfecci\u00f3n. \u00a1Es port\u00e1til, se carga por USB y es completamente seguro! Desinfecci\u00f3n de los art\u00edculos necesarios: joyas,&hellip;","_links":{"self":[{"href":"https:\/\/varietieseym.com.uy\/index.php\/wp-json\/wp\/v2\/product\/6340","targetHints":{"allow":["GET"]}}],"collection":[{"href":"https:\/\/varietieseym.com.uy\/index.php\/wp-json\/wp\/v2\/product"}],"about":[{"href":"https:\/\/varietieseym.com.uy\/index.php\/wp-json\/wp\/v2\/types\/product"}],"wp:featuredmedia":[{"embeddable":true,"href":"https:\/\/varietieseym.com.uy\/index.php\/wp-json\/wp\/v2\/media\/6344"}],"wp:attachment":[{"href":"https:\/\/varietieseym.com.uy\/index.php\/wp-json\/wp\/v2\/media?parent=6340"}],"wp:term":[{"taxonomy":"product_brand","embeddable":true,"href":"https:\/\/varietieseym.com.uy\/index.php\/wp-json\/wp\/v2\/product_brand?post=6340"},{"taxonomy":"product_cat","embeddable":true,"href":"https:\/\/varietieseym.com.uy\/index.php\/wp-json\/wp\/v2\/product_cat?post=6340"},{"taxonomy":"product_tag","embeddable":true,"href":"https:\/\/varietieseym.com.uy\/index.php\/wp-json\/wp\/v2\/product_tag?post=6340"}],"curies":[{"name":"wp","href":"https:\/\/api.w.org\/{rel}","templated":true}]}}