{"id":6347,"date":"2024-08-01T00:17:06","date_gmt":"2024-08-01T03:17:06","guid":{"rendered":"https:\/\/varietieseym.com.uy\/?post_type=product&#038;p=6347"},"modified":"2024-08-01T00:17:06","modified_gmt":"2024-08-01T03:17:06","slug":"torno-inalambrico-profesional-30000-rpm-manicura-y-pedicura","status":"publish","type":"product","link":"https:\/\/varietieseym.com.uy\/index.php\/producto\/torno-inalambrico-profesional-30000-rpm-manicura-y-pedicura\/","title":{"rendered":"Torno Inal\u00e1mbrico Profesional 30000 Rpm manicura y pedicura"},"content":{"rendered":"<ul class=\"a-unordered-list a-vertical a-spacing-mini\">\n<li class=\"a-spacing-mini\"><span class=\"a-list-item\">Dise\u00f1o port\u00e1til y compacto: esta m\u00e1quina de taladro de u\u00f1as est\u00e1 hecha de metal de alta calidad, dise\u00f1o peque\u00f1o y ligero, f\u00e1cil de manejar y llevar a cualquier lugar.<\/span><\/li>\n<li class=\"a-spacing-mini\"><span class=\"a-list-item\">Potente funci\u00f3n: el rodamiento profesional de alta tecnolog\u00eda y el motor hacen que el archivo el\u00e9ctrico sea bajo calor, bajo ruido y baja vibraci\u00f3n.<\/span><\/li>\n<li class=\"a-spacing-mini\"><span class=\"a-list-item\">Multiusos: el taladro de u\u00f1as el\u00e9ctrico profesional est\u00e1 equipado con 6 taladros diferentes, adecuado para tallar, grabar, enrutar, moler, afilar, lijar, pulir y arte de u\u00f1as DIY en casa. Es ideal para uso dom\u00e9stico y de sal\u00f3n.<\/span><\/li>\n<li class=\"a-spacing-mini\"><span class=\"a-list-item\">Velocidad ajustable: el cuerpo de la m\u00e1quina de taladro de u\u00f1as est\u00e1 dise\u00f1ado con interruptor de avance y marcha atr\u00e1s y velocidad de hasta 25.000 RPM con un bot\u00f3n de control de velocidad, puedes ajustar f\u00e1cilmente la velocidad y la direcci\u00f3n.<\/span><\/li>\n<li class=\"a-spacing-mini\"><span class=\"a-list-item\">Dise\u00f1o \u00fanico: el cuerpo del taladro el\u00e9ctrico de u\u00f1as es ligero, silencioso, estable y de baja vibraci\u00f3n, se puede utilizar de forma estable durante mucho tiempo. Mango ligero en forma de bol\u00edgrafo f\u00e1cil de sostener.<\/span><\/li>\n<li>Equipado con pantalla LCD inteligente:<br \/>\n&#8211; Se puede ver el porcentaje de carga y RPM para que pueda elegir la velocidad de 0-30000rpm, con un motor de 40w de potencia.<br \/>\n&#8211; El tiempo de carga completo es de 3 horas, y tiene una autonom\u00eda de funcionamiento de hasta 6 horas.<br \/>\n&#8211; Incluye un clip para cintur\u00f3n.<\/li>\n<\/ul>\n","protected":false},"excerpt":{"rendered":"<p>Dise\u00f1o port\u00e1til y compacto: esta m\u00e1quina de taladro de u\u00f1as est\u00e1 hecha de metal de alta calidad, dise\u00f1o peque\u00f1o y ligero, f\u00e1cil de manejar y llevar a cualquier lugar. Potente funci\u00f3n: el rodamiento profesional de alta tecnolog\u00eda y el motor hacen que el archivo el\u00e9ctrico sea bajo calor, bajo ruido y baja vibraci\u00f3n. Multiusos: el &hellip;<\/p>\n<p class=\"read-more\"> <a class=\"\" href=\"https:\/\/varietieseym.com.uy\/index.php\/producto\/torno-inalambrico-profesional-30000-rpm-manicura-y-pedicura\/\"> <span class=\"screen-reader-text\">Torno Inal\u00e1mbrico Profesional 30000 Rpm manicura y pedicura<\/span> Leer m\u00e1s &raquo;<\/a><\/p>\n","protected":false},"featured_media":6350,"template":"","meta":{"_uag_custom_page_level_css":"","site-sidebar-layout":"default","site-content-layout":"","ast-site-content-layout":"default","site-content-style":"default","site-sidebar-style":"default","ast-global-header-display":"","ast-banner-title-visibility":"","ast-main-header-display":"","ast-hfb-above-header-display":"","ast-hfb-below-header-display":"","ast-hfb-mobile-header-display":"","site-post-title":"","ast-breadcrumbs-content":"","ast-featured-img":"","footer-sml-layout":"","theme-transparent-header-meta":"default","adv-header-id-meta":"","stick-header-meta":"","header-above-stick-meta":"","header-main-stick-meta":"","header-below-stick-meta":"","astra-migrate-meta-layouts":"set","_joinchat":[]},"product_brand":[],"product_cat":[131,138],"product_tag":[],"class_list":{"0":"post-6347","1":"product","2":"type-product","3":"status-publish","4":"has-post-thumbnail","6":"product_cat-unas","7":"product_cat-tornos","8":"desktop-align-center","9":"tablet-align-left","10":"mobile-align-left","12":"first","13":"instock","14":"shipping-taxable","15":"purchasable","16":"product-type-variable"},"uagb_featured_image_src":{"full":["https:\/\/varietieseym.com.uy\/wp-content\/uploads\/2024\/08\/torno-inalambrico3.jpg",631,623,false],"thumbnail":["https:\/\/varietieseym.com.uy\/wp-content\/uploads\/2024\/08\/torno-inalambrico3-150x150.jpg",150,150,true],"medium":["https:\/\/varietieseym.com.uy\/wp-content\/uploads\/2024\/08\/torno-inalambrico3-300x296.jpg",300,296,true],"medium_large":["https:\/\/varietieseym.com.uy\/wp-content\/uploads\/2024\/08\/torno-inalambrico3.jpg",631,623,false],"large":["https:\/\/varietieseym.com.uy\/wp-content\/uploads\/2024\/08\/torno-inalambrico3.jpg",631,623,false],"1536x1536":["https:\/\/varietieseym.com.uy\/wp-content\/uploads\/2024\/08\/torno-inalambrico3.jpg",631,623,false],"2048x2048":["https:\/\/varietieseym.com.uy\/wp-content\/uploads\/2024\/08\/torno-inalambrico3.jpg",631,623,false],"woocommerce_thumbnail":["https:\/\/varietieseym.com.uy\/wp-content\/uploads\/2024\/08\/torno-inalambrico3-300x300.jpg",300,300,true],"woocommerce_single":["https:\/\/varietieseym.com.uy\/wp-content\/uploads\/2024\/08\/torno-inalambrico3-600x592.jpg",600,592,true],"woocommerce_gallery_thumbnail":["https:\/\/varietieseym.com.uy\/wp-content\/uploads\/2024\/08\/torno-inalambrico3-100x100.jpg",100,100,true]},"uagb_author_info":{"display_name":"Varietieseym","author_link":"https:\/\/varietieseym.com.uy\/index.php\/author\/"},"uagb_comment_info":0,"uagb_excerpt":"Dise\u00f1o port\u00e1til y compacto: esta m\u00e1quina de taladro de u\u00f1as est\u00e1 hecha de metal de alta calidad, dise\u00f1o peque\u00f1o y ligero, f\u00e1cil de manejar y llevar a cualquier lugar. Potente funci\u00f3n: el rodamiento profesional de alta tecnolog\u00eda y el motor hacen que el archivo el\u00e9ctrico sea bajo calor, bajo ruido y baja vibraci\u00f3n. Multiusos: el&hellip;","_links":{"self":[{"href":"https:\/\/varietieseym.com.uy\/index.php\/wp-json\/wp\/v2\/product\/6347","targetHints":{"allow":["GET"]}}],"collection":[{"href":"https:\/\/varietieseym.com.uy\/index.php\/wp-json\/wp\/v2\/product"}],"about":[{"href":"https:\/\/varietieseym.com.uy\/index.php\/wp-json\/wp\/v2\/types\/product"}],"wp:featuredmedia":[{"embeddable":true,"href":"https:\/\/varietieseym.com.uy\/index.php\/wp-json\/wp\/v2\/media\/6350"}],"wp:attachment":[{"href":"https:\/\/varietieseym.com.uy\/index.php\/wp-json\/wp\/v2\/media?parent=6347"}],"wp:term":[{"taxonomy":"product_brand","embeddable":true,"href":"https:\/\/varietieseym.com.uy\/index.php\/wp-json\/wp\/v2\/product_brand?post=6347"},{"taxonomy":"product_cat","embeddable":true,"href":"https:\/\/varietieseym.com.uy\/index.php\/wp-json\/wp\/v2\/product_cat?post=6347"},{"taxonomy":"product_tag","embeddable":true,"href":"https:\/\/varietieseym.com.uy\/index.php\/wp-json\/wp\/v2\/product_tag?post=6347"}],"curies":[{"name":"wp","href":"https:\/\/api.w.org\/{rel}","templated":true}]}}