{"id":6594,"date":"2024-08-26T17:37:29","date_gmt":"2024-08-26T20:37:29","guid":{"rendered":"https:\/\/varietieseym.com.uy\/?post_type=product&#038;p=6594"},"modified":"2024-08-26T18:02:07","modified_gmt":"2024-08-26T21:02:07","slug":"roll-on-cera-depilatoria-corporal-repos-intensive","status":"publish","type":"product","link":"https:\/\/varietieseym.com.uy\/index.php\/producto\/roll-on-cera-depilatoria-corporal-repos-intensive\/","title":{"rendered":"Roll On Cera depilatoria corporal Repos Intensive"},"content":{"rendered":"<p dir=\"ltr\">Cera Depilatoria Intensive Roll-on Repos 100g<\/p>\n<p><strong>\u00a0<\/strong><\/p>\n<p dir=\"ltr\">Disfrute de una experiencia de depilaci\u00f3n suave y eficaz con la cera depilatoria Roll-On Repos. Este innovador producto ofrece una pr\u00e1ctica soluci\u00f3n de depilaci\u00f3n que garantiza una piel suave y sedosa durante semanas.<\/p>\n<p dir=\"ltr\">Con su dise\u00f1o pr\u00e1ctico y f\u00e1cil de usar, la Cera Depilatoria Roll-On es ideal para uso dom\u00e9stico o profesional. Simplemente calienta el roll-on en un calentador espec\u00edfico para cera o en ba\u00f1o mar\u00eda y estar\u00e1s listo para comenzar. Su f\u00f3rmula exclusiva se adhiere al cabello, no a la piel, minimizando las molestias durante la aplicaci\u00f3n y retirada.<\/p>\n<p><strong>\u00a0<\/strong><\/p>\n<p dir=\"ltr\">&#8211; La tecnolog\u00eda roll-on permite una aplicaci\u00f3n uniforme y controlada, asegurando resultados consistentes en cada uso.<\/p>\n<p dir=\"ltr\">&#8211; Secado s\u00faper r\u00e1pido, menos tiempo de espera y m\u00e1s tiempo para disfrutar de una piel suave y sin vellos.<\/p>\n<p dir=\"ltr\">&#8211; Apto para todo tipo de pieles.<\/p>\n<p dir=\"ltr\">&#8211; Con ingredientes de alta calidad como Cera de Abejas, Parafina, Aceite Mineral y Rosin.<\/p>\n<p dir=\"ltr\">C\u00f3mo utilizar:<\/p>\n<p dir=\"ltr\">&#8211; Calentar la recarga durante 20 minutos dentro del aplicador o calentador. Retira el precinto del roll-on con la recarga calentada. Pruebe deslizando la recarga sobre el pa\u00f1uelo de afeitar.<\/p>\n<p dir=\"ltr\">&#8211; Limpiar la zona a depilar. Aplicar la cera sobre la piel en la direcci\u00f3n del crecimiento del vello, desliz\u00e1ndola de una sola vez. Cuanto m\u00e1s r\u00e1pido deslices el roll-on, m\u00e1s fina ser\u00e1 la capa de cera.<\/p>\n<p dir=\"ltr\">&#8211; Colocar el pa\u00f1uelo depilador sobre la cera y presionarlo para que se adhiera a la cera. Con una mano estira la piel y con la otra retira el pa\u00f1uelo, tirando r\u00e1pidamente y en sentido contrario al crecimiento del vello.<\/p>\n<p dir=\"ltr\">&#8211; No volver a aplicar la cera m\u00e1s de dos veces en la misma zona. Si no logras eliminar completamente el vello, utiliza la cera que queda en el pa\u00f1uelo para hacer retoques. -Nunca intentes afeitar toda la zona de una vez.<\/p>\n","protected":false},"excerpt":{"rendered":"<p>Cera Depilatoria Intensive Roll-on Repos 100g \u00a0 Disfrute de una experiencia de depilaci\u00f3n suave y eficaz con la cera depilatoria Roll-On Repos. Este innovador producto ofrece una pr\u00e1ctica soluci\u00f3n de depilaci\u00f3n que garantiza una piel suave y sedosa durante semanas. Con su dise\u00f1o pr\u00e1ctico y f\u00e1cil de usar, la Cera Depilatoria Roll-On es ideal para &hellip;<\/p>\n<p class=\"read-more\"> <a class=\"\" href=\"https:\/\/varietieseym.com.uy\/index.php\/producto\/roll-on-cera-depilatoria-corporal-repos-intensive\/\"> <span class=\"screen-reader-text\">Roll On Cera depilatoria corporal Repos Intensive<\/span> Leer m\u00e1s &raquo;<\/a><\/p>\n","protected":false},"featured_media":6593,"template":"","meta":{"_uag_custom_page_level_css":"","site-sidebar-layout":"default","site-content-layout":"","ast-site-content-layout":"default","site-content-style":"default","site-sidebar-style":"default","ast-global-header-display":"","ast-banner-title-visibility":"","ast-main-header-display":"","ast-hfb-above-header-display":"","ast-hfb-below-header-display":"","ast-hfb-mobile-header-display":"","site-post-title":"","ast-breadcrumbs-content":"","ast-featured-img":"","footer-sml-layout":"","theme-transparent-header-meta":"default","adv-header-id-meta":"","stick-header-meta":"","header-above-stick-meta":"","header-main-stick-meta":"","header-below-stick-meta":"","astra-migrate-meta-layouts":"set","_joinchat":[]},"product_brand":[],"product_cat":[251,131,137],"product_tag":[],"class_list":{"0":"post-6594","1":"product","2":"type-product","3":"status-publish","4":"has-post-thumbnail","6":"product_cat-otros-skincare","7":"product_cat-unas","8":"product_cat-otros","9":"desktop-align-center","10":"tablet-align-left","11":"mobile-align-left","13":"first","14":"instock","15":"shipping-taxable","16":"purchasable","17":"product-type-simple"},"uagb_featured_image_src":{"full":["https:\/\/varietieseym.com.uy\/wp-content\/uploads\/2024\/08\/cera-roll-on-intesive.jpg",481,494,false],"thumbnail":["https:\/\/varietieseym.com.uy\/wp-content\/uploads\/2024\/08\/cera-roll-on-intesive-150x150.jpg",150,150,true],"medium":["https:\/\/varietieseym.com.uy\/wp-content\/uploads\/2024\/08\/cera-roll-on-intesive-292x300.jpg",292,300,true],"medium_large":["https:\/\/varietieseym.com.uy\/wp-content\/uploads\/2024\/08\/cera-roll-on-intesive.jpg",481,494,false],"large":["https:\/\/varietieseym.com.uy\/wp-content\/uploads\/2024\/08\/cera-roll-on-intesive.jpg",481,494,false],"1536x1536":["https:\/\/varietieseym.com.uy\/wp-content\/uploads\/2024\/08\/cera-roll-on-intesive.jpg",481,494,false],"2048x2048":["https:\/\/varietieseym.com.uy\/wp-content\/uploads\/2024\/08\/cera-roll-on-intesive.jpg",481,494,false],"woocommerce_thumbnail":["https:\/\/varietieseym.com.uy\/wp-content\/uploads\/2024\/08\/cera-roll-on-intesive-300x300.jpg",300,300,true],"woocommerce_single":["https:\/\/varietieseym.com.uy\/wp-content\/uploads\/2024\/08\/cera-roll-on-intesive.jpg",481,494,false],"woocommerce_gallery_thumbnail":["https:\/\/varietieseym.com.uy\/wp-content\/uploads\/2024\/08\/cera-roll-on-intesive-100x100.jpg",100,100,true]},"uagb_author_info":{"display_name":"Varietieseym","author_link":"https:\/\/varietieseym.com.uy\/index.php\/author\/"},"uagb_comment_info":0,"uagb_excerpt":"Cera Depilatoria Intensive Roll-on Repos 100g \u00a0 Disfrute de una experiencia de depilaci\u00f3n suave y eficaz con la cera depilatoria Roll-On Repos. Este innovador producto ofrece una pr\u00e1ctica soluci\u00f3n de depilaci\u00f3n que garantiza una piel suave y sedosa durante semanas. Con su dise\u00f1o pr\u00e1ctico y f\u00e1cil de usar, la Cera Depilatoria Roll-On es ideal para&hellip;","_links":{"self":[{"href":"https:\/\/varietieseym.com.uy\/index.php\/wp-json\/wp\/v2\/product\/6594","targetHints":{"allow":["GET"]}}],"collection":[{"href":"https:\/\/varietieseym.com.uy\/index.php\/wp-json\/wp\/v2\/product"}],"about":[{"href":"https:\/\/varietieseym.com.uy\/index.php\/wp-json\/wp\/v2\/types\/product"}],"wp:featuredmedia":[{"embeddable":true,"href":"https:\/\/varietieseym.com.uy\/index.php\/wp-json\/wp\/v2\/media\/6593"}],"wp:attachment":[{"href":"https:\/\/varietieseym.com.uy\/index.php\/wp-json\/wp\/v2\/media?parent=6594"}],"wp:term":[{"taxonomy":"product_brand","embeddable":true,"href":"https:\/\/varietieseym.com.uy\/index.php\/wp-json\/wp\/v2\/product_brand?post=6594"},{"taxonomy":"product_cat","embeddable":true,"href":"https:\/\/varietieseym.com.uy\/index.php\/wp-json\/wp\/v2\/product_cat?post=6594"},{"taxonomy":"product_tag","embeddable":true,"href":"https:\/\/varietieseym.com.uy\/index.php\/wp-json\/wp\/v2\/product_tag?post=6594"}],"curies":[{"name":"wp","href":"https:\/\/api.w.org\/{rel}","templated":true}]}}