{"id":6600,"date":"2024-08-26T18:20:18","date_gmt":"2024-08-26T21:20:18","guid":{"rendered":"https:\/\/varietieseym.com.uy\/?post_type=product&#038;p=6600"},"modified":"2025-06-19T16:20:34","modified_gmt":"2025-06-19T19:20:34","slug":"sales-efervescentes-detox-repos","status":"publish","type":"product","link":"https:\/\/varietieseym.com.uy\/index.php\/producto\/sales-efervescentes-detox-repos\/","title":{"rendered":"Sales Efervescentes Detox Repos"},"content":{"rendered":"<p><em><strong>Sales Efervescentes Detox Rep\u00f3s<\/strong>\u00a0,\u00a0\u00a0con Extracto de Menta, suavizan y desintoxican la piel favoreciendo la sensaci\u00f3n<\/em><\/p>\n<p><em>de bienestar, facilitando la dilataci\u00f3n de los poros para una mejor absorci\u00f3n de los principios activos del Gel Exfoliante.<\/em><br \/>\n<em><strong>MODO DE EMPLEO:<\/strong>\u00a0\u00a0A\u00f1adir una medida de la tapa por cada litro de agua tibia del recipiente o jacuzzi.<\/em><\/p>\n","protected":false},"excerpt":{"rendered":"<p>Sales Efervescentes Detox Rep\u00f3s\u00a0,\u00a0\u00a0con Extracto de Menta, suavizan y desintoxican la piel favoreciendo la sensaci\u00f3n de bienestar, facilitando la dilataci\u00f3n de los poros para una mejor absorci\u00f3n de los principios activos del Gel Exfoliante. MODO DE EMPLEO:\u00a0\u00a0A\u00f1adir una medida de la tapa por cada litro de agua tibia del recipiente o jacuzzi.<\/p>\n","protected":false},"featured_media":6601,"template":"","meta":{"_uag_custom_page_level_css":"","site-sidebar-layout":"default","site-content-layout":"","ast-site-content-layout":"default","site-content-style":"default","site-sidebar-style":"default","ast-global-header-display":"","ast-banner-title-visibility":"","ast-main-header-display":"","ast-hfb-above-header-display":"","ast-hfb-below-header-display":"","ast-hfb-mobile-header-display":"","site-post-title":"","ast-breadcrumbs-content":"","ast-featured-img":"","footer-sml-layout":"","theme-transparent-header-meta":"default","adv-header-id-meta":"","stick-header-meta":"","header-above-stick-meta":"","header-main-stick-meta":"","header-below-stick-meta":"","astra-migrate-meta-layouts":"set","_joinchat":[]},"product_brand":[],"product_cat":[131,137],"product_tag":[],"class_list":{"0":"post-6600","1":"product","2":"type-product","3":"status-publish","4":"has-post-thumbnail","6":"product_cat-unas","7":"product_cat-otros","8":"desktop-align-center","9":"tablet-align-left","10":"mobile-align-left","12":"first","13":"outofstock","14":"shipping-taxable","15":"purchasable","16":"product-type-simple"},"uagb_featured_image_src":{"full":["https:\/\/varietieseym.com.uy\/wp-content\/uploads\/2024\/08\/sales-efervescentes-repos-1.jpg",565,544,false],"thumbnail":["https:\/\/varietieseym.com.uy\/wp-content\/uploads\/2024\/08\/sales-efervescentes-repos-1-150x150.jpg",150,150,true],"medium":["https:\/\/varietieseym.com.uy\/wp-content\/uploads\/2024\/08\/sales-efervescentes-repos-1-300x289.jpg",300,289,true],"medium_large":["https:\/\/varietieseym.com.uy\/wp-content\/uploads\/2024\/08\/sales-efervescentes-repos-1.jpg",565,544,false],"large":["https:\/\/varietieseym.com.uy\/wp-content\/uploads\/2024\/08\/sales-efervescentes-repos-1.jpg",565,544,false],"1536x1536":["https:\/\/varietieseym.com.uy\/wp-content\/uploads\/2024\/08\/sales-efervescentes-repos-1.jpg",565,544,false],"2048x2048":["https:\/\/varietieseym.com.uy\/wp-content\/uploads\/2024\/08\/sales-efervescentes-repos-1.jpg",565,544,false],"woocommerce_thumbnail":["https:\/\/varietieseym.com.uy\/wp-content\/uploads\/2024\/08\/sales-efervescentes-repos-1-300x300.jpg",300,300,true],"woocommerce_single":["https:\/\/varietieseym.com.uy\/wp-content\/uploads\/2024\/08\/sales-efervescentes-repos-1.jpg",565,544,false],"woocommerce_gallery_thumbnail":["https:\/\/varietieseym.com.uy\/wp-content\/uploads\/2024\/08\/sales-efervescentes-repos-1-100x100.jpg",100,100,true]},"uagb_author_info":{"display_name":"Varietieseym","author_link":"https:\/\/varietieseym.com.uy\/index.php\/author\/"},"uagb_comment_info":0,"uagb_excerpt":"Sales Efervescentes Detox Rep\u00f3s\u00a0,\u00a0\u00a0con Extracto de Menta, suavizan y desintoxican la piel favoreciendo la sensaci\u00f3n de bienestar, facilitando la dilataci\u00f3n de los poros para una mejor absorci\u00f3n de los principios activos del Gel Exfoliante. MODO DE EMPLEO:\u00a0\u00a0A\u00f1adir una medida de la tapa por cada litro de agua tibia del recipiente o jacuzzi.","_links":{"self":[{"href":"https:\/\/varietieseym.com.uy\/index.php\/wp-json\/wp\/v2\/product\/6600","targetHints":{"allow":["GET"]}}],"collection":[{"href":"https:\/\/varietieseym.com.uy\/index.php\/wp-json\/wp\/v2\/product"}],"about":[{"href":"https:\/\/varietieseym.com.uy\/index.php\/wp-json\/wp\/v2\/types\/product"}],"wp:featuredmedia":[{"embeddable":true,"href":"https:\/\/varietieseym.com.uy\/index.php\/wp-json\/wp\/v2\/media\/6601"}],"wp:attachment":[{"href":"https:\/\/varietieseym.com.uy\/index.php\/wp-json\/wp\/v2\/media?parent=6600"}],"wp:term":[{"taxonomy":"product_brand","embeddable":true,"href":"https:\/\/varietieseym.com.uy\/index.php\/wp-json\/wp\/v2\/product_brand?post=6600"},{"taxonomy":"product_cat","embeddable":true,"href":"https:\/\/varietieseym.com.uy\/index.php\/wp-json\/wp\/v2\/product_cat?post=6600"},{"taxonomy":"product_tag","embeddable":true,"href":"https:\/\/varietieseym.com.uy\/index.php\/wp-json\/wp\/v2\/product_tag?post=6600"}],"curies":[{"name":"wp","href":"https:\/\/api.w.org\/{rel}","templated":true}]}}