{"id":7270,"date":"2024-11-05T17:57:34","date_gmt":"2024-11-05T20:57:34","guid":{"rendered":"https:\/\/varietieseym.com.uy\/?post_type=product&#038;p=7270"},"modified":"2025-06-10T10:51:19","modified_gmt":"2025-06-10T13:51:19","slug":"esmaltes-semipermanentes-efecto-ojo-de-gato","status":"publish","type":"product","link":"https:\/\/varietieseym.com.uy\/index.php\/producto\/esmaltes-semipermanentes-efecto-ojo-de-gato\/","title":{"rendered":"Esmaltes Semipermanentes efecto ojo de gato"},"content":{"rendered":"<p>Disfruta de unas u\u00f1as deslumbrantes y llamativas con este esmalte de gel efecto ojo de gato.<\/p>\n<p>Gracias a su f\u00f3rmula de gel UV\u00a0 podr\u00e1s lograr un acabado impecable y duradero.<\/p>\n<p>Apl\u00edcalos con facilidad y d\u00e9jate seducir por sus colores\u00a0 y su brillo magn\u00e9tico cautivador.<\/p>\n<p>Disfruta de unas u\u00f1as a la moda durante semanas.<\/p>\n<p>&nbsp;<\/p>\n<p>&nbsp;<\/p>\n","protected":false},"excerpt":{"rendered":"<p>Disfruta de unas u\u00f1as deslumbrantes y llamativas con este esmalte de gel efecto ojo de gato. Gracias a su f\u00f3rmula de gel UV\u00a0 podr\u00e1s lograr un acabado impecable y duradero. Apl\u00edcalos con facilidad y d\u00e9jate seducir por sus colores\u00a0 y su brillo magn\u00e9tico cautivador. Disfruta de unas u\u00f1as a la moda durante semanas. &nbsp; &nbsp;<\/p>\n","protected":false},"featured_media":7271,"template":"","meta":{"_uag_custom_page_level_css":"","site-sidebar-layout":"default","site-content-layout":"","ast-site-content-layout":"default","site-content-style":"default","site-sidebar-style":"default","ast-global-header-display":"","ast-banner-title-visibility":"","ast-main-header-display":"","ast-hfb-above-header-display":"","ast-hfb-below-header-display":"","ast-hfb-mobile-header-display":"","site-post-title":"","ast-breadcrumbs-content":"","ast-featured-img":"","footer-sml-layout":"","theme-transparent-header-meta":"default","adv-header-id-meta":"","stick-header-meta":"","header-above-stick-meta":"","header-main-stick-meta":"","header-below-stick-meta":"","astra-migrate-meta-layouts":"set","_joinchat":[]},"product_brand":[],"product_cat":[198,185,131],"product_tag":[],"class_list":{"0":"post-7270","1":"product","2":"type-product","3":"status-publish","4":"has-post-thumbnail","6":"product_cat-esmaltes-semipermanentes","7":"product_cat-gel-unas","8":"product_cat-unas","9":"desktop-align-center","10":"tablet-align-left","11":"mobile-align-left","13":"first","14":"outofstock","15":"shipping-taxable","16":"purchasable","17":"product-type-variable"},"uagb_featured_image_src":{"full":["https:\/\/varietieseym.com.uy\/wp-content\/uploads\/2024\/11\/Sin-titulo-1.png",1536,2048,false],"thumbnail":["https:\/\/varietieseym.com.uy\/wp-content\/uploads\/2024\/11\/Sin-titulo-1-150x150.png",150,150,true],"medium":["https:\/\/varietieseym.com.uy\/wp-content\/uploads\/2024\/11\/Sin-titulo-1-225x300.png",225,300,true],"medium_large":["https:\/\/varietieseym.com.uy\/wp-content\/uploads\/2024\/11\/Sin-titulo-1-768x1024.png",768,1024,true],"large":["https:\/\/varietieseym.com.uy\/wp-content\/uploads\/2024\/11\/Sin-titulo-1-768x1024.png",768,1024,true],"1536x1536":["https:\/\/varietieseym.com.uy\/wp-content\/uploads\/2024\/11\/Sin-titulo-1-1152x1536.png",1152,1536,true],"2048x2048":["https:\/\/varietieseym.com.uy\/wp-content\/uploads\/2024\/11\/Sin-titulo-1.png",1536,2048,false],"woocommerce_thumbnail":["https:\/\/varietieseym.com.uy\/wp-content\/uploads\/2024\/11\/Sin-titulo-1-300x300.png",300,300,true],"woocommerce_single":["https:\/\/varietieseym.com.uy\/wp-content\/uploads\/2024\/11\/Sin-titulo-1-600x800.png",600,800,true],"woocommerce_gallery_thumbnail":["https:\/\/varietieseym.com.uy\/wp-content\/uploads\/2024\/11\/Sin-titulo-1-100x100.png",100,100,true]},"uagb_author_info":{"display_name":"Varietieseym","author_link":"https:\/\/varietieseym.com.uy\/index.php\/author\/"},"uagb_comment_info":0,"uagb_excerpt":"Disfruta de unas u\u00f1as deslumbrantes y llamativas con este esmalte de gel efecto ojo de gato. Gracias a su f\u00f3rmula de gel UV\u00a0 podr\u00e1s lograr un acabado impecable y duradero. Apl\u00edcalos con facilidad y d\u00e9jate seducir por sus colores\u00a0 y su brillo magn\u00e9tico cautivador. Disfruta de unas u\u00f1as a la moda durante semanas. &nbsp; &nbsp;","_links":{"self":[{"href":"https:\/\/varietieseym.com.uy\/index.php\/wp-json\/wp\/v2\/product\/7270","targetHints":{"allow":["GET"]}}],"collection":[{"href":"https:\/\/varietieseym.com.uy\/index.php\/wp-json\/wp\/v2\/product"}],"about":[{"href":"https:\/\/varietieseym.com.uy\/index.php\/wp-json\/wp\/v2\/types\/product"}],"wp:featuredmedia":[{"embeddable":true,"href":"https:\/\/varietieseym.com.uy\/index.php\/wp-json\/wp\/v2\/media\/7271"}],"wp:attachment":[{"href":"https:\/\/varietieseym.com.uy\/index.php\/wp-json\/wp\/v2\/media?parent=7270"}],"wp:term":[{"taxonomy":"product_brand","embeddable":true,"href":"https:\/\/varietieseym.com.uy\/index.php\/wp-json\/wp\/v2\/product_brand?post=7270"},{"taxonomy":"product_cat","embeddable":true,"href":"https:\/\/varietieseym.com.uy\/index.php\/wp-json\/wp\/v2\/product_cat?post=7270"},{"taxonomy":"product_tag","embeddable":true,"href":"https:\/\/varietieseym.com.uy\/index.php\/wp-json\/wp\/v2\/product_tag?post=7270"}],"curies":[{"name":"wp","href":"https:\/\/api.w.org\/{rel}","templated":true}]}}