{"id":7430,"date":"2024-11-27T16:15:47","date_gmt":"2024-11-27T19:15:47","guid":{"rendered":"https:\/\/varietieseym.com.uy\/?post_type=product&#038;p=7430"},"modified":"2024-12-06T14:45:29","modified_gmt":"2024-12-06T17:45:29","slug":"crema-exfoliante-de-almendras-abrasion-media-250-grs","status":"publish","type":"product","link":"https:\/\/varietieseym.com.uy\/index.php\/producto\/crema-exfoliante-de-almendras-abrasion-media-250-grs\/","title":{"rendered":"Crema Exfoliante de Almendras (Abrasion Media) 250 grs"},"content":{"rendered":"<p>La crema exfoliante Rep\u00f3s contiene en su formulaci\u00f3n almendra molida, que adem\u00e1s de exfoliar la piel, la regenera y la suaviza.<\/p>\n<p>La mayor\u00eda de los antioxidantes se encuentran en la c\u00e1scara de la almendra y los beneficios para la piel son sorprendentes, por eso Rep\u00f3s la utiliz\u00f3 en su crema exfoliante.<\/p>\n<p>Los granos de almendra molidos fueron especialmente tratados y creados para proteger la piel contra el estr\u00e9s oxidativo, creando una protecci\u00f3n m\u00e1s efectiva contra los rayos UV y previniendo el envejecimiento prematuro de la piel.<\/p>\n<p>Los beneficios<\/p>\n<p>* Piel hidratada con textura aterciopelada<\/p>\n<p>* Mejora la circulaci\u00f3n de la sangre<\/p>\n<p>* Limpia y renueva las c\u00e9lulas<\/p>\n<p>* Evita grietas de piel seca<\/p>\n<p>* Proporciona comodidad y practicidad<\/p>\n<p>* Agradable sensaci\u00f3n limpiador<\/p>\n<p>* Posee abrasi\u00f3n media<\/p>\n<p>* Limpia la piel a fondo<\/p>\n<p>Modo de uso<\/p>\n<p>-Con una piel h\u00fameda, aplique la crema exfoliante masajeando con movimientos circulares suaves pr 15 min<\/p>\n<p>&#8211; enjuague con abundante agua.<\/p>\n<p>Resultado<\/p>\n<p>-El resultado es una piel hidratada con textura aterciopelada<\/p>\n","protected":false},"excerpt":{"rendered":"<p>La crema exfoliante Rep\u00f3s contiene en su formulaci\u00f3n almendra molida, que adem\u00e1s de exfoliar la piel, la regenera y la suaviza. La mayor\u00eda de los antioxidantes se encuentran en la c\u00e1scara de la almendra y los beneficios para la piel son sorprendentes, por eso Rep\u00f3s la utiliz\u00f3 en su crema exfoliante. Los granos de almendra &hellip;<\/p>\n<p class=\"read-more\"> <a class=\"\" href=\"https:\/\/varietieseym.com.uy\/index.php\/producto\/crema-exfoliante-de-almendras-abrasion-media-250-grs\/\"> <span class=\"screen-reader-text\">Crema Exfoliante de Almendras (Abrasion Media) 250 grs<\/span> Leer m\u00e1s &raquo;<\/a><\/p>\n","protected":false},"featured_media":7431,"template":"","meta":{"_uag_custom_page_level_css":"","site-sidebar-layout":"default","site-content-layout":"","ast-site-content-layout":"default","site-content-style":"default","site-sidebar-style":"default","ast-global-header-display":"","ast-banner-title-visibility":"","ast-main-header-display":"","ast-hfb-above-header-display":"","ast-hfb-below-header-display":"","ast-hfb-mobile-header-display":"","site-post-title":"","ast-breadcrumbs-content":"","ast-featured-img":"","footer-sml-layout":"","theme-transparent-header-meta":"default","adv-header-id-meta":"","stick-header-meta":"","header-above-stick-meta":"","header-main-stick-meta":"","header-below-stick-meta":"","astra-migrate-meta-layouts":"set","_joinchat":[]},"product_brand":[],"product_cat":[246,137],"product_tag":[],"class_list":{"0":"post-7430","1":"product","2":"type-product","3":"status-publish","4":"has-post-thumbnail","6":"product_cat-accesorios-skincare","7":"product_cat-otros","8":"desktop-align-center","9":"tablet-align-left","10":"mobile-align-left","12":"first","13":"outofstock","14":"shipping-taxable","15":"purchasable","16":"product-type-simple"},"uagb_featured_image_src":{"full":["https:\/\/varietieseym.com.uy\/wp-content\/uploads\/2024\/11\/repos-exfoliante-.jpg",2000,1987,false],"thumbnail":["https:\/\/varietieseym.com.uy\/wp-content\/uploads\/2024\/11\/repos-exfoliante--150x150.jpg",150,150,true],"medium":["https:\/\/varietieseym.com.uy\/wp-content\/uploads\/2024\/11\/repos-exfoliante--300x298.jpg",300,298,true],"medium_large":["https:\/\/varietieseym.com.uy\/wp-content\/uploads\/2024\/11\/repos-exfoliante--768x763.jpg",768,763,true],"large":["https:\/\/varietieseym.com.uy\/wp-content\/uploads\/2024\/11\/repos-exfoliante--1024x1017.jpg",1024,1017,true],"1536x1536":["https:\/\/varietieseym.com.uy\/wp-content\/uploads\/2024\/11\/repos-exfoliante--1536x1526.jpg",1536,1526,true],"2048x2048":["https:\/\/varietieseym.com.uy\/wp-content\/uploads\/2024\/11\/repos-exfoliante-.jpg",2000,1987,false],"woocommerce_thumbnail":["https:\/\/varietieseym.com.uy\/wp-content\/uploads\/2024\/11\/repos-exfoliante--300x300.jpg",300,300,true],"woocommerce_single":["https:\/\/varietieseym.com.uy\/wp-content\/uploads\/2024\/11\/repos-exfoliante--600x596.jpg",600,596,true],"woocommerce_gallery_thumbnail":["https:\/\/varietieseym.com.uy\/wp-content\/uploads\/2024\/11\/repos-exfoliante--100x100.jpg",100,100,true]},"uagb_author_info":{"display_name":"Varietieseym","author_link":"https:\/\/varietieseym.com.uy\/index.php\/author\/"},"uagb_comment_info":0,"uagb_excerpt":"La crema exfoliante Rep\u00f3s contiene en su formulaci\u00f3n almendra molida, que adem\u00e1s de exfoliar la piel, la regenera y la suaviza. La mayor\u00eda de los antioxidantes se encuentran en la c\u00e1scara de la almendra y los beneficios para la piel son sorprendentes, por eso Rep\u00f3s la utiliz\u00f3 en su crema exfoliante. Los granos de almendra&hellip;","_links":{"self":[{"href":"https:\/\/varietieseym.com.uy\/index.php\/wp-json\/wp\/v2\/product\/7430","targetHints":{"allow":["GET"]}}],"collection":[{"href":"https:\/\/varietieseym.com.uy\/index.php\/wp-json\/wp\/v2\/product"}],"about":[{"href":"https:\/\/varietieseym.com.uy\/index.php\/wp-json\/wp\/v2\/types\/product"}],"wp:featuredmedia":[{"embeddable":true,"href":"https:\/\/varietieseym.com.uy\/index.php\/wp-json\/wp\/v2\/media\/7431"}],"wp:attachment":[{"href":"https:\/\/varietieseym.com.uy\/index.php\/wp-json\/wp\/v2\/media?parent=7430"}],"wp:term":[{"taxonomy":"product_brand","embeddable":true,"href":"https:\/\/varietieseym.com.uy\/index.php\/wp-json\/wp\/v2\/product_brand?post=7430"},{"taxonomy":"product_cat","embeddable":true,"href":"https:\/\/varietieseym.com.uy\/index.php\/wp-json\/wp\/v2\/product_cat?post=7430"},{"taxonomy":"product_tag","embeddable":true,"href":"https:\/\/varietieseym.com.uy\/index.php\/wp-json\/wp\/v2\/product_tag?post=7430"}],"curies":[{"name":"wp","href":"https:\/\/api.w.org\/{rel}","templated":true}]}}

<p>La crema exfoliante Repós contiene en su formulación almendra molida, que además de exfoliar la piel, la regenera y la suaviza.</p>
<p>La mayoría de los antioxidantes se encuentran en la cáscara de la almendra y los beneficios para la piel son sorprendentes, por eso Repós la utilizó en su crema exfoliante.</p>
<p>Los granos de almendra molidos fueron especialmente tratados y creados para proteger la piel contra el estrés oxidativo, creando una protección más efectiva contra los rayos UV y previniendo el envejecimiento prematuro de la piel.</p>
<p>Los beneficios</p>
<p>* Piel hidratada con textura aterciopelada</p>
<p>* Mejora la circulación de la sangre</p>
<p>* Limpia y renueva las células</p>
<p>* Evita grietas de piel seca</p>
<p>* Proporciona comodidad y practicidad</p>
<p>* Agradable sensación limpiador</p>
<p>* Posee abrasión media</p>
<p>* Limpia la piel a fondo</p>
<p>Modo de uso</p>
<p>-Con una piel húmeda, aplique la crema exfoliante masajeando con movimientos circulares suaves pr 15 min</p>
<p>&#8211; enjuague con abundante agua.</p>
<p>Resultado</p>
<p>-El resultado es una piel hidratada con textura aterciopelada</p>

<p>La crema exfoliante Repós contiene en su formulación almendra molida, que además de exfoliar la piel, la regenera y la suaviza. La mayoría de los antioxidantes se encuentran en la cáscara de la almendra y los beneficios para la piel son sorprendentes, por eso Repós la utilizó en su crema exfoliante. Los granos de almendra &hellip;</p>
<p class="read-more"> <a class="" href="https://varietieseym.com.uy/index.php/producto/crema-exfoliante-de-almendras-abrasion-media-250-grs/"> <span class="screen-reader-text">Crema Exfoliante de Almendras (Abrasion Media) 250 grs</span> Leer más &raquo;</a></p>

La crema exfoliante Repós contiene en su formulación almendra molida, que además de exfoliar la piel, la regenera y la suaviza. La mayoría de los antioxidantes se encuentran en la cáscara de la almendra y los beneficios para la piel son sorprendentes, por eso Repós la utilizó en su crema exfoliante. Los granos de almendra&hellip;
