{"id":7441,"date":"2024-11-28T11:44:17","date_gmt":"2024-11-28T14:44:17","guid":{"rendered":"https:\/\/varietieseym.com.uy\/?post_type=product&#038;p=7441"},"modified":"2026-03-26T18:11:48","modified_gmt":"2026-03-26T21:11:48","slug":"ablandador-removedor-de-cuticula-repos-500-ml","status":"publish","type":"product","link":"https:\/\/varietieseym.com.uy\/index.php\/producto\/ablandador-removedor-de-cuticula-repos-500-ml\/","title":{"rendered":"Ablandador\/Removedor de Cut\u00edcula Repos 500 Ml"},"content":{"rendered":"<p><strong>R\u00e1pida eliminaci\u00f3n:<\/strong> El removedor suaviza cut\u00edculas y callosidades en minutos, acelerando el proceso de manicura y pedicura, optimizando el tiempo del profesional y del cliente.<br \/>\n<strong>Menos tiempo de espera:<\/strong> Elimina la necesidad de largos periodos de inmersi\u00f3n en agua, haciendo el servicio m\u00e1s pr\u00e1ctico y eficiente.<br \/>\n<strong>Eliminaci\u00f3n completa:<\/strong> Repos Suavizante elimina cut\u00edculas y callos de forma completa y precisa, proporcionando un acabado impecable y profesional.<br \/>\n<strong>Potente f\u00f3rmula:<\/strong> Act\u00faa incluso sobre cut\u00edculas secas y callos persistentes, asegurando resultados satisfactorios en todo tipo de piel.<br \/>\n<strong>Las cut\u00edculas previenen el agrietamiento:<\/strong> La eliminaci\u00f3n adecuada de las cut\u00edculas evita la acumulaci\u00f3n de suciedad y bacterias, previniendo grietas e infecciones.<br \/>\n<strong>Pies sanos:<\/strong> Elimina los callos, que pueden causar molestias y pies agrietados, favoreciendo la salud de los pies.<\/p>\n","protected":false},"excerpt":{"rendered":"<p>R\u00e1pida eliminaci\u00f3n: El removedor suaviza cut\u00edculas y callosidades en minutos, acelerando el proceso de manicura y pedicura, optimizando el tiempo del profesional y del cliente. Menos tiempo de espera: Elimina la necesidad de largos periodos de inmersi\u00f3n en agua, haciendo el servicio m\u00e1s pr\u00e1ctico y eficiente. Eliminaci\u00f3n completa: Repos Suavizante elimina cut\u00edculas y callos de &hellip;<\/p>\n<p class=\"read-more\"> <a class=\"\" href=\"https:\/\/varietieseym.com.uy\/index.php\/producto\/ablandador-removedor-de-cuticula-repos-500-ml\/\"> <span class=\"screen-reader-text\">Ablandador\/Removedor de Cut\u00edcula Repos 500 Ml<\/span> Leer m\u00e1s &raquo;<\/a><\/p>\n","protected":false},"featured_media":7442,"template":"","meta":{"_uag_custom_page_level_css":"","site-sidebar-layout":"default","site-content-layout":"","ast-site-content-layout":"default","site-content-style":"default","site-sidebar-style":"default","ast-global-header-display":"","ast-banner-title-visibility":"","ast-main-header-display":"","ast-hfb-above-header-display":"","ast-hfb-below-header-display":"","ast-hfb-mobile-header-display":"","site-post-title":"","ast-breadcrumbs-content":"","ast-featured-img":"","footer-sml-layout":"","theme-transparent-header-meta":"default","adv-header-id-meta":"","stick-header-meta":"","header-above-stick-meta":"","header-main-stick-meta":"","header-below-stick-meta":"","astra-migrate-meta-layouts":"set","_joinchat":[]},"product_brand":[],"product_cat":[151,131,137],"product_tag":[],"class_list":{"0":"post-7441","1":"product","2":"type-product","3":"status-publish","4":"has-post-thumbnail","6":"product_cat-accesorios","7":"product_cat-unas","8":"product_cat-otros","9":"desktop-align-center","10":"tablet-align-left","11":"mobile-align-left","13":"first","14":"instock","15":"shipping-taxable","16":"purchasable","17":"product-type-simple"},"uagb_featured_image_src":{"full":["https:\/\/varietieseym.com.uy\/wp-content\/uploads\/2024\/11\/repos-verde-500ml1.jpg",593,617,false],"thumbnail":["https:\/\/varietieseym.com.uy\/wp-content\/uploads\/2024\/11\/repos-verde-500ml1-150x150.jpg",150,150,true],"medium":["https:\/\/varietieseym.com.uy\/wp-content\/uploads\/2024\/11\/repos-verde-500ml1-288x300.jpg",288,300,true],"medium_large":["https:\/\/varietieseym.com.uy\/wp-content\/uploads\/2024\/11\/repos-verde-500ml1.jpg",593,617,false],"large":["https:\/\/varietieseym.com.uy\/wp-content\/uploads\/2024\/11\/repos-verde-500ml1.jpg",593,617,false],"1536x1536":["https:\/\/varietieseym.com.uy\/wp-content\/uploads\/2024\/11\/repos-verde-500ml1.jpg",593,617,false],"2048x2048":["https:\/\/varietieseym.com.uy\/wp-content\/uploads\/2024\/11\/repos-verde-500ml1.jpg",593,617,false],"woocommerce_thumbnail":["https:\/\/varietieseym.com.uy\/wp-content\/uploads\/2024\/11\/repos-verde-500ml1-300x300.jpg",300,300,true],"woocommerce_single":["https:\/\/varietieseym.com.uy\/wp-content\/uploads\/2024\/11\/repos-verde-500ml1.jpg",593,617,false],"woocommerce_gallery_thumbnail":["https:\/\/varietieseym.com.uy\/wp-content\/uploads\/2024\/11\/repos-verde-500ml1-100x100.jpg",100,100,true]},"uagb_author_info":{"display_name":"Varietieseym","author_link":"https:\/\/varietieseym.com.uy\/index.php\/author\/"},"uagb_comment_info":0,"uagb_excerpt":"R\u00e1pida eliminaci\u00f3n: El removedor suaviza cut\u00edculas y callosidades en minutos, acelerando el proceso de manicura y pedicura, optimizando el tiempo del profesional y del cliente. Menos tiempo de espera: Elimina la necesidad de largos periodos de inmersi\u00f3n en agua, haciendo el servicio m\u00e1s pr\u00e1ctico y eficiente. Eliminaci\u00f3n completa: Repos Suavizante elimina cut\u00edculas y callos de&hellip;","_links":{"self":[{"href":"https:\/\/varietieseym.com.uy\/index.php\/wp-json\/wp\/v2\/product\/7441","targetHints":{"allow":["GET"]}}],"collection":[{"href":"https:\/\/varietieseym.com.uy\/index.php\/wp-json\/wp\/v2\/product"}],"about":[{"href":"https:\/\/varietieseym.com.uy\/index.php\/wp-json\/wp\/v2\/types\/product"}],"wp:featuredmedia":[{"embeddable":true,"href":"https:\/\/varietieseym.com.uy\/index.php\/wp-json\/wp\/v2\/media\/7442"}],"wp:attachment":[{"href":"https:\/\/varietieseym.com.uy\/index.php\/wp-json\/wp\/v2\/media?parent=7441"}],"wp:term":[{"taxonomy":"product_brand","embeddable":true,"href":"https:\/\/varietieseym.com.uy\/index.php\/wp-json\/wp\/v2\/product_brand?post=7441"},{"taxonomy":"product_cat","embeddable":true,"href":"https:\/\/varietieseym.com.uy\/index.php\/wp-json\/wp\/v2\/product_cat?post=7441"},{"taxonomy":"product_tag","embeddable":true,"href":"https:\/\/varietieseym.com.uy\/index.php\/wp-json\/wp\/v2\/product_tag?post=7441"}],"curies":[{"name":"wp","href":"https:\/\/api.w.org\/{rel}","templated":true}]}}