{"id":7768,"date":"2025-01-29T17:25:36","date_gmt":"2025-01-29T20:25:36","guid":{"rendered":"https:\/\/varietieseym.com.uy\/?post_type=product&#038;p=7768"},"modified":"2025-12-17T22:45:19","modified_gmt":"2025-12-18T01:45:19","slug":"brocas-fresas-flama-de-ceramica-manicura-pedicura","status":"publish","type":"product","link":"https:\/\/varietieseym.com.uy\/index.php\/producto\/brocas-fresas-flama-de-ceramica-manicura-pedicura\/","title":{"rendered":"Brocas\/Fresas flama de cer\u00e1mica manicura- pedicura"},"content":{"rendered":"<ul class=\"wp-block-list\">\n<li><strong>Amarillo<\/strong>: grano muy suave, abrasi\u00f3n muy ligera.<\/li>\n<li><strong>Rojo<\/strong>: grano suave, abrasi\u00f3n ligera.<\/li>\n<li><strong>Azul<\/strong>: grano medio, abrasi\u00f3n media.<\/li>\n<li><strong>Verde<\/strong>: grano grueso, abrasi\u00f3n alta.<\/li>\n<li><strong>Negro o morado<\/strong>: grano muy grueso, abrasi\u00f3n muy alta. Sirve solamente para retirar producto (gel, acr\u00edlico o polygel). Recomendada tambi\u00e9n para trabajos de pedicura y eliminar callosidad.<\/li>\n<\/ul>\n","protected":false},"excerpt":{"rendered":"<p>Amarillo: grano muy suave, abrasi\u00f3n muy ligera. Rojo: grano suave, abrasi\u00f3n ligera. Azul: grano medio, abrasi\u00f3n media. Verde: grano grueso, abrasi\u00f3n alta. Negro o morado: grano muy grueso, abrasi\u00f3n muy alta. Sirve solamente para retirar producto (gel, acr\u00edlico o polygel). Recomendada tambi\u00e9n para trabajos de pedicura y eliminar callosidad.<\/p>\n","protected":false},"featured_media":7769,"template":"","meta":{"_uag_custom_page_level_css":"","site-sidebar-layout":"default","site-content-layout":"","ast-site-content-layout":"default","site-content-style":"default","site-sidebar-style":"default","ast-global-header-display":"","ast-banner-title-visibility":"","ast-main-header-display":"","ast-hfb-above-header-display":"","ast-hfb-below-header-display":"","ast-hfb-mobile-header-display":"","site-post-title":"","ast-breadcrumbs-content":"","ast-featured-img":"","footer-sml-layout":"","theme-transparent-header-meta":"default","adv-header-id-meta":"","stick-header-meta":"","header-above-stick-meta":"","header-main-stick-meta":"","header-below-stick-meta":"","astra-migrate-meta-layouts":"set","_joinchat":[]},"product_brand":[],"product_cat":[131,137],"product_tag":[],"class_list":{"0":"post-7768","1":"product","2":"type-product","3":"status-publish","4":"has-post-thumbnail","6":"product_cat-unas","7":"product_cat-otros","8":"desktop-align-center","9":"tablet-align-left","10":"mobile-align-left","12":"first","13":"outofstock","14":"shipping-taxable","15":"purchasable","16":"product-type-variable"},"uagb_featured_image_src":{"full":["https:\/\/varietieseym.com.uy\/wp-content\/uploads\/2025\/01\/fresa-ceramica.jpg",597,626,false],"thumbnail":["https:\/\/varietieseym.com.uy\/wp-content\/uploads\/2025\/01\/fresa-ceramica-150x150.jpg",150,150,true],"medium":["https:\/\/varietieseym.com.uy\/wp-content\/uploads\/2025\/01\/fresa-ceramica-286x300.jpg",286,300,true],"medium_large":["https:\/\/varietieseym.com.uy\/wp-content\/uploads\/2025\/01\/fresa-ceramica.jpg",597,626,false],"large":["https:\/\/varietieseym.com.uy\/wp-content\/uploads\/2025\/01\/fresa-ceramica.jpg",597,626,false],"1536x1536":["https:\/\/varietieseym.com.uy\/wp-content\/uploads\/2025\/01\/fresa-ceramica.jpg",597,626,false],"2048x2048":["https:\/\/varietieseym.com.uy\/wp-content\/uploads\/2025\/01\/fresa-ceramica.jpg",597,626,false],"woocommerce_thumbnail":["https:\/\/varietieseym.com.uy\/wp-content\/uploads\/2025\/01\/fresa-ceramica-300x300.jpg",300,300,true],"woocommerce_single":["https:\/\/varietieseym.com.uy\/wp-content\/uploads\/2025\/01\/fresa-ceramica.jpg",597,626,false],"woocommerce_gallery_thumbnail":["https:\/\/varietieseym.com.uy\/wp-content\/uploads\/2025\/01\/fresa-ceramica-100x100.jpg",100,100,true]},"uagb_author_info":{"display_name":"Varietieseym","author_link":"https:\/\/varietieseym.com.uy\/index.php\/author\/"},"uagb_comment_info":0,"uagb_excerpt":"Amarillo: grano muy suave, abrasi\u00f3n muy ligera. Rojo: grano suave, abrasi\u00f3n ligera. Azul: grano medio, abrasi\u00f3n media. Verde: grano grueso, abrasi\u00f3n alta. Negro o morado: grano muy grueso, abrasi\u00f3n muy alta. Sirve solamente para retirar producto (gel, acr\u00edlico o polygel). Recomendada tambi\u00e9n para trabajos de pedicura y eliminar callosidad.","_links":{"self":[{"href":"https:\/\/varietieseym.com.uy\/index.php\/wp-json\/wp\/v2\/product\/7768","targetHints":{"allow":["GET"]}}],"collection":[{"href":"https:\/\/varietieseym.com.uy\/index.php\/wp-json\/wp\/v2\/product"}],"about":[{"href":"https:\/\/varietieseym.com.uy\/index.php\/wp-json\/wp\/v2\/types\/product"}],"wp:featuredmedia":[{"embeddable":true,"href":"https:\/\/varietieseym.com.uy\/index.php\/wp-json\/wp\/v2\/media\/7769"}],"wp:attachment":[{"href":"https:\/\/varietieseym.com.uy\/index.php\/wp-json\/wp\/v2\/media?parent=7768"}],"wp:term":[{"taxonomy":"product_brand","embeddable":true,"href":"https:\/\/varietieseym.com.uy\/index.php\/wp-json\/wp\/v2\/product_brand?post=7768"},{"taxonomy":"product_cat","embeddable":true,"href":"https:\/\/varietieseym.com.uy\/index.php\/wp-json\/wp\/v2\/product_cat?post=7768"},{"taxonomy":"product_tag","embeddable":true,"href":"https:\/\/varietieseym.com.uy\/index.php\/wp-json\/wp\/v2\/product_tag?post=7768"}],"curies":[{"name":"wp","href":"https:\/\/api.w.org\/{rel}","templated":true}]}}