{"id":7791,"date":"2025-01-30T12:37:13","date_gmt":"2025-01-30T15:37:13","guid":{"rendered":"https:\/\/varietieseym.com.uy\/?post_type=product&#038;p=7791"},"modified":"2025-01-30T12:47:09","modified_gmt":"2025-01-30T15:47:09","slug":"torno-para-unas-electrico-30000-rpm-profesional","status":"publish","type":"product","link":"https:\/\/varietieseym.com.uy\/index.php\/producto\/torno-para-unas-electrico-30000-rpm-profesional\/","title":{"rendered":"Torno Para U\u00f1as El\u00e9ctrico 30000 RPM (Profesional)"},"content":{"rendered":"<ul class=\"a-unordered-list a-vertical a-spacing-mini\">\n<li class=\"a-spacing-mini\"><span class=\"a-list-item\">Taladro de u\u00f1as de uso multifuncional: dise\u00f1ado con una pieza de mano de aleaci\u00f3n de aluminio de alta calidad, es ligero para un funcionamiento constante. Se utiliza para manicura, pedicura, pulido, modelado, etc. Es ideal tanto para uso profesional en sal\u00f3n como para principiantes en casa<\/span><\/li>\n<li class=\"a-spacing-mini\"><span class=\"a-list-item\">Dise\u00f1o ligero y compacto: tiene un controlador compacto y peso ligero, que no solo ahorra espacio en su escritorio, sino que tambi\u00e9n es conveniente de llevar, adecuado para m\u00faltiples ocasiones<\/span><span class=\"a-list-item\">.<\/span><\/li>\n<li class=\"a-spacing-mini\"><span class=\"a-list-item\">Bajo calor, bajo ruido y baja vibraci\u00f3n: esta m\u00e1quina perforadora de u\u00f1as est\u00e1 construida con un motor potente pero silencioso con disipaci\u00f3n de calor inteligente, mantiene la m\u00e1quina a bajo calor, bajo nivel de ruido y baja vibraci\u00f3n mientras la usa.<\/span><\/li>\n<li class=\"a-spacing-mini\"><span class=\"a-list-item\">F\u00e1cil de usar: Profesional para uso en el sal\u00f3n en casa, o viajes, alta eficiencia y rendimiento estable garantizan la larga vida \u00fatil de este taladro de u\u00f1as.<\/span><\/li>\n<\/ul>\n","protected":false},"excerpt":{"rendered":"<p>Taladro de u\u00f1as de uso multifuncional: dise\u00f1ado con una pieza de mano de aleaci\u00f3n de aluminio de alta calidad, es ligero para un funcionamiento constante. Se utiliza para manicura, pedicura, pulido, modelado, etc. Es ideal tanto para uso profesional en sal\u00f3n como para principiantes en casa Dise\u00f1o ligero y compacto: tiene un controlador compacto y &hellip;<\/p>\n<p class=\"read-more\"> <a class=\"\" href=\"https:\/\/varietieseym.com.uy\/index.php\/producto\/torno-para-unas-electrico-30000-rpm-profesional\/\"> <span class=\"screen-reader-text\">Torno Para U\u00f1as El\u00e9ctrico 30000 RPM (Profesional)<\/span> Leer m\u00e1s &raquo;<\/a><\/p>\n","protected":false},"featured_media":7805,"template":"","meta":{"_uag_custom_page_level_css":"","site-sidebar-layout":"default","site-content-layout":"","ast-site-content-layout":"default","site-content-style":"default","site-sidebar-style":"default","ast-global-header-display":"","ast-banner-title-visibility":"","ast-main-header-display":"","ast-hfb-above-header-display":"","ast-hfb-below-header-display":"","ast-hfb-mobile-header-display":"","site-post-title":"","ast-breadcrumbs-content":"","ast-featured-img":"","footer-sml-layout":"","theme-transparent-header-meta":"default","adv-header-id-meta":"","stick-header-meta":"","header-above-stick-meta":"","header-main-stick-meta":"","header-below-stick-meta":"","astra-migrate-meta-layouts":"set","_joinchat":[]},"product_brand":[],"product_cat":[131,138],"product_tag":[],"class_list":{"0":"post-7791","1":"product","2":"type-product","3":"status-publish","4":"has-post-thumbnail","6":"product_cat-unas","7":"product_cat-tornos","8":"desktop-align-center","9":"tablet-align-left","10":"mobile-align-left","12":"first","13":"instock","14":"shipping-taxable","15":"purchasable","16":"product-type-variable"},"uagb_featured_image_src":{"full":["https:\/\/varietieseym.com.uy\/wp-content\/uploads\/2025\/01\/torno-30000-telefono11.jpg",737,490,false],"thumbnail":["https:\/\/varietieseym.com.uy\/wp-content\/uploads\/2025\/01\/torno-30000-telefono11-150x150.jpg",150,150,true],"medium":["https:\/\/varietieseym.com.uy\/wp-content\/uploads\/2025\/01\/torno-30000-telefono11-300x199.jpg",300,199,true],"medium_large":["https:\/\/varietieseym.com.uy\/wp-content\/uploads\/2025\/01\/torno-30000-telefono11.jpg",737,490,false],"large":["https:\/\/varietieseym.com.uy\/wp-content\/uploads\/2025\/01\/torno-30000-telefono11.jpg",737,490,false],"1536x1536":["https:\/\/varietieseym.com.uy\/wp-content\/uploads\/2025\/01\/torno-30000-telefono11.jpg",737,490,false],"2048x2048":["https:\/\/varietieseym.com.uy\/wp-content\/uploads\/2025\/01\/torno-30000-telefono11.jpg",737,490,false],"woocommerce_thumbnail":["https:\/\/varietieseym.com.uy\/wp-content\/uploads\/2025\/01\/torno-30000-telefono11-300x300.jpg",300,300,true],"woocommerce_single":["https:\/\/varietieseym.com.uy\/wp-content\/uploads\/2025\/01\/torno-30000-telefono11-600x399.jpg",600,399,true],"woocommerce_gallery_thumbnail":["https:\/\/varietieseym.com.uy\/wp-content\/uploads\/2025\/01\/torno-30000-telefono11-100x100.jpg",100,100,true]},"uagb_author_info":{"display_name":"Varietieseym","author_link":"https:\/\/varietieseym.com.uy\/index.php\/author\/"},"uagb_comment_info":0,"uagb_excerpt":"Taladro de u\u00f1as de uso multifuncional: dise\u00f1ado con una pieza de mano de aleaci\u00f3n de aluminio de alta calidad, es ligero para un funcionamiento constante. Se utiliza para manicura, pedicura, pulido, modelado, etc. Es ideal tanto para uso profesional en sal\u00f3n como para principiantes en casa Dise\u00f1o ligero y compacto: tiene un controlador compacto y&hellip;","_links":{"self":[{"href":"https:\/\/varietieseym.com.uy\/index.php\/wp-json\/wp\/v2\/product\/7791","targetHints":{"allow":["GET"]}}],"collection":[{"href":"https:\/\/varietieseym.com.uy\/index.php\/wp-json\/wp\/v2\/product"}],"about":[{"href":"https:\/\/varietieseym.com.uy\/index.php\/wp-json\/wp\/v2\/types\/product"}],"wp:featuredmedia":[{"embeddable":true,"href":"https:\/\/varietieseym.com.uy\/index.php\/wp-json\/wp\/v2\/media\/7805"}],"wp:attachment":[{"href":"https:\/\/varietieseym.com.uy\/index.php\/wp-json\/wp\/v2\/media?parent=7791"}],"wp:term":[{"taxonomy":"product_brand","embeddable":true,"href":"https:\/\/varietieseym.com.uy\/index.php\/wp-json\/wp\/v2\/product_brand?post=7791"},{"taxonomy":"product_cat","embeddable":true,"href":"https:\/\/varietieseym.com.uy\/index.php\/wp-json\/wp\/v2\/product_cat?post=7791"},{"taxonomy":"product_tag","embeddable":true,"href":"https:\/\/varietieseym.com.uy\/index.php\/wp-json\/wp\/v2\/product_tag?post=7791"}],"curies":[{"name":"wp","href":"https:\/\/api.w.org\/{rel}","templated":true}]}}