{"id":8190,"date":"2025-04-29T19:30:06","date_gmt":"2025-04-29T22:30:06","guid":{"rendered":"https:\/\/varietieseym.com.uy\/?post_type=product&#038;p=8190"},"modified":"2025-04-29T19:30:06","modified_gmt":"2025-04-29T22:30:06","slug":"perfume-arabe-faqat-sabaya","status":"publish","type":"product","link":"https:\/\/varietieseym.com.uy\/index.php\/producto\/perfume-arabe-faqat-sabaya\/","title":{"rendered":"Perfume Arabe Faqat Sabaya\u00a0"},"content":{"rendered":"<p>Es una fragancia floral y amaderada, impregnada de ex\u00f3ticos aromas gourmand, que hace que quien la use destaque, con su aroma a\u00fan presente despu\u00e9s de mucho tiempo de haber salido de escena. Una fragancia muy sensual y arom\u00e1tica que encantar\u00e1 a quienes tienen gusto por los buenos perfumes. Una combinaci\u00f3n de acordes florales y amaderados forma las notas de salida, coraz\u00f3n y fondo. Anuncia tu llegada sin esfuerzo con esta sensacional fragancia. Es una fragancia floral y amaderada, impregnada de ex\u00f3ticos aromas gourmand, que hace que quien la use destaque, con su aroma a\u00fan presente despu\u00e9s de mucho tiempo de haber salido de escena. Una fragancia muy sensual y arom\u00e1tica que encantar\u00e1 a quienes tienen gusto por los buenos perfumes. Una combinaci\u00f3n de acordes florales y amaderados forma las notas de salida, coraz\u00f3n y fondo. Anuncia tu llegada sin esfuerzo con esta sensacional fragancia. Es una fragancia floral y amaderada con un toque de ex\u00f3ticos aromas gourmand que hace que quien la use destaque, con su aroma a\u00fan presente despu\u00e9s de mucho tiempo de ausencia. Una fragancia sensual y arom\u00e1tica que encantar\u00e1 a quienes tienen gusto por los buenos perfumes. Una combinaci\u00f3n de notas florales y amaderadas forma las notas de salida, coraz\u00f3n y fondo.<\/p>\n<p><span>Ingredientes:<\/span><\/p>\n<p><span>Notas de salida: Jazm\u00edn, pimienta negra, rosa.<\/span><\/p>\n<p><span>Notas medias: s\u00e1ndalo, lirio, bayas<\/span><\/p>\n<p><span>Notas de fondo: Elementos florales, almizcle.<\/span><\/p>\n","protected":false},"excerpt":{"rendered":"<p>Es una fragancia floral y amaderada, impregnada de ex\u00f3ticos aromas gourmand, que hace que quien la use destaque, con su aroma a\u00fan presente despu\u00e9s de mucho tiempo de haber salido de escena. Una fragancia muy sensual y arom\u00e1tica que encantar\u00e1 a quienes tienen gusto por los buenos perfumes. Una combinaci\u00f3n de acordes florales y amaderados &hellip;<\/p>\n<p class=\"read-more\"> <a class=\"\" href=\"https:\/\/varietieseym.com.uy\/index.php\/producto\/perfume-arabe-faqat-sabaya\/\"> <span class=\"screen-reader-text\">Perfume Arabe Faqat Sabaya\u00a0<\/span> Leer m\u00e1s &raquo;<\/a><\/p>\n","protected":false},"featured_media":8191,"template":"","meta":{"_uag_custom_page_level_css":"","site-sidebar-layout":"default","site-content-layout":"","ast-site-content-layout":"default","site-content-style":"default","site-sidebar-style":"default","ast-global-header-display":"","ast-banner-title-visibility":"","ast-main-header-display":"","ast-hfb-above-header-display":"","ast-hfb-below-header-display":"","ast-hfb-mobile-header-display":"","site-post-title":"","ast-breadcrumbs-content":"","ast-featured-img":"","footer-sml-layout":"","theme-transparent-header-meta":"default","adv-header-id-meta":"","stick-header-meta":"","header-above-stick-meta":"","header-main-stick-meta":"","header-below-stick-meta":"","astra-migrate-meta-layouts":"set","_joinchat":[]},"product_brand":[],"product_cat":[384],"product_tag":[],"class_list":{"0":"post-8190","1":"product","2":"type-product","3":"status-publish","4":"has-post-thumbnail","6":"product_cat-perfumes","7":"desktop-align-center","8":"tablet-align-left","9":"mobile-align-left","11":"first","12":"instock","13":"shipping-taxable","14":"purchasable","15":"product-type-simple"},"uagb_featured_image_src":{"full":["https:\/\/varietieseym.com.uy\/wp-content\/uploads\/2025\/04\/faqat-sabaya1.jpg",441,549,false],"thumbnail":["https:\/\/varietieseym.com.uy\/wp-content\/uploads\/2025\/04\/faqat-sabaya1-150x150.jpg",150,150,true],"medium":["https:\/\/varietieseym.com.uy\/wp-content\/uploads\/2025\/04\/faqat-sabaya1-241x300.jpg",241,300,true],"medium_large":["https:\/\/varietieseym.com.uy\/wp-content\/uploads\/2025\/04\/faqat-sabaya1.jpg",441,549,false],"large":["https:\/\/varietieseym.com.uy\/wp-content\/uploads\/2025\/04\/faqat-sabaya1.jpg",441,549,false],"1536x1536":["https:\/\/varietieseym.com.uy\/wp-content\/uploads\/2025\/04\/faqat-sabaya1.jpg",441,549,false],"2048x2048":["https:\/\/varietieseym.com.uy\/wp-content\/uploads\/2025\/04\/faqat-sabaya1.jpg",441,549,false],"woocommerce_thumbnail":["https:\/\/varietieseym.com.uy\/wp-content\/uploads\/2025\/04\/faqat-sabaya1-300x300.jpg",300,300,true],"woocommerce_single":["https:\/\/varietieseym.com.uy\/wp-content\/uploads\/2025\/04\/faqat-sabaya1.jpg",441,549,false],"woocommerce_gallery_thumbnail":["https:\/\/varietieseym.com.uy\/wp-content\/uploads\/2025\/04\/faqat-sabaya1-100x100.jpg",100,100,true]},"uagb_author_info":{"display_name":"Varietieseym","author_link":"https:\/\/varietieseym.com.uy\/index.php\/author\/"},"uagb_comment_info":0,"uagb_excerpt":"Es una fragancia floral y amaderada, impregnada de ex\u00f3ticos aromas gourmand, que hace que quien la use destaque, con su aroma a\u00fan presente despu\u00e9s de mucho tiempo de haber salido de escena. Una fragancia muy sensual y arom\u00e1tica que encantar\u00e1 a quienes tienen gusto por los buenos perfumes. Una combinaci\u00f3n de acordes florales y amaderados&hellip;","_links":{"self":[{"href":"https:\/\/varietieseym.com.uy\/index.php\/wp-json\/wp\/v2\/product\/8190","targetHints":{"allow":["GET"]}}],"collection":[{"href":"https:\/\/varietieseym.com.uy\/index.php\/wp-json\/wp\/v2\/product"}],"about":[{"href":"https:\/\/varietieseym.com.uy\/index.php\/wp-json\/wp\/v2\/types\/product"}],"wp:featuredmedia":[{"embeddable":true,"href":"https:\/\/varietieseym.com.uy\/index.php\/wp-json\/wp\/v2\/media\/8191"}],"wp:attachment":[{"href":"https:\/\/varietieseym.com.uy\/index.php\/wp-json\/wp\/v2\/media?parent=8190"}],"wp:term":[{"taxonomy":"product_brand","embeddable":true,"href":"https:\/\/varietieseym.com.uy\/index.php\/wp-json\/wp\/v2\/product_brand?post=8190"},{"taxonomy":"product_cat","embeddable":true,"href":"https:\/\/varietieseym.com.uy\/index.php\/wp-json\/wp\/v2\/product_cat?post=8190"},{"taxonomy":"product_tag","embeddable":true,"href":"https:\/\/varietieseym.com.uy\/index.php\/wp-json\/wp\/v2\/product_tag?post=8190"}],"curies":[{"name":"wp","href":"https:\/\/api.w.org\/{rel}","templated":true}]}}