{"id":8204,"date":"2025-04-30T23:14:25","date_gmt":"2025-05-01T02:14:25","guid":{"rendered":"https:\/\/varietieseym.com.uy\/?post_type=product&#038;p=8204"},"modified":"2025-04-30T23:14:25","modified_gmt":"2025-05-01T02:14:25","slug":"perfume-yara","status":"publish","type":"product","link":"https:\/\/varietieseym.com.uy\/index.php\/producto\/perfume-yara\/","title":{"rendered":"Perfume Yara"},"content":{"rendered":"<p><span style=\"font-weight: 400;\">Descubre el encanto irresistible de Yara.<\/span><\/p>\n<p><span style=\"font-weight: 400;\">Este perfume combina suavidad frutal avainillada con notas de orqu\u00eddea, heliotropo y naranja tangerina. Su coraz\u00f3n goloso de frutas tropicales te envuelve, mientras que la vainilla, el almizcle y el s\u00e1ndalo crean una estela duradera.<\/span><\/p>\n<p><span style=\"font-weight: 400;\">\u00a0Una fragancia cautivadora y sofisticada que resalta tu feminidad con elegancia. <\/span><\/p>\n","protected":false},"excerpt":{"rendered":"<p>Descubre el encanto irresistible de Yara. Este perfume combina suavidad frutal avainillada con notas de orqu\u00eddea, heliotropo y naranja tangerina. Su coraz\u00f3n goloso de frutas tropicales te envuelve, mientras que la vainilla, el almizcle y el s\u00e1ndalo crean una estela duradera. \u00a0Una fragancia cautivadora y sofisticada que resalta tu feminidad con elegancia.<\/p>\n","protected":false},"featured_media":8205,"template":"","meta":{"_uag_custom_page_level_css":"","site-sidebar-layout":"default","site-content-layout":"","ast-site-content-layout":"default","site-content-style":"default","site-sidebar-style":"default","ast-global-header-display":"","ast-banner-title-visibility":"","ast-main-header-display":"","ast-hfb-above-header-display":"","ast-hfb-below-header-display":"","ast-hfb-mobile-header-display":"","site-post-title":"","ast-breadcrumbs-content":"","ast-featured-img":"","footer-sml-layout":"","theme-transparent-header-meta":"default","adv-header-id-meta":"","stick-header-meta":"","header-above-stick-meta":"","header-main-stick-meta":"","header-below-stick-meta":"","astra-migrate-meta-layouts":"set","_joinchat":[]},"product_brand":[],"product_cat":[384],"product_tag":[],"class_list":{"0":"post-8204","1":"product","2":"type-product","3":"status-publish","4":"has-post-thumbnail","6":"product_cat-perfumes","7":"desktop-align-center","8":"tablet-align-left","9":"mobile-align-left","11":"first","12":"instock","13":"shipping-taxable","14":"purchasable","15":"product-type-simple"},"uagb_featured_image_src":{"full":["https:\/\/varietieseym.com.uy\/wp-content\/uploads\/2025\/04\/yara.jpg",859,835,false],"thumbnail":["https:\/\/varietieseym.com.uy\/wp-content\/uploads\/2025\/04\/yara-150x150.jpg",150,150,true],"medium":["https:\/\/varietieseym.com.uy\/wp-content\/uploads\/2025\/04\/yara-300x292.jpg",300,292,true],"medium_large":["https:\/\/varietieseym.com.uy\/wp-content\/uploads\/2025\/04\/yara-768x747.jpg",768,747,true],"large":["https:\/\/varietieseym.com.uy\/wp-content\/uploads\/2025\/04\/yara.jpg",859,835,false],"1536x1536":["https:\/\/varietieseym.com.uy\/wp-content\/uploads\/2025\/04\/yara.jpg",859,835,false],"2048x2048":["https:\/\/varietieseym.com.uy\/wp-content\/uploads\/2025\/04\/yara.jpg",859,835,false],"woocommerce_thumbnail":["https:\/\/varietieseym.com.uy\/wp-content\/uploads\/2025\/04\/yara-300x300.jpg",300,300,true],"woocommerce_single":["https:\/\/varietieseym.com.uy\/wp-content\/uploads\/2025\/04\/yara-600x583.jpg",600,583,true],"woocommerce_gallery_thumbnail":["https:\/\/varietieseym.com.uy\/wp-content\/uploads\/2025\/04\/yara-100x100.jpg",100,100,true]},"uagb_author_info":{"display_name":"Varietieseym","author_link":"https:\/\/varietieseym.com.uy\/index.php\/author\/"},"uagb_comment_info":0,"uagb_excerpt":"Descubre el encanto irresistible de Yara. Este perfume combina suavidad frutal avainillada con notas de orqu\u00eddea, heliotropo y naranja tangerina. Su coraz\u00f3n goloso de frutas tropicales te envuelve, mientras que la vainilla, el almizcle y el s\u00e1ndalo crean una estela duradera. \u00a0Una fragancia cautivadora y sofisticada que resalta tu feminidad con elegancia.","_links":{"self":[{"href":"https:\/\/varietieseym.com.uy\/index.php\/wp-json\/wp\/v2\/product\/8204","targetHints":{"allow":["GET"]}}],"collection":[{"href":"https:\/\/varietieseym.com.uy\/index.php\/wp-json\/wp\/v2\/product"}],"about":[{"href":"https:\/\/varietieseym.com.uy\/index.php\/wp-json\/wp\/v2\/types\/product"}],"wp:featuredmedia":[{"embeddable":true,"href":"https:\/\/varietieseym.com.uy\/index.php\/wp-json\/wp\/v2\/media\/8205"}],"wp:attachment":[{"href":"https:\/\/varietieseym.com.uy\/index.php\/wp-json\/wp\/v2\/media?parent=8204"}],"wp:term":[{"taxonomy":"product_brand","embeddable":true,"href":"https:\/\/varietieseym.com.uy\/index.php\/wp-json\/wp\/v2\/product_brand?post=8204"},{"taxonomy":"product_cat","embeddable":true,"href":"https:\/\/varietieseym.com.uy\/index.php\/wp-json\/wp\/v2\/product_cat?post=8204"},{"taxonomy":"product_tag","embeddable":true,"href":"https:\/\/varietieseym.com.uy\/index.php\/wp-json\/wp\/v2\/product_tag?post=8204"}],"curies":[{"name":"wp","href":"https:\/\/api.w.org\/{rel}","templated":true}]}}