{"id":8233,"date":"2025-05-10T14:51:20","date_gmt":"2025-05-10T17:51:20","guid":{"rendered":"https:\/\/varietieseym.com.uy\/?post_type=product&#038;p=8233"},"modified":"2025-06-28T21:11:27","modified_gmt":"2025-06-29T00:11:27","slug":"serum-para-cejas-feg-crecimiento-de-cejas-longitud-grosor-y-oscuridad-100-natural","status":"publish","type":"product","link":"https:\/\/varietieseym.com.uy\/index.php\/producto\/serum-para-cejas-feg-crecimiento-de-cejas-longitud-grosor-y-oscuridad-100-natural\/","title":{"rendered":"Serum para cejas FEG, crecimiento de cejas, longitud, grosor y oscuridad, 100 % natural"},"content":{"rendered":"<p>Potenciador de cejas FEG para el crecimiento natural de las cejas &#8211; \u00a1Resultados garantizados!<\/p>\n<p>Utilizar diariamente para ver la mejora general dentro de los 30 d\u00edas!<\/p>\n<p>Instrucciones:<br \/>\nAplicar una vez al d\u00eda (antes de dormir) en las cejas con el aplicador proporcionado.<\/p>\n<ul>\n<li>Crecimiento de cejas naturalmente<\/li>\n<li>Espesa los pelos quebradizos<\/li>\n<li>Oscurece el cabello<\/li>\n<li>Pelos de cejas m\u00e1s fuertes<\/li>\n<li>Lograr el aspecto m\u00e1s completo<\/li>\n<li>Mejora y alarga naturalmente tus cejas naturales<\/li>\n<li>Fortalece las pesta\u00f1as, intensificando notablemente tu expresi\u00f3n en y alrededor de tus ojos<\/li>\n<li>Ingredientes 100% naturales y nutritivos<\/li>\n<li>F\u00f3rmula innovadora no es irritante<\/li>\n<li>Suave y seguro para todo tipo de piel<\/li>\n<li>Suero nutritivo que ayudar\u00e1 a las cejas fr\u00e1giles y d\u00e9biles a crecer m\u00e1s fuertes y saludables<\/li>\n<li>Con el uso diario el crecimiento se puede ver en tan solo 7 d\u00edas<\/li>\n<li>Mejora significativa por 4-6 semanas<\/li>\n<li>F\u00f3rmula probada aumenta el grosor y la longitud de las cejas con solo 4-6 semanas de uso diario.<\/li>\n<li>Simplemente aplica una l\u00ednea delgada con cepillo a lo largo de la base de la l\u00ednea superior de las pesta\u00f1as o a trav\u00e9s de tus cejas una vez al d\u00eda por la noche.<\/li>\n<li>Aplicar solo en el \u00e1rea ra\u00edz de las cejas<\/li>\n<\/ul>\n","protected":false},"excerpt":{"rendered":"<p>Potenciador de cejas FEG para el crecimiento natural de las cejas &#8211; \u00a1Resultados garantizados! Utilizar diariamente para ver la mejora general dentro de los 30 d\u00edas! Instrucciones: Aplicar una vez al d\u00eda (antes de dormir) en las cejas con el aplicador proporcionado. Crecimiento de cejas naturalmente Espesa los pelos quebradizos Oscurece el cabello Pelos de &hellip;<\/p>\n<p class=\"read-more\"> <a class=\"\" href=\"https:\/\/varietieseym.com.uy\/index.php\/producto\/serum-para-cejas-feg-crecimiento-de-cejas-longitud-grosor-y-oscuridad-100-natural\/\"> <span class=\"screen-reader-text\">Serum para cejas FEG, crecimiento de cejas, longitud, grosor y oscuridad, 100 % natural<\/span> Leer m\u00e1s &raquo;<\/a><\/p>\n","protected":false},"featured_media":8236,"template":"","meta":{"_uag_custom_page_level_css":"","site-sidebar-layout":"default","site-content-layout":"","ast-site-content-layout":"default","site-content-style":"default","site-sidebar-style":"default","ast-global-header-display":"","ast-banner-title-visibility":"","ast-main-header-display":"","ast-hfb-above-header-display":"","ast-hfb-below-header-display":"","ast-hfb-mobile-header-display":"","site-post-title":"","ast-breadcrumbs-content":"","ast-featured-img":"","footer-sml-layout":"","theme-transparent-header-meta":"default","adv-header-id-meta":"","stick-header-meta":"","header-above-stick-meta":"","header-main-stick-meta":"","header-below-stick-meta":"","astra-migrate-meta-layouts":"set","_joinchat":[]},"product_brand":[],"product_cat":[146],"product_tag":[],"class_list":{"0":"post-8233","1":"product","2":"type-product","3":"status-publish","4":"has-post-thumbnail","6":"product_cat-cejas","7":"desktop-align-center","8":"tablet-align-left","9":"mobile-align-left","11":"first","12":"instock","13":"shipping-taxable","14":"purchasable","15":"product-type-simple"},"uagb_featured_image_src":{"full":["https:\/\/varietieseym.com.uy\/wp-content\/uploads\/2025\/05\/serum-cejas-2.jpg",586,608,false],"thumbnail":["https:\/\/varietieseym.com.uy\/wp-content\/uploads\/2025\/05\/serum-cejas-2-150x150.jpg",150,150,true],"medium":["https:\/\/varietieseym.com.uy\/wp-content\/uploads\/2025\/05\/serum-cejas-2-289x300.jpg",289,300,true],"medium_large":["https:\/\/varietieseym.com.uy\/wp-content\/uploads\/2025\/05\/serum-cejas-2.jpg",586,608,false],"large":["https:\/\/varietieseym.com.uy\/wp-content\/uploads\/2025\/05\/serum-cejas-2.jpg",586,608,false],"1536x1536":["https:\/\/varietieseym.com.uy\/wp-content\/uploads\/2025\/05\/serum-cejas-2.jpg",586,608,false],"2048x2048":["https:\/\/varietieseym.com.uy\/wp-content\/uploads\/2025\/05\/serum-cejas-2.jpg",586,608,false],"woocommerce_thumbnail":["https:\/\/varietieseym.com.uy\/wp-content\/uploads\/2025\/05\/serum-cejas-2-300x300.jpg",300,300,true],"woocommerce_single":["https:\/\/varietieseym.com.uy\/wp-content\/uploads\/2025\/05\/serum-cejas-2.jpg",586,608,false],"woocommerce_gallery_thumbnail":["https:\/\/varietieseym.com.uy\/wp-content\/uploads\/2025\/05\/serum-cejas-2-100x100.jpg",100,100,true]},"uagb_author_info":{"display_name":"Varietieseym","author_link":"https:\/\/varietieseym.com.uy\/index.php\/author\/"},"uagb_comment_info":0,"uagb_excerpt":"Potenciador de cejas FEG para el crecimiento natural de las cejas &#8211; \u00a1Resultados garantizados! Utilizar diariamente para ver la mejora general dentro de los 30 d\u00edas! Instrucciones: Aplicar una vez al d\u00eda (antes de dormir) en las cejas con el aplicador proporcionado. Crecimiento de cejas naturalmente Espesa los pelos quebradizos Oscurece el cabello Pelos de&hellip;","_links":{"self":[{"href":"https:\/\/varietieseym.com.uy\/index.php\/wp-json\/wp\/v2\/product\/8233","targetHints":{"allow":["GET"]}}],"collection":[{"href":"https:\/\/varietieseym.com.uy\/index.php\/wp-json\/wp\/v2\/product"}],"about":[{"href":"https:\/\/varietieseym.com.uy\/index.php\/wp-json\/wp\/v2\/types\/product"}],"wp:featuredmedia":[{"embeddable":true,"href":"https:\/\/varietieseym.com.uy\/index.php\/wp-json\/wp\/v2\/media\/8236"}],"wp:attachment":[{"href":"https:\/\/varietieseym.com.uy\/index.php\/wp-json\/wp\/v2\/media?parent=8233"}],"wp:term":[{"taxonomy":"product_brand","embeddable":true,"href":"https:\/\/varietieseym.com.uy\/index.php\/wp-json\/wp\/v2\/product_brand?post=8233"},{"taxonomy":"product_cat","embeddable":true,"href":"https:\/\/varietieseym.com.uy\/index.php\/wp-json\/wp\/v2\/product_cat?post=8233"},{"taxonomy":"product_tag","embeddable":true,"href":"https:\/\/varietieseym.com.uy\/index.php\/wp-json\/wp\/v2\/product_tag?post=8233"}],"curies":[{"name":"wp","href":"https:\/\/api.w.org\/{rel}","templated":true}]}}