{"id":8814,"date":"2025-08-19T23:04:26","date_gmt":"2025-08-20T02:04:26","guid":{"rendered":"https:\/\/varietieseym.com.uy\/?post_type=product&#038;p=8814"},"modified":"2025-08-19T23:06:46","modified_gmt":"2025-08-20T02:06:46","slug":"repuesto-de-lima-obelisco-para-bordes-cuticulas-unas-esculpidas-manicura","status":"publish","type":"product","link":"https:\/\/varietieseym.com.uy\/index.php\/producto\/repuesto-de-lima-obelisco-para-bordes-cuticulas-unas-esculpidas-manicura\/","title":{"rendered":"Repuesto de Lima Obelisco Para Bordes Cut\u00edculas"},"content":{"rendered":"<ul class=\"a-unordered-list a-vertical a-spacing-mini\">\n<li class=\"a-spacing-mini\"><span class=\"a-list-item\">La parte posterior del papel de lija es autoadhesivo, muy f\u00e1cil de usar y reemplazar, la mini pieza de papel de lija debe utilizarse con empujador de acero para arte de u\u00f1as. Estos papeles de arena para pulir u\u00f1as son desechables, m\u00e1s saludables e higi\u00e9nicos.<\/span><\/li>\n<li class=\"a-spacing-mini\"><span class=\"a-list-item\">Hechas de papel de lija y materiales de esponja de primera calidad, nuestras limas de lijado est\u00e1n dise\u00f1adas para funcionar. Resisten desgarros durante el uso y sobresalen en amortiguar y alisar superficies irregulares de las u\u00f1as, asegurando un acabado impecable.<\/span><\/li>\n<li class=\"a-spacing-mini\"><span class=\"a-list-item\">\u3010C\u00f3mo usar\u30111. Suaviza suavemente las cut\u00edculas; 2. Empujar la cut\u00edcula suavemente; 3. Recorta o corta la piel muerta o cut\u00edcula con un recortador o pinza (no incluida); 4. Lima la superficie de la u\u00f1a por el lado plano con el papel de lija autoadhesivo.<\/span><\/li>\n<li>Incluye 5 laminas con 10 limas autoadhesivas.<\/li>\n<\/ul>\n","protected":false},"excerpt":{"rendered":"<p>La parte posterior del papel de lija es autoadhesivo, muy f\u00e1cil de usar y reemplazar, la mini pieza de papel de lija debe utilizarse con empujador de acero para arte de u\u00f1as. Estos papeles de arena para pulir u\u00f1as son desechables, m\u00e1s saludables e higi\u00e9nicos. Hechas de papel de lija y materiales de esponja de &hellip;<\/p>\n<p class=\"read-more\"> <a class=\"\" href=\"https:\/\/varietieseym.com.uy\/index.php\/producto\/repuesto-de-lima-obelisco-para-bordes-cuticulas-unas-esculpidas-manicura\/\"> <span class=\"screen-reader-text\">Repuesto de Lima Obelisco Para Bordes Cut\u00edculas<\/span> Leer m\u00e1s &raquo;<\/a><\/p>\n","protected":false},"featured_media":8823,"template":"","meta":{"_uag_custom_page_level_css":"","site-sidebar-layout":"default","site-content-layout":"","ast-site-content-layout":"default","site-content-style":"default","site-sidebar-style":"default","ast-global-header-display":"","ast-banner-title-visibility":"","ast-main-header-display":"","ast-hfb-above-header-display":"","ast-hfb-below-header-display":"","ast-hfb-mobile-header-display":"","site-post-title":"","ast-breadcrumbs-content":"","ast-featured-img":"","footer-sml-layout":"","theme-transparent-header-meta":"default","adv-header-id-meta":"","stick-header-meta":"","header-above-stick-meta":"","header-main-stick-meta":"","header-below-stick-meta":"","astra-migrate-meta-layouts":"set","_joinchat":[]},"product_brand":[],"product_cat":[131,133],"product_tag":[],"class_list":{"0":"post-8814","1":"product","2":"type-product","3":"status-publish","4":"has-post-thumbnail","6":"product_cat-unas","7":"product_cat-limas","8":"desktop-align-center","9":"tablet-align-left","10":"mobile-align-left","12":"first","13":"instock","14":"shipping-taxable","15":"purchasable","16":"product-type-variable"},"uagb_featured_image_src":{"full":["https:\/\/varietieseym.com.uy\/wp-content\/uploads\/2025\/08\/repuesto-lima-obelisco-3-1.jpg",888,888,false],"thumbnail":["https:\/\/varietieseym.com.uy\/wp-content\/uploads\/2025\/08\/repuesto-lima-obelisco-3-1-150x150.jpg",150,150,true],"medium":["https:\/\/varietieseym.com.uy\/wp-content\/uploads\/2025\/08\/repuesto-lima-obelisco-3-1-300x300.jpg",300,300,true],"medium_large":["https:\/\/varietieseym.com.uy\/wp-content\/uploads\/2025\/08\/repuesto-lima-obelisco-3-1-768x768.jpg",768,768,true],"large":["https:\/\/varietieseym.com.uy\/wp-content\/uploads\/2025\/08\/repuesto-lima-obelisco-3-1.jpg",888,888,false],"1536x1536":["https:\/\/varietieseym.com.uy\/wp-content\/uploads\/2025\/08\/repuesto-lima-obelisco-3-1.jpg",888,888,false],"2048x2048":["https:\/\/varietieseym.com.uy\/wp-content\/uploads\/2025\/08\/repuesto-lima-obelisco-3-1.jpg",888,888,false],"woocommerce_thumbnail":["https:\/\/varietieseym.com.uy\/wp-content\/uploads\/2025\/08\/repuesto-lima-obelisco-3-1-300x300.jpg",300,300,true],"woocommerce_single":["https:\/\/varietieseym.com.uy\/wp-content\/uploads\/2025\/08\/repuesto-lima-obelisco-3-1-600x600.jpg",600,600,true],"woocommerce_gallery_thumbnail":["https:\/\/varietieseym.com.uy\/wp-content\/uploads\/2025\/08\/repuesto-lima-obelisco-3-1-100x100.jpg",100,100,true]},"uagb_author_info":{"display_name":"Varietieseym","author_link":"https:\/\/varietieseym.com.uy\/index.php\/author\/"},"uagb_comment_info":0,"uagb_excerpt":"La parte posterior del papel de lija es autoadhesivo, muy f\u00e1cil de usar y reemplazar, la mini pieza de papel de lija debe utilizarse con empujador de acero para arte de u\u00f1as. Estos papeles de arena para pulir u\u00f1as son desechables, m\u00e1s saludables e higi\u00e9nicos. Hechas de papel de lija y materiales de esponja de&hellip;","_links":{"self":[{"href":"https:\/\/varietieseym.com.uy\/index.php\/wp-json\/wp\/v2\/product\/8814","targetHints":{"allow":["GET"]}}],"collection":[{"href":"https:\/\/varietieseym.com.uy\/index.php\/wp-json\/wp\/v2\/product"}],"about":[{"href":"https:\/\/varietieseym.com.uy\/index.php\/wp-json\/wp\/v2\/types\/product"}],"wp:featuredmedia":[{"embeddable":true,"href":"https:\/\/varietieseym.com.uy\/index.php\/wp-json\/wp\/v2\/media\/8823"}],"wp:attachment":[{"href":"https:\/\/varietieseym.com.uy\/index.php\/wp-json\/wp\/v2\/media?parent=8814"}],"wp:term":[{"taxonomy":"product_brand","embeddable":true,"href":"https:\/\/varietieseym.com.uy\/index.php\/wp-json\/wp\/v2\/product_brand?post=8814"},{"taxonomy":"product_cat","embeddable":true,"href":"https:\/\/varietieseym.com.uy\/index.php\/wp-json\/wp\/v2\/product_cat?post=8814"},{"taxonomy":"product_tag","embeddable":true,"href":"https:\/\/varietieseym.com.uy\/index.php\/wp-json\/wp\/v2\/product_tag?post=8814"}],"curies":[{"name":"wp","href":"https:\/\/api.w.org\/{rel}","templated":true}]}}