{"id":9185,"date":"2025-09-27T22:12:01","date_gmt":"2025-09-28T01:12:01","guid":{"rendered":"https:\/\/varietieseym.com.uy\/?post_type=product&#038;p=9185"},"modified":"2025-09-27T22:12:01","modified_gmt":"2025-09-28T01:12:01","slug":"removedor-de-henna","status":"publish","type":"product","link":"https:\/\/varietieseym.com.uy\/index.php\/producto\/removedor-de-henna\/","title":{"rendered":"Removedor de Henna"},"content":{"rendered":"<p>El Removedor de Henna Makiaj es la soluci\u00f3n ideal para profesionales que buscan precisi\u00f3n y eficiencia en sus procedimientos de dise\u00f1o de cejas. Con una f\u00f3rmula cuidadosamente desarrollada, elimina hasta el 100 % del pigmento, proporcionando un mayor control durante la aplicaci\u00f3n y la posibilidad de correcciones r\u00e1pidas y efectivas.<\/p>\n<p>Beneficios para el profesional:<\/p>\n<p>Eliminaci\u00f3n completa: El removedor elimina gradualmente el producto, lo que le permite eliminar el pigmento por completo seg\u00fan sea necesario, afinando el resultado con precisi\u00f3n.<br \/>\nAsistencia de dise\u00f1o: Corrige peque\u00f1os excesos durante el procedimiento, asegurando una alineaci\u00f3n perfecta de las cejas.<br \/>\nNeutralizaci\u00f3n de henna: La cantidad aplicada puede neutralizar el tono de henna, lo que permite un mayor control sobre el color final.<br \/>\nAcabado impecable: Ideal para ajustar y alinear el dise\u00f1o al final del procedimiento, dando al acabado un aspecto a\u00fan m\u00e1s profesional.<br \/>\nVers\u00e1til en t\u00e9cnicas como sombra y ombr\u00e9: Aplicando una peque\u00f1a cantidad de producto al inicio de las cejas y usando un pincel, se logra un efecto de sombra suave, similar a mech\u00f3n por mech\u00f3n.<br \/>\nEliminaci\u00f3n de derrames y excesos: Elimina peque\u00f1os puntos de henna que puedan haberse derramado en otras \u00e1reas de la piel, asegurando un resultado impecable.<\/p>\n<p>Adem\u00e1s de todos estos beneficios, el producto est\u00e1 elaborado con ingredientes 100% naturales, es totalmente biodegradable, reciclable, libre de plomo y amoniaco, y cruelty free, ofreciendo seguridad y sostenibilidad a tu trabajo.<\/p>\n<p>&nbsp;<\/p>\n","protected":false},"excerpt":{"rendered":"<p>El Removedor de Henna Makiaj es la soluci\u00f3n ideal para profesionales que buscan precisi\u00f3n y eficiencia en sus procedimientos de dise\u00f1o de cejas. Con una f\u00f3rmula cuidadosamente desarrollada, elimina hasta el 100 % del pigmento, proporcionando un mayor control durante la aplicaci\u00f3n y la posibilidad de correcciones r\u00e1pidas y efectivas. Beneficios para el profesional: Eliminaci\u00f3n &hellip;<\/p>\n<p class=\"read-more\"> <a class=\"\" href=\"https:\/\/varietieseym.com.uy\/index.php\/producto\/removedor-de-henna\/\"> <span class=\"screen-reader-text\">Removedor de Henna<\/span> Leer m\u00e1s &raquo;<\/a><\/p>\n","protected":false},"featured_media":9186,"template":"","meta":{"_uag_custom_page_level_css":"","site-sidebar-layout":"default","site-content-layout":"","ast-site-content-layout":"default","site-content-style":"default","site-sidebar-style":"default","ast-global-header-display":"","ast-banner-title-visibility":"","ast-main-header-display":"","ast-hfb-above-header-display":"","ast-hfb-below-header-display":"","ast-hfb-mobile-header-display":"","site-post-title":"","ast-breadcrumbs-content":"","ast-featured-img":"","footer-sml-layout":"","theme-transparent-header-meta":"default","adv-header-id-meta":"","stick-header-meta":"","header-above-stick-meta":"","header-main-stick-meta":"","header-below-stick-meta":"","astra-migrate-meta-layouts":"set","_joinchat":[]},"product_brand":[],"product_cat":[146],"product_tag":[],"class_list":{"0":"post-9185","1":"product","2":"type-product","3":"status-publish","4":"has-post-thumbnail","6":"product_cat-cejas","7":"desktop-align-center","8":"tablet-align-left","9":"mobile-align-left","11":"first","12":"instock","13":"shipping-taxable","14":"purchasable","15":"product-type-simple"},"uagb_featured_image_src":{"full":["https:\/\/varietieseym.com.uy\/wp-content\/uploads\/2025\/09\/removedor-de-henna-.jpg",871,876,false],"thumbnail":["https:\/\/varietieseym.com.uy\/wp-content\/uploads\/2025\/09\/removedor-de-henna--150x150.jpg",150,150,true],"medium":["https:\/\/varietieseym.com.uy\/wp-content\/uploads\/2025\/09\/removedor-de-henna--298x300.jpg",298,300,true],"medium_large":["https:\/\/varietieseym.com.uy\/wp-content\/uploads\/2025\/09\/removedor-de-henna--768x772.jpg",768,772,true],"large":["https:\/\/varietieseym.com.uy\/wp-content\/uploads\/2025\/09\/removedor-de-henna-.jpg",871,876,false],"1536x1536":["https:\/\/varietieseym.com.uy\/wp-content\/uploads\/2025\/09\/removedor-de-henna-.jpg",871,876,false],"2048x2048":["https:\/\/varietieseym.com.uy\/wp-content\/uploads\/2025\/09\/removedor-de-henna-.jpg",871,876,false],"woocommerce_thumbnail":["https:\/\/varietieseym.com.uy\/wp-content\/uploads\/2025\/09\/removedor-de-henna--300x300.jpg",300,300,true],"woocommerce_single":["https:\/\/varietieseym.com.uy\/wp-content\/uploads\/2025\/09\/removedor-de-henna--600x603.jpg",600,603,true],"woocommerce_gallery_thumbnail":["https:\/\/varietieseym.com.uy\/wp-content\/uploads\/2025\/09\/removedor-de-henna--100x100.jpg",100,100,true]},"uagb_author_info":{"display_name":"Varietieseym","author_link":"https:\/\/varietieseym.com.uy\/index.php\/author\/"},"uagb_comment_info":0,"uagb_excerpt":"El Removedor de Henna Makiaj es la soluci\u00f3n ideal para profesionales que buscan precisi\u00f3n y eficiencia en sus procedimientos de dise\u00f1o de cejas. Con una f\u00f3rmula cuidadosamente desarrollada, elimina hasta el 100 % del pigmento, proporcionando un mayor control durante la aplicaci\u00f3n y la posibilidad de correcciones r\u00e1pidas y efectivas. Beneficios para el profesional: Eliminaci\u00f3n&hellip;","_links":{"self":[{"href":"https:\/\/varietieseym.com.uy\/index.php\/wp-json\/wp\/v2\/product\/9185","targetHints":{"allow":["GET"]}}],"collection":[{"href":"https:\/\/varietieseym.com.uy\/index.php\/wp-json\/wp\/v2\/product"}],"about":[{"href":"https:\/\/varietieseym.com.uy\/index.php\/wp-json\/wp\/v2\/types\/product"}],"wp:featuredmedia":[{"embeddable":true,"href":"https:\/\/varietieseym.com.uy\/index.php\/wp-json\/wp\/v2\/media\/9186"}],"wp:attachment":[{"href":"https:\/\/varietieseym.com.uy\/index.php\/wp-json\/wp\/v2\/media?parent=9185"}],"wp:term":[{"taxonomy":"product_brand","embeddable":true,"href":"https:\/\/varietieseym.com.uy\/index.php\/wp-json\/wp\/v2\/product_brand?post=9185"},{"taxonomy":"product_cat","embeddable":true,"href":"https:\/\/varietieseym.com.uy\/index.php\/wp-json\/wp\/v2\/product_cat?post=9185"},{"taxonomy":"product_tag","embeddable":true,"href":"https:\/\/varietieseym.com.uy\/index.php\/wp-json\/wp\/v2\/product_tag?post=9185"}],"curies":[{"name":"wp","href":"https:\/\/api.w.org\/{rel}","templated":true}]}}