{"id":9249,"date":"2025-10-18T23:47:43","date_gmt":"2025-10-19T02:47:43","guid":{"rendered":"https:\/\/varietieseym.com.uy\/?post_type=product&#038;p=9249"},"modified":"2026-01-29T15:27:20","modified_gmt":"2026-01-29T18:27:20","slug":"botella-dispensador-de-espuma","status":"publish","type":"product","link":"https:\/\/varietieseym.com.uy\/index.php\/producto\/botella-dispensador-de-espuma\/","title":{"rendered":"Botella\/Dispensador de espuma"},"content":{"rendered":"<p class=\"QN2lPu\"><span dir=\"auto\">\u2728 Beneficios del dispensador de bomba de espuma:<\/span><\/p>\n<p class=\"QN2lPu\"><span dir=\"auto\">Produce espuma densa y uniforme con s\u00f3lo un toque;<\/span><\/p>\n<p class=\"QN2lPu\"><span dir=\"auto\">Dise\u00f1o moderno en color negro y oro rosa, aportando elegancia y profesionalidad;<\/span><\/p>\n<p class=\"QN2lPu\"><span dir=\"auto\">Econ\u00f3mico: reduce el desperdicio de producto, obteniendo un rendimiento mucho mayor;<\/span><\/p>\n<p class=\"QN2lPu\"><span dir=\"auto\">Pr\u00e1ctico y ligero, perfecto para uso personal y profesional;<\/span><\/p>\n<p class=\"QN2lPu\"><span dir=\"auto\">Vers\u00e1til: se puede utilizar para la limpieza facial, higienizar materiales y preparar cosm\u00e9ticos.<\/span><\/p>\n<p class=\"QN2lPu\"><span dir=\"auto\">\ud83d\udd39 Indicaciones de uso:<\/span><\/p>\n<p class=\"QN2lPu\"><span dir=\"auto\">Extensiones de pesta\u00f1as (ayuda con una limpieza suave sin da\u00f1ar las hebras);<\/span><\/p>\n<p class=\"QN2lPu\"><span dir=\"auto\">Rutina de cuidado de la piel y limpieza facial diaria;<\/span><\/p>\n<p class=\"QN2lPu\"><span dir=\"auto\">Limpieza de accesorios de belleza.<\/span><\/p>\n<p class=\"QN2lPu\"><span dir=\"auto\">Combinando belleza, funcionalidad y calidad, el dispensador de espuma negro y rosa es el art\u00edculo esencial para quienes buscan resultados profesionales en cada detalle.<\/span><\/p>\n<p class=\"QN2lPu\">\n","protected":false},"excerpt":{"rendered":"<p>\u2728 Beneficios del dispensador de bomba de espuma: Produce espuma densa y uniforme con s\u00f3lo un toque; Dise\u00f1o moderno en color negro y oro rosa, aportando elegancia y profesionalidad; Econ\u00f3mico: reduce el desperdicio de producto, obteniendo un rendimiento mucho mayor; Pr\u00e1ctico y ligero, perfecto para uso personal y profesional; Vers\u00e1til: se puede utilizar para la &hellip;<\/p>\n<p class=\"read-more\"> <a class=\"\" href=\"https:\/\/varietieseym.com.uy\/index.php\/producto\/botella-dispensador-de-espuma\/\"> <span class=\"screen-reader-text\">Botella\/Dispensador de espuma<\/span> Leer m\u00e1s &raquo;<\/a><\/p>\n","protected":false},"featured_media":9250,"template":"","meta":{"_uag_custom_page_level_css":"","site-sidebar-layout":"default","site-content-layout":"","ast-site-content-layout":"default","site-content-style":"default","site-sidebar-style":"default","ast-global-header-display":"","ast-banner-title-visibility":"","ast-main-header-display":"","ast-hfb-above-header-display":"","ast-hfb-below-header-display":"","ast-hfb-mobile-header-display":"","site-post-title":"","ast-breadcrumbs-content":"","ast-featured-img":"","footer-sml-layout":"","theme-transparent-header-meta":"default","adv-header-id-meta":"","stick-header-meta":"","header-above-stick-meta":"","header-main-stick-meta":"","header-below-stick-meta":"","astra-migrate-meta-layouts":"set","_joinchat":[]},"product_brand":[],"product_cat":[146,147],"product_tag":[],"class_list":{"0":"post-9249","1":"product","2":"type-product","3":"status-publish","4":"has-post-thumbnail","6":"product_cat-cejas","7":"product_cat-pestanas","8":"desktop-align-center","9":"tablet-align-left","10":"mobile-align-left","12":"first","13":"outofstock","14":"shipping-taxable","15":"purchasable","16":"product-type-simple"},"uagb_featured_image_src":{"full":["https:\/\/varietieseym.com.uy\/wp-content\/uploads\/2025\/10\/espumadores-1.jpg",626,622,false],"thumbnail":["https:\/\/varietieseym.com.uy\/wp-content\/uploads\/2025\/10\/espumadores-1-150x150.jpg",150,150,true],"medium":["https:\/\/varietieseym.com.uy\/wp-content\/uploads\/2025\/10\/espumadores-1-300x298.jpg",300,298,true],"medium_large":["https:\/\/varietieseym.com.uy\/wp-content\/uploads\/2025\/10\/espumadores-1.jpg",626,622,false],"large":["https:\/\/varietieseym.com.uy\/wp-content\/uploads\/2025\/10\/espumadores-1.jpg",626,622,false],"1536x1536":["https:\/\/varietieseym.com.uy\/wp-content\/uploads\/2025\/10\/espumadores-1.jpg",626,622,false],"2048x2048":["https:\/\/varietieseym.com.uy\/wp-content\/uploads\/2025\/10\/espumadores-1.jpg",626,622,false],"woocommerce_thumbnail":["https:\/\/varietieseym.com.uy\/wp-content\/uploads\/2025\/10\/espumadores-1-300x300.jpg",300,300,true],"woocommerce_single":["https:\/\/varietieseym.com.uy\/wp-content\/uploads\/2025\/10\/espumadores-1-600x596.jpg",600,596,true],"woocommerce_gallery_thumbnail":["https:\/\/varietieseym.com.uy\/wp-content\/uploads\/2025\/10\/espumadores-1-100x100.jpg",100,100,true]},"uagb_author_info":{"display_name":"Varietieseym","author_link":"https:\/\/varietieseym.com.uy\/index.php\/author\/"},"uagb_comment_info":0,"uagb_excerpt":"\u2728 Beneficios del dispensador de bomba de espuma: Produce espuma densa y uniforme con s\u00f3lo un toque; Dise\u00f1o moderno en color negro y oro rosa, aportando elegancia y profesionalidad; Econ\u00f3mico: reduce el desperdicio de producto, obteniendo un rendimiento mucho mayor; Pr\u00e1ctico y ligero, perfecto para uso personal y profesional; Vers\u00e1til: se puede utilizar para la&hellip;","_links":{"self":[{"href":"https:\/\/varietieseym.com.uy\/index.php\/wp-json\/wp\/v2\/product\/9249","targetHints":{"allow":["GET"]}}],"collection":[{"href":"https:\/\/varietieseym.com.uy\/index.php\/wp-json\/wp\/v2\/product"}],"about":[{"href":"https:\/\/varietieseym.com.uy\/index.php\/wp-json\/wp\/v2\/types\/product"}],"wp:featuredmedia":[{"embeddable":true,"href":"https:\/\/varietieseym.com.uy\/index.php\/wp-json\/wp\/v2\/media\/9250"}],"wp:attachment":[{"href":"https:\/\/varietieseym.com.uy\/index.php\/wp-json\/wp\/v2\/media?parent=9249"}],"wp:term":[{"taxonomy":"product_brand","embeddable":true,"href":"https:\/\/varietieseym.com.uy\/index.php\/wp-json\/wp\/v2\/product_brand?post=9249"},{"taxonomy":"product_cat","embeddable":true,"href":"https:\/\/varietieseym.com.uy\/index.php\/wp-json\/wp\/v2\/product_cat?post=9249"},{"taxonomy":"product_tag","embeddable":true,"href":"https:\/\/varietieseym.com.uy\/index.php\/wp-json\/wp\/v2\/product_tag?post=9249"}],"curies":[{"name":"wp","href":"https:\/\/api.w.org\/{rel}","templated":true}]}}