{"id":9424,"date":"2025-11-19T00:42:38","date_gmt":"2025-11-19T03:42:38","guid":{"rendered":"https:\/\/varietieseym.com.uy\/?post_type=product&#038;p=9424"},"modified":"2026-01-24T11:44:59","modified_gmt":"2026-01-24T14:44:59","slug":"esmaltes-semipermanente-dafu-coleccion-completa-glamour","status":"publish","type":"product","link":"https:\/\/varietieseym.com.uy\/index.php\/producto\/esmaltes-semipermanente-dafu-coleccion-completa-glamour\/","title":{"rendered":"Esmaltes Semipermanente Dafu- coleccion Completa Glamour"},"content":{"rendered":"<h1><strong>CON LA COMPRA DE LA COLECCION COMPLETA SE LLEVAN DE REGALO BASE + TOP DAFU<\/strong><\/h1>\n<ul>\n<li><strong><span dir=\"auto\">Variedad profesional:<\/span><\/strong><span dir=\"auto\"> Son 38 colores sofisticados mas base coat y top coat, perfectos para satisfacer los diferentes gustos y estilos de sus clientes.<\/span><\/li>\n<li><strong><span dir=\"auto\">Alta durabilidad:<\/span><\/strong><span dir=\"auto\">\u00a0F\u00f3rmula en gel que garantiza resistencia al astillamiento, manteniendo las u\u00f1as perfectas por m\u00e1s tiempo.<\/span><\/li>\n<li><strong><span dir=\"auto\">Brillo intenso:<\/span><\/strong><span dir=\"auto\">\u00a0Secado r\u00e1pido con un acabado brillante que realza la belleza de tus u\u00f1as.<\/span><\/li>\n<li><strong><span dir=\"auto\">Aplicaci\u00f3n precisa:<\/span><\/strong><span dir=\"auto\">\u00a0Brocha dise\u00f1ada para facilitar el trabajo del profesional, proporcionando una cobertura uniforme y sin burbujas.<\/span><\/li>\n<li><strong><span dir=\"auto\">Envase pr\u00e1ctico:<\/span><\/strong><span dir=\"auto\">\u00a0Frasco compacto de 12 ml, ideal para usar en salones de belleza y f\u00e1cil de almacenar.<\/span><\/li>\n<\/ul>\n<p><strong>*Las im\u00e1genes son solo para fines ilustrativos; los colores pueden variar ligeramente debido a la iluminaci\u00f3n y la configuraci\u00f3n de la pantalla, as\u00ed como dependiendo del color de fondo de la u\u00f1a que se est\u00e9 pintando.<\/strong><\/p>\n","protected":false},"excerpt":{"rendered":"<p>CON LA COMPRA DE LA COLECCION COMPLETA SE LLEVAN DE REGALO BASE + TOP DAFU Variedad profesional: Son 38 colores sofisticados mas base coat y top coat, perfectos para satisfacer los diferentes gustos y estilos de sus clientes. Alta durabilidad:\u00a0F\u00f3rmula en gel que garantiza resistencia al astillamiento, manteniendo las u\u00f1as perfectas por m\u00e1s tiempo. Brillo &hellip;<\/p>\n<p class=\"read-more\"> <a class=\"\" href=\"https:\/\/varietieseym.com.uy\/index.php\/producto\/esmaltes-semipermanente-dafu-coleccion-completa-glamour\/\"> <span class=\"screen-reader-text\">Esmaltes Semipermanente Dafu- coleccion Completa Glamour<\/span> Leer m\u00e1s &raquo;<\/a><\/p>\n","protected":false},"featured_media":9385,"template":"","meta":{"_uag_custom_page_level_css":"","site-sidebar-layout":"default","site-content-layout":"","ast-site-content-layout":"default","site-content-style":"default","site-sidebar-style":"default","ast-global-header-display":"","ast-banner-title-visibility":"","ast-main-header-display":"","ast-hfb-above-header-display":"","ast-hfb-below-header-display":"","ast-hfb-mobile-header-display":"","site-post-title":"","ast-breadcrumbs-content":"","ast-featured-img":"","footer-sml-layout":"","theme-transparent-header-meta":"default","adv-header-id-meta":"","stick-header-meta":"","header-above-stick-meta":"","header-main-stick-meta":"","header-below-stick-meta":"","astra-migrate-meta-layouts":"set","_joinchat":[]},"product_brand":[],"product_cat":[198,285,131],"product_tag":[],"class_list":{"0":"post-9424","1":"product","2":"type-product","3":"status-publish","4":"has-post-thumbnail","6":"product_cat-esmaltes-semipermanentes","7":"product_cat-unas-unas","8":"product_cat-unas","9":"desktop-align-center","10":"tablet-align-left","11":"mobile-align-left","13":"first","14":"outofstock","15":"sale","16":"shipping-taxable","17":"purchasable","18":"product-type-simple"},"uagb_featured_image_src":{"full":["https:\/\/varietieseym.com.uy\/wp-content\/uploads\/2025\/11\/Captura-de-pantalla-2025-11-19-000104.jpg",886,886,false],"thumbnail":["https:\/\/varietieseym.com.uy\/wp-content\/uploads\/2025\/11\/Captura-de-pantalla-2025-11-19-000104-150x150.jpg",150,150,true],"medium":["https:\/\/varietieseym.com.uy\/wp-content\/uploads\/2025\/11\/Captura-de-pantalla-2025-11-19-000104-300x300.jpg",300,300,true],"medium_large":["https:\/\/varietieseym.com.uy\/wp-content\/uploads\/2025\/11\/Captura-de-pantalla-2025-11-19-000104-768x768.jpg",768,768,true],"large":["https:\/\/varietieseym.com.uy\/wp-content\/uploads\/2025\/11\/Captura-de-pantalla-2025-11-19-000104.jpg",886,886,false],"1536x1536":["https:\/\/varietieseym.com.uy\/wp-content\/uploads\/2025\/11\/Captura-de-pantalla-2025-11-19-000104.jpg",886,886,false],"2048x2048":["https:\/\/varietieseym.com.uy\/wp-content\/uploads\/2025\/11\/Captura-de-pantalla-2025-11-19-000104.jpg",886,886,false],"woocommerce_thumbnail":["https:\/\/varietieseym.com.uy\/wp-content\/uploads\/2025\/11\/Captura-de-pantalla-2025-11-19-000104-300x300.jpg",300,300,true],"woocommerce_single":["https:\/\/varietieseym.com.uy\/wp-content\/uploads\/2025\/11\/Captura-de-pantalla-2025-11-19-000104-600x600.jpg",600,600,true],"woocommerce_gallery_thumbnail":["https:\/\/varietieseym.com.uy\/wp-content\/uploads\/2025\/11\/Captura-de-pantalla-2025-11-19-000104-100x100.jpg",100,100,true]},"uagb_author_info":{"display_name":"Varietieseym","author_link":"https:\/\/varietieseym.com.uy\/index.php\/author\/"},"uagb_comment_info":0,"uagb_excerpt":"CON LA COMPRA DE LA COLECCION COMPLETA SE LLEVAN DE REGALO BASE + TOP DAFU Variedad profesional: Son 38 colores sofisticados mas base coat y top coat, perfectos para satisfacer los diferentes gustos y estilos de sus clientes. Alta durabilidad:\u00a0F\u00f3rmula en gel que garantiza resistencia al astillamiento, manteniendo las u\u00f1as perfectas por m\u00e1s tiempo. Brillo&hellip;","_links":{"self":[{"href":"https:\/\/varietieseym.com.uy\/index.php\/wp-json\/wp\/v2\/product\/9424","targetHints":{"allow":["GET"]}}],"collection":[{"href":"https:\/\/varietieseym.com.uy\/index.php\/wp-json\/wp\/v2\/product"}],"about":[{"href":"https:\/\/varietieseym.com.uy\/index.php\/wp-json\/wp\/v2\/types\/product"}],"wp:featuredmedia":[{"embeddable":true,"href":"https:\/\/varietieseym.com.uy\/index.php\/wp-json\/wp\/v2\/media\/9385"}],"wp:attachment":[{"href":"https:\/\/varietieseym.com.uy\/index.php\/wp-json\/wp\/v2\/media?parent=9424"}],"wp:term":[{"taxonomy":"product_brand","embeddable":true,"href":"https:\/\/varietieseym.com.uy\/index.php\/wp-json\/wp\/v2\/product_brand?post=9424"},{"taxonomy":"product_cat","embeddable":true,"href":"https:\/\/varietieseym.com.uy\/index.php\/wp-json\/wp\/v2\/product_cat?post=9424"},{"taxonomy":"product_tag","embeddable":true,"href":"https:\/\/varietieseym.com.uy\/index.php\/wp-json\/wp\/v2\/product_tag?post=9424"}],"curies":[{"name":"wp","href":"https:\/\/api.w.org\/{rel}","templated":true}]}}