{"id":9461,"date":"2025-11-20T18:58:25","date_gmt":"2025-11-20T21:58:25","guid":{"rendered":"https:\/\/varietieseym.com.uy\/?post_type=product&#038;p=9461"},"modified":"2026-04-07T18:15:11","modified_gmt":"2026-04-07T21:15:11","slug":"aceite-de-cuticula-gotero-15ml","status":"publish","type":"product","link":"https:\/\/varietieseym.com.uy\/index.php\/producto\/aceite-de-cuticula-gotero-15ml\/","title":{"rendered":"Aceite de cut\u00edcula gotero, 15ml"},"content":{"rendered":"<p>Mant\u00e9n tus cut\u00edculas hidratadas y saludables con el Aceite Hidratante para Cut\u00edculas, ideal para manicuristas, dise\u00f1adores de u\u00f1as y para uso diario de tus clientes.<\/p>\n<p>Cada frasco de 15 ml contiene una f\u00f3rmula nutritiva que suaviza y protege las cut\u00edculas, previniendo la sequedad y garantizando una apariencia impecable.<\/p>\n","protected":false},"excerpt":{"rendered":"<p>Mant\u00e9n tus cut\u00edculas hidratadas y saludables con el Aceite Hidratante para Cut\u00edculas, ideal para manicuristas, dise\u00f1adores de u\u00f1as y para uso diario de tus clientes. Cada frasco de 15 ml contiene una f\u00f3rmula nutritiva que suaviza y protege las cut\u00edculas, previniendo la sequedad y garantizando una apariencia impecable.<\/p>\n","protected":false},"featured_media":9462,"template":"","meta":{"_uag_custom_page_level_css":"","site-sidebar-layout":"default","site-content-layout":"","ast-site-content-layout":"default","site-content-style":"default","site-sidebar-style":"default","ast-global-header-display":"","ast-banner-title-visibility":"","ast-main-header-display":"","ast-hfb-above-header-display":"","ast-hfb-below-header-display":"","ast-hfb-mobile-header-display":"","site-post-title":"","ast-breadcrumbs-content":"","ast-featured-img":"","footer-sml-layout":"","theme-transparent-header-meta":"default","adv-header-id-meta":"","stick-header-meta":"","header-above-stick-meta":"","header-main-stick-meta":"","header-below-stick-meta":"","astra-migrate-meta-layouts":"set","_joinchat":[]},"product_brand":[],"product_cat":[197,131,137],"product_tag":[],"class_list":{"0":"post-9461","1":"product","2":"type-product","3":"status-publish","4":"has-post-thumbnail","6":"product_cat-preparadores","7":"product_cat-unas","8":"product_cat-otros","9":"desktop-align-center","10":"tablet-align-left","11":"mobile-align-left","13":"first","14":"instock","15":"shipping-taxable","16":"purchasable","17":"product-type-variable"},"uagb_featured_image_src":{"full":["https:\/\/varietieseym.com.uy\/wp-content\/uploads\/2025\/11\/aceite-dafu-15ml-.jpg",627,630,false],"thumbnail":["https:\/\/varietieseym.com.uy\/wp-content\/uploads\/2025\/11\/aceite-dafu-15ml--150x150.jpg",150,150,true],"medium":["https:\/\/varietieseym.com.uy\/wp-content\/uploads\/2025\/11\/aceite-dafu-15ml--300x300.jpg",300,300,true],"medium_large":["https:\/\/varietieseym.com.uy\/wp-content\/uploads\/2025\/11\/aceite-dafu-15ml-.jpg",627,630,false],"large":["https:\/\/varietieseym.com.uy\/wp-content\/uploads\/2025\/11\/aceite-dafu-15ml-.jpg",627,630,false],"1536x1536":["https:\/\/varietieseym.com.uy\/wp-content\/uploads\/2025\/11\/aceite-dafu-15ml-.jpg",627,630,false],"2048x2048":["https:\/\/varietieseym.com.uy\/wp-content\/uploads\/2025\/11\/aceite-dafu-15ml-.jpg",627,630,false],"woocommerce_thumbnail":["https:\/\/varietieseym.com.uy\/wp-content\/uploads\/2025\/11\/aceite-dafu-15ml--300x300.jpg",300,300,true],"woocommerce_single":["https:\/\/varietieseym.com.uy\/wp-content\/uploads\/2025\/11\/aceite-dafu-15ml--600x603.jpg",600,603,true],"woocommerce_gallery_thumbnail":["https:\/\/varietieseym.com.uy\/wp-content\/uploads\/2025\/11\/aceite-dafu-15ml--100x100.jpg",100,100,true]},"uagb_author_info":{"display_name":"Varietieseym","author_link":"https:\/\/varietieseym.com.uy\/index.php\/author\/"},"uagb_comment_info":0,"uagb_excerpt":"Mant\u00e9n tus cut\u00edculas hidratadas y saludables con el Aceite Hidratante para Cut\u00edculas, ideal para manicuristas, dise\u00f1adores de u\u00f1as y para uso diario de tus clientes. Cada frasco de 15 ml contiene una f\u00f3rmula nutritiva que suaviza y protege las cut\u00edculas, previniendo la sequedad y garantizando una apariencia impecable.","_links":{"self":[{"href":"https:\/\/varietieseym.com.uy\/index.php\/wp-json\/wp\/v2\/product\/9461","targetHints":{"allow":["GET"]}}],"collection":[{"href":"https:\/\/varietieseym.com.uy\/index.php\/wp-json\/wp\/v2\/product"}],"about":[{"href":"https:\/\/varietieseym.com.uy\/index.php\/wp-json\/wp\/v2\/types\/product"}],"wp:featuredmedia":[{"embeddable":true,"href":"https:\/\/varietieseym.com.uy\/index.php\/wp-json\/wp\/v2\/media\/9462"}],"wp:attachment":[{"href":"https:\/\/varietieseym.com.uy\/index.php\/wp-json\/wp\/v2\/media?parent=9461"}],"wp:term":[{"taxonomy":"product_brand","embeddable":true,"href":"https:\/\/varietieseym.com.uy\/index.php\/wp-json\/wp\/v2\/product_brand?post=9461"},{"taxonomy":"product_cat","embeddable":true,"href":"https:\/\/varietieseym.com.uy\/index.php\/wp-json\/wp\/v2\/product_cat?post=9461"},{"taxonomy":"product_tag","embeddable":true,"href":"https:\/\/varietieseym.com.uy\/index.php\/wp-json\/wp\/v2\/product_tag?post=9461"}],"curies":[{"name":"wp","href":"https:\/\/api.w.org\/{rel}","templated":true}]}}