{"id":9531,"date":"2025-11-24T16:11:27","date_gmt":"2025-11-24T19:11:27","guid":{"rendered":"https:\/\/varietieseym.com.uy\/?post_type=product&#038;p=9531"},"modified":"2026-02-12T11:56:10","modified_gmt":"2026-02-12T14:56:10","slug":"mini-lampara-uv-de-unas-portatil-linterna-para-gel","status":"publish","type":"product","link":"https:\/\/varietieseym.com.uy\/index.php\/producto\/mini-lampara-uv-de-unas-portatil-linterna-para-gel\/","title":{"rendered":"Mini L\u00e1mpara Uv De U\u00f1as Port\u00e1til Linterna Para Gel"},"content":{"rendered":"<p><span class=\"a-list-item\">\u2605\u2605Material: ABS; Detalles de las tallas: L: 10,3 cm, ancho: 1,9 cm, altura: 1,9 cm (aprox. Secado r\u00e1pido y eficiente con longitudes de onda UV.<\/span><\/p>\n<p><span class=\"a-list-item\">\u2605\u2605El haz enfocado proporciona una iluminaci\u00f3n precisa y espec\u00edfica, asegurando que cada u\u00f1a se seque uniformemente. Nuestro dise\u00f1o de carga USB f\u00e1cil de usar ofrece m\u00faltiples opciones de alimentaci\u00f3n, por lo que es c\u00f3modo de usar en cualquier lugar.<\/span><\/p>\n<p><span class=\"a-list-item\">\u2605\u2605Opciones de carga flexibles para un uso c\u00f3modo en casa o en el sal\u00f3n. Dise\u00f1o ligero para una f\u00e1cil portabilidad y almacenamiento. Iluminaci\u00f3n precisa y espec\u00edfica con haz enfocado.\u00a0<\/span><\/p>\n<p><span class=\"a-list-item\">\u2605\u2605Con su dise\u00f1o ligero, es f\u00e1cil de transportar y almacenar, por lo que es ideal tanto para uso dom\u00e9stico como en sal\u00f3n. Las longitudes de onda UV garantizan un proceso de secado r\u00e1pido, ahorrando tiempo y permiti\u00e9ndote disfrutar de tus hermosas u\u00f1as antes.<\/span><\/p>\n<p>&nbsp;<\/p>\n","protected":false},"excerpt":{"rendered":"<p>\u2605\u2605Material: ABS; Detalles de las tallas: L: 10,3 cm, ancho: 1,9 cm, altura: 1,9 cm (aprox. Secado r\u00e1pido y eficiente con longitudes de onda UV. \u2605\u2605El haz enfocado proporciona una iluminaci\u00f3n precisa y espec\u00edfica, asegurando que cada u\u00f1a se seque uniformemente. Nuestro dise\u00f1o de carga USB f\u00e1cil de usar ofrece m\u00faltiples opciones de alimentaci\u00f3n, por &hellip;<\/p>\n<p class=\"read-more\"> <a class=\"\" href=\"https:\/\/varietieseym.com.uy\/index.php\/producto\/mini-lampara-uv-de-unas-portatil-linterna-para-gel\/\"> <span class=\"screen-reader-text\">Mini L\u00e1mpara Uv De U\u00f1as Port\u00e1til Linterna Para Gel<\/span> Leer m\u00e1s &raquo;<\/a><\/p>\n","protected":false},"featured_media":9538,"template":"","meta":{"_uag_custom_page_level_css":"","site-sidebar-layout":"default","site-content-layout":"","ast-site-content-layout":"default","site-content-style":"default","site-sidebar-style":"default","ast-global-header-display":"","ast-banner-title-visibility":"","ast-main-header-display":"","ast-hfb-above-header-display":"","ast-hfb-below-header-display":"","ast-hfb-mobile-header-display":"","site-post-title":"","ast-breadcrumbs-content":"","ast-featured-img":"","footer-sml-layout":"","theme-transparent-header-meta":"default","adv-header-id-meta":"","stick-header-meta":"","header-above-stick-meta":"","header-main-stick-meta":"","header-below-stick-meta":"","astra-migrate-meta-layouts":"set","_joinchat":[]},"product_brand":[],"product_cat":[131,141],"product_tag":[],"class_list":{"0":"post-9531","1":"product","2":"type-product","3":"status-publish","4":"has-post-thumbnail","6":"product_cat-unas","7":"product_cat-lamparas","8":"desktop-align-center","9":"tablet-align-left","10":"mobile-align-left","12":"first","13":"instock","14":"shipping-taxable","15":"purchasable","16":"product-type-variable"},"uagb_featured_image_src":{"full":["https:\/\/varietieseym.com.uy\/wp-content\/uploads\/2025\/11\/lampara-linterna.jpg",627,602,false],"thumbnail":["https:\/\/varietieseym.com.uy\/wp-content\/uploads\/2025\/11\/lampara-linterna-150x150.jpg",150,150,true],"medium":["https:\/\/varietieseym.com.uy\/wp-content\/uploads\/2025\/11\/lampara-linterna-300x288.jpg",300,288,true],"medium_large":["https:\/\/varietieseym.com.uy\/wp-content\/uploads\/2025\/11\/lampara-linterna.jpg",627,602,false],"large":["https:\/\/varietieseym.com.uy\/wp-content\/uploads\/2025\/11\/lampara-linterna.jpg",627,602,false],"1536x1536":["https:\/\/varietieseym.com.uy\/wp-content\/uploads\/2025\/11\/lampara-linterna.jpg",627,602,false],"2048x2048":["https:\/\/varietieseym.com.uy\/wp-content\/uploads\/2025\/11\/lampara-linterna.jpg",627,602,false],"woocommerce_thumbnail":["https:\/\/varietieseym.com.uy\/wp-content\/uploads\/2025\/11\/lampara-linterna-300x300.jpg",300,300,true],"woocommerce_single":["https:\/\/varietieseym.com.uy\/wp-content\/uploads\/2025\/11\/lampara-linterna-600x576.jpg",600,576,true],"woocommerce_gallery_thumbnail":["https:\/\/varietieseym.com.uy\/wp-content\/uploads\/2025\/11\/lampara-linterna-100x100.jpg",100,100,true]},"uagb_author_info":{"display_name":"Varietieseym","author_link":"https:\/\/varietieseym.com.uy\/index.php\/author\/"},"uagb_comment_info":0,"uagb_excerpt":"\u2605\u2605Material: ABS; Detalles de las tallas: L: 10,3 cm, ancho: 1,9 cm, altura: 1,9 cm (aprox. Secado r\u00e1pido y eficiente con longitudes de onda UV. \u2605\u2605El haz enfocado proporciona una iluminaci\u00f3n precisa y espec\u00edfica, asegurando que cada u\u00f1a se seque uniformemente. Nuestro dise\u00f1o de carga USB f\u00e1cil de usar ofrece m\u00faltiples opciones de alimentaci\u00f3n, por&hellip;","_links":{"self":[{"href":"https:\/\/varietieseym.com.uy\/index.php\/wp-json\/wp\/v2\/product\/9531","targetHints":{"allow":["GET"]}}],"collection":[{"href":"https:\/\/varietieseym.com.uy\/index.php\/wp-json\/wp\/v2\/product"}],"about":[{"href":"https:\/\/varietieseym.com.uy\/index.php\/wp-json\/wp\/v2\/types\/product"}],"wp:featuredmedia":[{"embeddable":true,"href":"https:\/\/varietieseym.com.uy\/index.php\/wp-json\/wp\/v2\/media\/9538"}],"wp:attachment":[{"href":"https:\/\/varietieseym.com.uy\/index.php\/wp-json\/wp\/v2\/media?parent=9531"}],"wp:term":[{"taxonomy":"product_brand","embeddable":true,"href":"https:\/\/varietieseym.com.uy\/index.php\/wp-json\/wp\/v2\/product_brand?post=9531"},{"taxonomy":"product_cat","embeddable":true,"href":"https:\/\/varietieseym.com.uy\/index.php\/wp-json\/wp\/v2\/product_cat?post=9531"},{"taxonomy":"product_tag","embeddable":true,"href":"https:\/\/varietieseym.com.uy\/index.php\/wp-json\/wp\/v2\/product_tag?post=9531"}],"curies":[{"name":"wp","href":"https:\/\/api.w.org\/{rel}","templated":true}]}}

Mini Lámpara Uv De Uñas Portátil Linterna Para Gel

<p><span class="a-list-item">★★Material: ABS; Detalles de las tallas: L: 10,3 cm, ancho: 1,9 cm, altura: 1,9 cm (aprox. Secado rápido y eficiente con longitudes de onda UV.</span></p>
<p><span class="a-list-item">★★El haz enfocado proporciona una iluminación precisa y específica, asegurando que cada uña se seque uniformemente. Nuestro diseño de carga USB fácil de usar ofrece múltiples opciones de alimentación, por lo que es cómodo de usar en cualquier lugar.</span></p>
<p><span class="a-list-item">★★Opciones de carga flexibles para un uso cómodo en casa o en el salón. Diseño ligero para una fácil portabilidad y almacenamiento. Iluminación precisa y específica con haz enfocado. </span></p>
<p><span class="a-list-item">★★Con su diseño ligero, es fácil de transportar y almacenar, por lo que es ideal tanto para uso doméstico como en salón. Las longitudes de onda UV garantizan un proceso de secado rápido, ahorrando tiempo y permitiéndote disfrutar de tus hermosas uñas antes.</span></p>
<p>&nbsp;</p>

<p>★★Material: ABS; Detalles de las tallas: L: 10,3 cm, ancho: 1,9 cm, altura: 1,9 cm (aprox. Secado rápido y eficiente con longitudes de onda UV. ★★El haz enfocado proporciona una iluminación precisa y específica, asegurando que cada uña se seque uniformemente. Nuestro diseño de carga USB fácil de usar ofrece múltiples opciones de alimentación, por &hellip;</p>
<p class="read-more"> <a class="" href="https://varietieseym.com.uy/index.php/producto/mini-lampara-uv-de-unas-portatil-linterna-para-gel/"> <span class="screen-reader-text">Mini Lámpara Uv De Uñas Portátil Linterna Para Gel</span> Leer más &raquo;</a></p>

★★Material: ABS; Detalles de las tallas: L: 10,3 cm, ancho: 1,9 cm, altura: 1,9 cm (aprox. Secado rápido y eficiente con longitudes de onda UV. ★★El haz enfocado proporciona una iluminación precisa y específica, asegurando que cada uña se seque uniformemente. Nuestro diseño de carga USB fácil de usar ofrece múltiples opciones de alimentación, por&hellip;
