{"id":9977,"date":"2025-12-27T23:08:26","date_gmt":"2025-12-28T02:08:26","guid":{"rendered":"https:\/\/varietieseym.com.uy\/?post_type=product&#038;p=9977"},"modified":"2025-12-27T23:08:26","modified_gmt":"2025-12-28T02:08:26","slug":"henna-para-cejas-y-pestanas-rootana","status":"publish","type":"product","link":"https:\/\/varietieseym.com.uy\/index.php\/producto\/henna-para-cejas-y-pestanas-rootana\/","title":{"rendered":"Henna para cejas y pesta\u00f1as- Rootana"},"content":{"rendered":"<p><strong>COLOR NEGRO DISPONIBLE<\/strong><\/p>\n<p>\u2728 Consigue cejas y pesta\u00f1as perfectamente definidas con la Tinta Henna Rootana en color negro. Dise\u00f1ada para un acabado natural y de larga duraci\u00f3n, esta f\u00f3rmula profesional proporciona una pigmentaci\u00f3n intensa y uniforme, ideal para estilistas y uso personal.<\/p>\n<p>\ud83d\udc85<strong>\u00a0Caracter\u00edsticas:<\/strong><br \/>\n\u2714 Color negro de alta pigmentaci\u00f3n.<br \/>\n\u2714 F\u00f3rmula de larga duraci\u00f3n para un look impecable.<br \/>\n\u2714 Ideal para cejas y pesta\u00f1as.<br \/>\n\u2714 F\u00e1cil aplicaci\u00f3n y resultados profesionales.<br \/>\n\u2714 Apto para uso profesional y personal.<\/p>\n<p><strong>Contenido:<\/strong><\/p>\n<ul>\n<li style=\"list-style-type: none;\">\n<ul>\n<li>1 tubo de tinte 10ml.(marr\u00f3n)<\/li>\n<li>1 botella activador 10ml<\/li>\n<li>1 cepillo<\/li>\n<li>1 guantes de pl\u00e1stico<\/li>\n<li>3 plantillas para dise\u00f1o de cejas<\/li>\n<\/ul>\n<\/li>\n<\/ul>\n","protected":false},"excerpt":{"rendered":"<p>COLOR NEGRO DISPONIBLE \u2728 Consigue cejas y pesta\u00f1as perfectamente definidas con la Tinta Henna Rootana en color negro. Dise\u00f1ada para un acabado natural y de larga duraci\u00f3n, esta f\u00f3rmula profesional proporciona una pigmentaci\u00f3n intensa y uniforme, ideal para estilistas y uso personal. \ud83d\udc85\u00a0Caracter\u00edsticas: \u2714 Color negro de alta pigmentaci\u00f3n. \u2714 F\u00f3rmula de larga duraci\u00f3n para &hellip;<\/p>\n<p class=\"read-more\"> <a class=\"\" href=\"https:\/\/varietieseym.com.uy\/index.php\/producto\/henna-para-cejas-y-pestanas-rootana\/\"> <span class=\"screen-reader-text\">Henna para cejas y pesta\u00f1as- Rootana<\/span> Leer m\u00e1s &raquo;<\/a><\/p>\n","protected":false},"featured_media":9983,"template":"","meta":{"_uag_custom_page_level_css":"","site-sidebar-layout":"default","site-content-layout":"","ast-site-content-layout":"default","site-content-style":"default","site-sidebar-style":"default","ast-global-header-display":"","ast-banner-title-visibility":"","ast-main-header-display":"","ast-hfb-above-header-display":"","ast-hfb-below-header-display":"","ast-hfb-mobile-header-display":"","site-post-title":"","ast-breadcrumbs-content":"","ast-featured-img":"","footer-sml-layout":"","theme-transparent-header-meta":"default","adv-header-id-meta":"","stick-header-meta":"","header-above-stick-meta":"","header-main-stick-meta":"","header-below-stick-meta":"","astra-migrate-meta-layouts":"set","_joinchat":[]},"product_brand":[],"product_cat":[256,146,147],"product_tag":[],"class_list":{"0":"post-9977","1":"product","2":"type-product","3":"status-publish","4":"has-post-thumbnail","6":"product_cat-accesorios-pestanas","7":"product_cat-cejas","8":"product_cat-pestanas","9":"desktop-align-center","10":"tablet-align-left","11":"mobile-align-left","13":"first","14":"instock","15":"shipping-taxable","16":"purchasable","17":"product-type-simple"},"uagb_featured_image_src":{"full":["https:\/\/varietieseym.com.uy\/wp-content\/uploads\/2025\/12\/henna-rootana5.jpg",876,874,false],"thumbnail":["https:\/\/varietieseym.com.uy\/wp-content\/uploads\/2025\/12\/henna-rootana5-150x150.jpg",150,150,true],"medium":["https:\/\/varietieseym.com.uy\/wp-content\/uploads\/2025\/12\/henna-rootana5-300x300.jpg",300,300,true],"medium_large":["https:\/\/varietieseym.com.uy\/wp-content\/uploads\/2025\/12\/henna-rootana5-768x766.jpg",768,766,true],"large":["https:\/\/varietieseym.com.uy\/wp-content\/uploads\/2025\/12\/henna-rootana5.jpg",876,874,false],"1536x1536":["https:\/\/varietieseym.com.uy\/wp-content\/uploads\/2025\/12\/henna-rootana5.jpg",876,874,false],"2048x2048":["https:\/\/varietieseym.com.uy\/wp-content\/uploads\/2025\/12\/henna-rootana5.jpg",876,874,false],"woocommerce_thumbnail":["https:\/\/varietieseym.com.uy\/wp-content\/uploads\/2025\/12\/henna-rootana5-300x300.jpg",300,300,true],"woocommerce_single":["https:\/\/varietieseym.com.uy\/wp-content\/uploads\/2025\/12\/henna-rootana5-600x599.jpg",600,599,true],"woocommerce_gallery_thumbnail":["https:\/\/varietieseym.com.uy\/wp-content\/uploads\/2025\/12\/henna-rootana5-100x100.jpg",100,100,true]},"uagb_author_info":{"display_name":"Varietieseym","author_link":"https:\/\/varietieseym.com.uy\/index.php\/author\/"},"uagb_comment_info":0,"uagb_excerpt":"COLOR NEGRO DISPONIBLE \u2728 Consigue cejas y pesta\u00f1as perfectamente definidas con la Tinta Henna Rootana en color negro. Dise\u00f1ada para un acabado natural y de larga duraci\u00f3n, esta f\u00f3rmula profesional proporciona una pigmentaci\u00f3n intensa y uniforme, ideal para estilistas y uso personal. \ud83d\udc85\u00a0Caracter\u00edsticas: \u2714 Color negro de alta pigmentaci\u00f3n. \u2714 F\u00f3rmula de larga duraci\u00f3n para&hellip;","_links":{"self":[{"href":"https:\/\/varietieseym.com.uy\/index.php\/wp-json\/wp\/v2\/product\/9977","targetHints":{"allow":["GET"]}}],"collection":[{"href":"https:\/\/varietieseym.com.uy\/index.php\/wp-json\/wp\/v2\/product"}],"about":[{"href":"https:\/\/varietieseym.com.uy\/index.php\/wp-json\/wp\/v2\/types\/product"}],"wp:featuredmedia":[{"embeddable":true,"href":"https:\/\/varietieseym.com.uy\/index.php\/wp-json\/wp\/v2\/media\/9983"}],"wp:attachment":[{"href":"https:\/\/varietieseym.com.uy\/index.php\/wp-json\/wp\/v2\/media?parent=9977"}],"wp:term":[{"taxonomy":"product_brand","embeddable":true,"href":"https:\/\/varietieseym.com.uy\/index.php\/wp-json\/wp\/v2\/product_brand?post=9977"},{"taxonomy":"product_cat","embeddable":true,"href":"https:\/\/varietieseym.com.uy\/index.php\/wp-json\/wp\/v2\/product_cat?post=9977"},{"taxonomy":"product_tag","embeddable":true,"href":"https:\/\/varietieseym.com.uy\/index.php\/wp-json\/wp\/v2\/product_tag?post=9977"}],"curies":[{"name":"wp","href":"https:\/\/api.w.org\/{rel}","templated":true}]}}